{"id":141228,"date":"2017-05-12T18:44:03","date_gmt":"2017-05-12T18:44:03","guid":{"rendered":"https:\/\/www.delideli.zoner.dev\/tuote\/sitruunat\/"},"modified":"2026-05-04T16:05:55","modified_gmt":"2026-05-04T16:05:55","slug":"sitruunat","status":"publish","type":"product","link":"https:\/\/www.delideli.zoner.dev\/fin\/tuote\/sitruunat\/","title":{"rendered":"S\u00e4il\u00f6tyt sitruunat 190g"},"content":{"rendered":"<p>DeliDelin s\u00e4il\u00f6tyt sitruunat valmistetaan Egyptiss\u00e4 kasvaneista beldi-sitruunoista. Beldi lajikkeena tuottaa pieni\u00e4 ja py\u00f6reit\u00e4 sitruunoita, jotka ovat erityisen mehukkaista. Sitruunoiden v\u00e4ri on kauniin auringossa kypsyneen keltainen. Sitruunat ovat maultaan voimakkaita ja hedelm\u00e4isi\u00e4 ja sopivatkin t\u00e4ydellisesti s\u00e4il\u00f6nt\u00e4\u00e4n. Sitruunoiden maku on s\u00e4il\u00f6itynyt parhaiten sen kuoriin, joten maustaessa kannattaa raastaa niiden kuoriosa tai leikata kokonainen sitruuna ohuiksi viipaleiksi. V\u00e4limeren keitti\u00f6ss\u00e4 s\u00e4il\u00f6ttyj\u00e4 sitruunoita k\u00e4ytet\u00e4\u00e4n niin suolaisiin ruokiin kuin makeisiin leivonnaisiin.<\/p>\n","protected":false},"excerpt":{"rendered":"<p>Kokonaisina s\u00e4il\u00f6tyt sitruunat kuuluvat v\u00e4limerelliseen keitti\u00f6\u00f6n kiinte\u00e4n\u00e4 osana tuoreiden sitruunoiden kauden ulkopuolella. Suolaan ja veteen s\u00e4il\u00f6ttyj\u00e4 sitruunoita voi k\u00e4ytt\u00e4\u00e4 maustamaan monenlaisia ruokia, kuten kalaa ja kanaa. DeliDelin s\u00e4il\u00f6tyt sitruunat tulevat Egyptist\u00e4, jossa ne ovat saaneet kypsy\u00e4 auringon alla mehukkaiksi ja kauniin kultaisen keltaisiksi. K\u00e4yt\u00e4 sitruunoista etenkin niiden kuoriosa tai leikkaa ne kokonaisina ohuiksi viipaleiksi ja k\u00e4yt\u00e4 eri ruoissa!<\/p>\n","protected":false},"featured_media":141229,"comment_status":"open","ping_status":"open","template":"","meta":{"_acf_changed":false},"product_brand":[626],"product_cat":[677,763,676,701],"product_tag":[],"class_list":{"0":"post-141228","1":"product","2":"type-product","3":"status-publish","4":"has-post-thumbnail","6":"product_brand-delideli-herkkukauppa","7":"product_cat-ajankohtaisia","8":"product_cat-delidelin-tuotemerkki","9":"product_cat-suolaiset","10":"product_cat-vihannekset","11":"product_shipping_class-shipping-discount","12":"pa_alkuperamaa-ranska","14":"first","15":"outofstock","16":"taxable","17":"shipping-taxable","18":"purchasable","19":"product-type-simple","swatches":"rey-swatches","show_selected":""},"acf":[],"_links":{"self":[{"href":"https:\/\/www.delideli.zoner.dev\/fin\/wp-json\/wp\/v2\/product\/141228","targetHints":{"allow":["GET"]}}],"collection":[{"href":"https:\/\/www.delideli.zoner.dev\/fin\/wp-json\/wp\/v2\/product"}],"about":[{"href":"https:\/\/www.delideli.zoner.dev\/fin\/wp-json\/wp\/v2\/types\/product"}],"replies":[{"embeddable":true,"href":"https:\/\/www.delideli.zoner.dev\/fin\/wp-json\/wp\/v2\/comments?post=141228"}],"version-history":[{"count":0,"href":"https:\/\/www.delideli.zoner.dev\/fin\/wp-json\/wp\/v2\/product\/141228\/revisions"}],"wp:featuredmedia":[{"embeddable":true,"href":"https:\/\/www.delideli.zoner.dev\/fin\/wp-json\/wp\/v2\/media\/141229"}],"wp:attachment":[{"href":"https:\/\/www.delideli.zoner.dev\/fin\/wp-json\/wp\/v2\/media?parent=141228"}],"wp:term":[{"taxonomy":"product_brand","embeddable":true,"href":"https:\/\/www.delideli.zoner.dev\/fin\/wp-json\/wp\/v2\/product_brand?post=141228"},{"taxonomy":"product_cat","embeddable":true,"href":"https:\/\/www.delideli.zoner.dev\/fin\/wp-json\/wp\/v2\/product_cat?post=141228"},{"taxonomy":"product_tag","embeddable":true,"href":"https:\/\/www.delideli.zoner.dev\/fin\/wp-json\/wp\/v2\/product_tag?post=141228"}],"curies":[{"name":"wp","href":"https:\/\/api.w.org\/{rel}","templated":true}]}}