{"id":141248,"date":"2017-05-12T18:44:29","date_gmt":"2017-05-12T18:44:29","guid":{"rendered":"https:\/\/www.delideli.zoner.dev\/tuote\/ankanmaksa-bloc-lounais-ranska-2\/"},"modified":"2026-05-04T16:06:26","modified_gmt":"2026-05-04T16:06:26","slug":"ankanmaksa-bloc-lounais-ranska-2","status":"publish","type":"product","link":"https:\/\/www.delideli.zoner.dev\/fin\/tuote\/ankanmaksa-bloc-lounais-ranska-2\/","title":{"rendered":"Ankanmaksa -bloc, Lounais-Ranska 65g"},"content":{"rendered":"<p>La Maison Godardin 65 g ankanleverbloc \u2013 t\u00e4ydellinen koko parille tai alkupalaksi. Sama aito p\u00e9rigordilaisresepti kuin isommassa purkissa: foie gras emulsoidaan sile\u00e4ksi, maustetaan Portolla ja mausteilla. Tarjoile viile\u00e4n\u00e4 toasteilla.<\/p>\n","protected":false},"excerpt":{"rendered":"<p>Lounais-Ranskalainen ankanleverbloc \u2013 kahden hengen herkku P\u00e9rigordista.<\/p>\n","protected":false},"featured_media":139521,"comment_status":"open","ping_status":"open","template":"","meta":{"_acf_changed":false},"product_brand":[635],"product_cat":[697,676],"product_tag":[180,181],"class_list":{"0":"post-141248","1":"product","2":"type-product","3":"status-publish","4":"has-post-thumbnail","6":"product_brand-godard","7":"product_cat-foie-gras","8":"product_cat-suolaiset","9":"product_tag-foie-gras","10":"product_tag-godard","11":"product_shipping_class-shipping-discount","12":"pa_alkuperamaa-ranska","14":"first","15":"instock","16":"taxable","17":"shipping-taxable","18":"purchasable","19":"product-type-simple","swatches":"rey-swatches","show_selected":""},"acf":[],"_links":{"self":[{"href":"https:\/\/www.delideli.zoner.dev\/fin\/wp-json\/wp\/v2\/product\/141248","targetHints":{"allow":["GET"]}}],"collection":[{"href":"https:\/\/www.delideli.zoner.dev\/fin\/wp-json\/wp\/v2\/product"}],"about":[{"href":"https:\/\/www.delideli.zoner.dev\/fin\/wp-json\/wp\/v2\/types\/product"}],"replies":[{"embeddable":true,"href":"https:\/\/www.delideli.zoner.dev\/fin\/wp-json\/wp\/v2\/comments?post=141248"}],"version-history":[{"count":0,"href":"https:\/\/www.delideli.zoner.dev\/fin\/wp-json\/wp\/v2\/product\/141248\/revisions"}],"wp:featuredmedia":[{"embeddable":true,"href":"https:\/\/www.delideli.zoner.dev\/fin\/wp-json\/wp\/v2\/media\/139521"}],"wp:attachment":[{"href":"https:\/\/www.delideli.zoner.dev\/fin\/wp-json\/wp\/v2\/media?parent=141248"}],"wp:term":[{"taxonomy":"product_brand","embeddable":true,"href":"https:\/\/www.delideli.zoner.dev\/fin\/wp-json\/wp\/v2\/product_brand?post=141248"},{"taxonomy":"product_cat","embeddable":true,"href":"https:\/\/www.delideli.zoner.dev\/fin\/wp-json\/wp\/v2\/product_cat?post=141248"},{"taxonomy":"product_tag","embeddable":true,"href":"https:\/\/www.delideli.zoner.dev\/fin\/wp-json\/wp\/v2\/product_tag?post=141248"}],"curies":[{"name":"wp","href":"https:\/\/api.w.org\/{rel}","templated":true}]}}