{"id":141256,"date":"2017-05-12T18:44:33","date_gmt":"2017-05-12T18:44:33","guid":{"rendered":"https:\/\/www.delideli.zoner.dev\/tuote\/sardiinicreme-mausteena-whisky\/"},"modified":"2026-05-04T16:06:29","modified_gmt":"2026-05-04T16:06:29","slug":"sardiinicreme-mausteena-whisky","status":"publish","type":"product","link":"https:\/\/www.delideli.zoner.dev\/fin\/tuote\/sardiinicreme-mausteena-whisky\/","title":{"rendered":"Sardiinicreme -mausteena whisky 63g"},"content":{"rendered":"<p>Viskill\u00e4 maustetun sardiinitahnan valmistus aloitetaan uppopaistamalla sardiinit kokonaisina. Uppopaistamisen j\u00e4lkeen kaloista poistetaan ruodot ja nahka, ja kaloista k\u00e4ytet\u00e4\u00e4n vain lihaisa osuus. N\u00e4in tahnan koostumuksesta saadaan sile\u00e4 ja mausta autenttinen viskill\u00e4 korostettu. La belle-iloisen viskill\u00e4 maustettu sardiinitahna sis\u00e4lt\u00e4\u00e4 vain laadukkaita ja puhtaita raaka-aineita ilman turhia lis\u00e4- tai s\u00e4il\u00f6nt\u00e4aineita.<\/p>\n","protected":false},"excerpt":{"rendered":"<p>Un des grands classiques de la Conserverie la belle-iloise!<\/p>\n<p>Viskill\u00e4 maustettu sardiinitahna, \u201dCr\u00e8me de sardine au Whisky\u201d, on yksi valmistajansa suurimmista klassikoista ja ensimm\u00e4isist\u00e4 kalalevitteist\u00e4 jo vuodelta 1968. Aavistus viski\u00e4 tuo kalan omat aromit hienosti esiin ja tuo tahnalle karakt\u00e4\u00e4ri\u00e4. Kokeile leiv\u00e4ll\u00e4, voileip\u00e4keksill\u00e4 tai vaikka patongin t\u00e4ytteen\u00e4!<\/p>\n","protected":false},"featured_media":139533,"comment_status":"open","ping_status":"open","template":"","meta":{"_acf_changed":false},"product_brand":[632],"product_cat":[728,676],"product_tag":[],"class_list":{"0":"post-141256","1":"product","2":"type-product","3":"status-publish","4":"has-post-thumbnail","6":"product_brand-la-belle-iloise","7":"product_cat-kalatuotteet","8":"product_cat-suolaiset","9":"product_shipping_class-shipping-discount","10":"pa_alkuperamaa-ranska","12":"first","13":"instock","14":"taxable","15":"shipping-taxable","16":"purchasable","17":"product-type-simple","swatches":"rey-swatches","show_selected":""},"acf":[],"_links":{"self":[{"href":"https:\/\/www.delideli.zoner.dev\/fin\/wp-json\/wp\/v2\/product\/141256","targetHints":{"allow":["GET"]}}],"collection":[{"href":"https:\/\/www.delideli.zoner.dev\/fin\/wp-json\/wp\/v2\/product"}],"about":[{"href":"https:\/\/www.delideli.zoner.dev\/fin\/wp-json\/wp\/v2\/types\/product"}],"replies":[{"embeddable":true,"href":"https:\/\/www.delideli.zoner.dev\/fin\/wp-json\/wp\/v2\/comments?post=141256"}],"version-history":[{"count":0,"href":"https:\/\/www.delideli.zoner.dev\/fin\/wp-json\/wp\/v2\/product\/141256\/revisions"}],"wp:featuredmedia":[{"embeddable":true,"href":"https:\/\/www.delideli.zoner.dev\/fin\/wp-json\/wp\/v2\/media\/139533"}],"wp:attachment":[{"href":"https:\/\/www.delideli.zoner.dev\/fin\/wp-json\/wp\/v2\/media?parent=141256"}],"wp:term":[{"taxonomy":"product_brand","embeddable":true,"href":"https:\/\/www.delideli.zoner.dev\/fin\/wp-json\/wp\/v2\/product_brand?post=141256"},{"taxonomy":"product_cat","embeddable":true,"href":"https:\/\/www.delideli.zoner.dev\/fin\/wp-json\/wp\/v2\/product_cat?post=141256"},{"taxonomy":"product_tag","embeddable":true,"href":"https:\/\/www.delideli.zoner.dev\/fin\/wp-json\/wp\/v2\/product_tag?post=141256"}],"curies":[{"name":"wp","href":"https:\/\/api.w.org\/{rel}","templated":true}]}}