{"id":141351,"date":"2017-05-12T18:46:22","date_gmt":"2017-05-12T18:46:22","guid":{"rendered":"https:\/\/www.delideli.zoner.dev\/tuote\/balsamico-de-modena\/"},"modified":"2026-05-04T16:08:14","modified_gmt":"2026-05-04T16:08:14","slug":"balsamico-de-modena","status":"publish","type":"product","link":"https:\/\/www.delideli.zoner.dev\/fin\/tuote\/balsamico-de-modena\/","title":{"rendered":"Balsamico de Modena 250ml"},"content":{"rendered":"<p>DeliDelin Balsamico de Modena on aito Modenan alueella tuotettu balsamico. Balsamietikka valmistetaan Trebiano-ryp\u00e4leen viinist\u00e4 sek\u00e4 tiivisteeksi keitetyst\u00e4 ryp\u00e4lemehusta. Balsamicon maku onkin eritt\u00e4in aromaattinen ja pehme\u00e4.<br \/>\nSe sopii eritt\u00e4in hyvin yhteen oliivi\u00f6ljyn kanssa kaikenlaiseen maustamiseen v\u00e4limerellisen keitti\u00f6n tapaan. Balsamico de Modenan happopitoisuus on 6 %.<\/p>\n","protected":false},"excerpt":{"rendered":"<p>Balsamico de Modena on korkealaatuinen ja pehme\u00e4, aito modenalainen balsamico. Kokeile sit\u00e4 esimerkiksi lihojen maustamiseen sek\u00e4 vahvemmille juustoille, kuten parmesaanille. J\u00e4lkiruoista Balsamico de Modena maustaa niin mansikat kuin jopa vaniljaj\u00e4\u00e4tel\u00f6n!<\/p>\n","protected":false},"featured_media":139643,"comment_status":"open","ping_status":"open","template":"","meta":{"_acf_changed":false},"product_brand":[625],"product_cat":[730,678],"product_tag":[],"class_list":{"0":"post-141351","1":"product","2":"type-product","3":"status-publish","4":"has-post-thumbnail","6":"product_brand-delideli","7":"product_cat-balsamicot","8":"product_cat-oljyt-etikat","9":"product_shipping_class-shipping-discount","10":"pa_alkuperamaa-italia","12":"first","13":"instock","14":"taxable","15":"shipping-taxable","16":"purchasable","17":"product-type-simple","swatches":"rey-swatches","show_selected":""},"acf":[],"_links":{"self":[{"href":"https:\/\/www.delideli.zoner.dev\/fin\/wp-json\/wp\/v2\/product\/141351","targetHints":{"allow":["GET"]}}],"collection":[{"href":"https:\/\/www.delideli.zoner.dev\/fin\/wp-json\/wp\/v2\/product"}],"about":[{"href":"https:\/\/www.delideli.zoner.dev\/fin\/wp-json\/wp\/v2\/types\/product"}],"replies":[{"embeddable":true,"href":"https:\/\/www.delideli.zoner.dev\/fin\/wp-json\/wp\/v2\/comments?post=141351"}],"version-history":[{"count":0,"href":"https:\/\/www.delideli.zoner.dev\/fin\/wp-json\/wp\/v2\/product\/141351\/revisions"}],"wp:featuredmedia":[{"embeddable":true,"href":"https:\/\/www.delideli.zoner.dev\/fin\/wp-json\/wp\/v2\/media\/139643"}],"wp:attachment":[{"href":"https:\/\/www.delideli.zoner.dev\/fin\/wp-json\/wp\/v2\/media?parent=141351"}],"wp:term":[{"taxonomy":"product_brand","embeddable":true,"href":"https:\/\/www.delideli.zoner.dev\/fin\/wp-json\/wp\/v2\/product_brand?post=141351"},{"taxonomy":"product_cat","embeddable":true,"href":"https:\/\/www.delideli.zoner.dev\/fin\/wp-json\/wp\/v2\/product_cat?post=141351"},{"taxonomy":"product_tag","embeddable":true,"href":"https:\/\/www.delideli.zoner.dev\/fin\/wp-json\/wp\/v2\/product_tag?post=141351"}],"curies":[{"name":"wp","href":"https:\/\/api.w.org\/{rel}","templated":true}]}}