{"id":141354,"date":"2017-05-12T18:46:24","date_gmt":"2017-05-12T18:46:24","guid":{"rendered":"https:\/\/www.delideli.zoner.dev\/tuote\/valkoviinietikka\/"},"modified":"2026-05-04T16:08:14","modified_gmt":"2026-05-04T16:08:14","slug":"valkoviinietikka","status":"publish","type":"product","link":"https:\/\/www.delideli.zoner.dev\/fin\/tuote\/valkoviinietikka\/","title":{"rendered":"Valkoviinietikka 250ml"},"content":{"rendered":"<p>Kauniin v\u00e4rinen sek\u00e4 aromikas chardonnay-ryp\u00e4leist\u00e4 valmistettu valkoviinietikka sopii monenlaisiin kastikkeisiin, salaatinkastikkeisiin, marinadeihin sek\u00e4 keittoihin. Happamuutta leikkaa lis\u00e4tty ryp\u00e4lemehutiiviste, joka tuo valkoviinietikkaan py\u00f6reytt\u00e4 ja hedelm\u00e4isyytt\u00e4. Etikan happopitoisuus on 6 %. Tuote on valmistettu Ranskassa paikallisista ryp\u00e4leist\u00e4.<\/p>\n","protected":false},"excerpt":{"rendered":"<p>Joka keitti\u00f6n perustarvikkeisiin kuuluu laadukas valkoviinietikka. DeliDelin valkoviinietikka valmistetaan valkoviinietikasta sek\u00e4 chardonnay-ryp\u00e4leiden ryp\u00e4lemehutiivisteest\u00e4, joka tuo etikkaan pehme\u00e4n, hedelm\u00e4isen ja hennosti puisen aromin. Se sopii erityisen hyvin kalaruoille sek\u00e4 perinteiseen beurre blanc -kastikkeelle.<\/p>\n","protected":false},"featured_media":141355,"comment_status":"open","ping_status":"open","template":"","meta":{"_acf_changed":false},"product_brand":[625],"product_cat":[687,678],"product_tag":[],"class_list":{"0":"post-141354","1":"product","2":"type-product","3":"status-publish","4":"has-post-thumbnail","6":"product_brand-delideli","7":"product_cat-etikat","8":"product_cat-oljyt-etikat","9":"product_shipping_class-shipping-discount","10":"pa_alkuperamaa-ranska","12":"first","13":"instock","14":"taxable","15":"shipping-taxable","16":"purchasable","17":"product-type-simple","swatches":"rey-swatches","show_selected":""},"acf":[],"_links":{"self":[{"href":"https:\/\/www.delideli.zoner.dev\/fin\/wp-json\/wp\/v2\/product\/141354","targetHints":{"allow":["GET"]}}],"collection":[{"href":"https:\/\/www.delideli.zoner.dev\/fin\/wp-json\/wp\/v2\/product"}],"about":[{"href":"https:\/\/www.delideli.zoner.dev\/fin\/wp-json\/wp\/v2\/types\/product"}],"replies":[{"embeddable":true,"href":"https:\/\/www.delideli.zoner.dev\/fin\/wp-json\/wp\/v2\/comments?post=141354"}],"version-history":[{"count":0,"href":"https:\/\/www.delideli.zoner.dev\/fin\/wp-json\/wp\/v2\/product\/141354\/revisions"}],"wp:featuredmedia":[{"embeddable":true,"href":"https:\/\/www.delideli.zoner.dev\/fin\/wp-json\/wp\/v2\/media\/141355"}],"wp:attachment":[{"href":"https:\/\/www.delideli.zoner.dev\/fin\/wp-json\/wp\/v2\/media?parent=141354"}],"wp:term":[{"taxonomy":"product_brand","embeddable":true,"href":"https:\/\/www.delideli.zoner.dev\/fin\/wp-json\/wp\/v2\/product_brand?post=141354"},{"taxonomy":"product_cat","embeddable":true,"href":"https:\/\/www.delideli.zoner.dev\/fin\/wp-json\/wp\/v2\/product_cat?post=141354"},{"taxonomy":"product_tag","embeddable":true,"href":"https:\/\/www.delideli.zoner.dev\/fin\/wp-json\/wp\/v2\/product_tag?post=141354"}],"curies":[{"name":"wp","href":"https:\/\/api.w.org\/{rel}","templated":true}]}}