{"id":141356,"date":"2017-05-12T18:46:28","date_gmt":"2017-05-12T18:46:28","guid":{"rendered":"https:\/\/www.delideli.zoner.dev\/tuote\/ratatouille-luomu\/"},"modified":"2026-05-04T16:08:16","modified_gmt":"2026-05-04T16:08:16","slug":"ratatouille-luomu","status":"publish","type":"product","link":"https:\/\/www.delideli.zoner.dev\/fin\/tuote\/ratatouille-luomu\/","title":{"rendered":"Ratatouille, luomu 720 ml"},"content":{"rendered":"<p>Ranskalaisen Maison ProSainin valmis luomuratatouille valmistetaan auringon alla kypsyneist\u00e4 ja kasvaneista vihanneksista. Munakoisot ja kes\u00e4kurpitsat kasvatetaan avoimilla pelloilla Ranskassa ja ker\u00e4t\u00e4\u00e4n k\u00e4sin. Tomaattinen ratatouille on valmistettu perinteisen katalonialaisen reseptin mukaan, johon ei sis\u00e4lly keinotekoisia aromeja, lis\u00e4- tai s\u00e4il\u00f6nt\u00e4aineita.<br \/>\nRatatouille on valmis k\u00e4ytett\u00e4v\u00e4ksi sellaisenaan lisukkeena tai ruoanvalmistuksessa kastikkeen pohjana.<br \/>\nSuosittelemme s\u00e4ilytt\u00e4m\u00e4\u00e4n avaamisen j\u00e4lkeen j\u00e4\u00e4kaapissa ja k\u00e4ytt\u00e4\u00e4 sen nopeasti.<\/p>\n","protected":false},"excerpt":{"rendered":"<p>Maison ProSainin valmis ratatouille on helppo, maukas ja terveellinen keitti\u00f6n ruokakaapin perustuote. Puhtaista luomuraaka-aineista valmistettu ratatouille maistuu sellaisenaan l\u00e4mmitettyn\u00e4 monen ruoan lisukkeena. Voit k\u00e4ytt\u00e4\u00e4 sit\u00e4 my\u00f6s kastikepohjana esimerkiksi pizzalle, lasagnessa tai pastan kanssa!<\/p>\n","protected":false},"featured_media":141357,"comment_status":"open","ping_status":"open","template":"","meta":{"_acf_changed":false},"product_brand":[650],"product_cat":[677,696,699,676,748,701],"product_tag":[174],"class_list":{"0":"post-141356","1":"product","2":"type-product","3":"status-publish","4":"has-post-thumbnail","6":"product_brand-prosain","7":"product_cat-ajankohtaisia","8":"product_cat-ateriat","9":"product_cat-luomutuotteet","10":"product_cat-suolaiset","11":"product_cat-tomaatit-osasto","12":"product_cat-vihannekset","13":"product_tag-luomu","14":"product_shipping_class-shipping-discount","15":"pa_alkuperamaa-ranska","16":"pa_ruokavalio-luomu","18":"first","19":"instock","20":"taxable","21":"shipping-taxable","22":"purchasable","23":"product-type-simple","swatches":"rey-swatches","show_selected":""},"acf":[],"_links":{"self":[{"href":"https:\/\/www.delideli.zoner.dev\/fin\/wp-json\/wp\/v2\/product\/141356","targetHints":{"allow":["GET"]}}],"collection":[{"href":"https:\/\/www.delideli.zoner.dev\/fin\/wp-json\/wp\/v2\/product"}],"about":[{"href":"https:\/\/www.delideli.zoner.dev\/fin\/wp-json\/wp\/v2\/types\/product"}],"replies":[{"embeddable":true,"href":"https:\/\/www.delideli.zoner.dev\/fin\/wp-json\/wp\/v2\/comments?post=141356"}],"version-history":[{"count":0,"href":"https:\/\/www.delideli.zoner.dev\/fin\/wp-json\/wp\/v2\/product\/141356\/revisions"}],"wp:featuredmedia":[{"embeddable":true,"href":"https:\/\/www.delideli.zoner.dev\/fin\/wp-json\/wp\/v2\/media\/141357"}],"wp:attachment":[{"href":"https:\/\/www.delideli.zoner.dev\/fin\/wp-json\/wp\/v2\/media?parent=141356"}],"wp:term":[{"taxonomy":"product_brand","embeddable":true,"href":"https:\/\/www.delideli.zoner.dev\/fin\/wp-json\/wp\/v2\/product_brand?post=141356"},{"taxonomy":"product_cat","embeddable":true,"href":"https:\/\/www.delideli.zoner.dev\/fin\/wp-json\/wp\/v2\/product_cat?post=141356"},{"taxonomy":"product_tag","embeddable":true,"href":"https:\/\/www.delideli.zoner.dev\/fin\/wp-json\/wp\/v2\/product_tag?post=141356"}],"curies":[{"name":"wp","href":"https:\/\/api.w.org\/{rel}","templated":true}]}}