{"id":141367,"date":"2017-05-12T18:46:38","date_gmt":"2017-05-12T18:46:38","guid":{"rendered":"https:\/\/www.delideli.zoner.dev\/tuote\/sherryviinietikka-vinagre-gran-reserva-10v\/"},"modified":"2026-05-04T16:08:25","modified_gmt":"2026-05-04T16:08:25","slug":"sherryviinietikka-vinagre-gran-reserva-10v","status":"publish","type":"product","link":"https:\/\/www.delideli.zoner.dev\/fin\/tuote\/sherryviinietikka-vinagre-gran-reserva-10v\/","title":{"rendered":"Luomu sherryviinietikka Reserva 250ml"},"content":{"rendered":"<p>Tuotettu yksinomaan luomuryp\u00e4leist\u00e4 viinitarhoista niin sanotusta Sherry-kolmiosta. Vinagre de Jerezin alkuper\u00e4nimitykselle tyypillisi\u00e4 luomutuotantotekniikoita on k\u00e4ytetty koko prosessin ajan ryp\u00e4leiden tuotannosta ryp\u00e4lemehun k\u00e4ymiseen, viinin happamoitumiseen ja etikan vanhentamiseen.<\/p>\n<p>Miksi et pirskottelisi luomu reserva-etikkaamme paistettuje munien tai papujen p\u00e4\u00e4lle. Tai kokeile sit\u00e4 herkullisiin marinaadeihin valkosipulin, harmaasuolan, mustapippurin, neilikan ja paprikan kanssa. Se sopii my\u00f6s erityisen hyvin kevyen kalan escabecheen.<\/p>\n","protected":false},"excerpt":{"rendered":"<p>Tuotettu yksinomaan luomuryp\u00e4leist\u00e4 viinitarhoista niin sanotusta Sherry-kolmiosta. Vinagre de Jerezin alkuper\u00e4nimitykselle tyypillisi\u00e4 luomutuotantotekniikoita on k\u00e4ytetty koko prosessin ajan ryp\u00e4leiden tuotannosta ryp\u00e4lemehun k\u00e4ymiseen, viinin happamoitumiseen ja etikan vanhentamiseen.<\/p>\n","protected":false},"featured_media":139655,"comment_status":"open","ping_status":"open","template":"","meta":{"_acf_changed":false},"product_brand":[617],"product_cat":[677,699,678,765],"product_tag":[174],"class_list":{"0":"post-141367","1":"product","2":"type-product","3":"status-publish","4":"has-post-thumbnail","6":"product_brand-barbadillo","7":"product_cat-ajankohtaisia","8":"product_cat-luomutuotteet","9":"product_cat-oljyt-etikat","10":"product_cat-sherryetikat","11":"product_tag-luomu","12":"product_shipping_class-shipping-discount","13":"pa_alkuperamaa-espanja","14":"pa_ruokavalio-laktoositon","15":"pa_ruokavalio-luomu","16":"pa_ruokavalio-vegaanituote","18":"first","19":"instock","20":"taxable","21":"shipping-taxable","22":"purchasable","23":"product-type-simple","swatches":"rey-swatches","show_selected":""},"acf":[],"_links":{"self":[{"href":"https:\/\/www.delideli.zoner.dev\/fin\/wp-json\/wp\/v2\/product\/141367","targetHints":{"allow":["GET"]}}],"collection":[{"href":"https:\/\/www.delideli.zoner.dev\/fin\/wp-json\/wp\/v2\/product"}],"about":[{"href":"https:\/\/www.delideli.zoner.dev\/fin\/wp-json\/wp\/v2\/types\/product"}],"replies":[{"embeddable":true,"href":"https:\/\/www.delideli.zoner.dev\/fin\/wp-json\/wp\/v2\/comments?post=141367"}],"version-history":[{"count":0,"href":"https:\/\/www.delideli.zoner.dev\/fin\/wp-json\/wp\/v2\/product\/141367\/revisions"}],"wp:featuredmedia":[{"embeddable":true,"href":"https:\/\/www.delideli.zoner.dev\/fin\/wp-json\/wp\/v2\/media\/139655"}],"wp:attachment":[{"href":"https:\/\/www.delideli.zoner.dev\/fin\/wp-json\/wp\/v2\/media?parent=141367"}],"wp:term":[{"taxonomy":"product_brand","embeddable":true,"href":"https:\/\/www.delideli.zoner.dev\/fin\/wp-json\/wp\/v2\/product_brand?post=141367"},{"taxonomy":"product_cat","embeddable":true,"href":"https:\/\/www.delideli.zoner.dev\/fin\/wp-json\/wp\/v2\/product_cat?post=141367"},{"taxonomy":"product_tag","embeddable":true,"href":"https:\/\/www.delideli.zoner.dev\/fin\/wp-json\/wp\/v2\/product_tag?post=141367"}],"curies":[{"name":"wp","href":"https:\/\/api.w.org\/{rel}","templated":true}]}}