{"id":141370,"date":"2017-05-12T18:46:45","date_gmt":"2017-05-12T18:46:45","guid":{"rendered":"https:\/\/www.delideli.zoner.dev\/tuote\/hanhirillette\/"},"modified":"2026-05-04T16:08:26","modified_gmt":"2026-05-04T16:08:26","slug":"hanhirillette","status":"publish","type":"product","link":"https:\/\/www.delideli.zoner.dev\/fin\/tuote\/hanhirillette\/","title":{"rendered":"Hanhirillette 65g"},"content":{"rendered":"<p>T\u00e4m\u00e4 runsas ja suussasulava hanhirillette on parhaimmillaan vaalean, viel\u00e4 l\u00e4mpim\u00e4n leiv\u00e4npalan p\u00e4\u00e4ll\u00e4. Yhdess\u00e4 tuoreen maalaisleiv\u00e4n kanssa hanhirillette on yksinkertaisesti hurmaava makuel\u00e4mys! Rillettess\u00e4 on k\u00e4ytetty ainoastaan puhtaita ja autenttisia raaka-aineita eik\u00e4 lainkaan lis\u00e4- tai s\u00e4il\u00f6nt\u00e4aineita.<\/p>\n","protected":false},"excerpt":{"rendered":"<p>La Maison Godardin hanhirillette on korkealaatuinen ja aito ranskalainen hanhenlihasta valmistettu rillette eli levitett\u00e4v\u00e4 patee-tyyppinen s\u00e4ilyke. Herkuttele viel\u00e4 l\u00e4mpim\u00e4n paahtoleiv\u00e4n tai maalaisleiv\u00e4n siivun p\u00e4\u00e4ll\u00e4!<\/p>\n","protected":false},"featured_media":139661,"comment_status":"open","ping_status":"open","template":"","meta":{"_acf_changed":false},"product_brand":[635],"product_cat":[729,676],"product_tag":[181],"class_list":{"0":"post-141370","1":"product","2":"type-product","3":"status-publish","4":"has-post-thumbnail","6":"product_brand-godard","7":"product_cat-lihatuotteet","8":"product_cat-suolaiset","9":"product_tag-godard","10":"product_shipping_class-shipping-discount","11":"pa_alkuperamaa-ranska","13":"first","14":"instock","15":"taxable","16":"shipping-taxable","17":"purchasable","18":"product-type-simple","swatches":"rey-swatches","show_selected":""},"acf":[],"_links":{"self":[{"href":"https:\/\/www.delideli.zoner.dev\/fin\/wp-json\/wp\/v2\/product\/141370","targetHints":{"allow":["GET"]}}],"collection":[{"href":"https:\/\/www.delideli.zoner.dev\/fin\/wp-json\/wp\/v2\/product"}],"about":[{"href":"https:\/\/www.delideli.zoner.dev\/fin\/wp-json\/wp\/v2\/types\/product"}],"replies":[{"embeddable":true,"href":"https:\/\/www.delideli.zoner.dev\/fin\/wp-json\/wp\/v2\/comments?post=141370"}],"version-history":[{"count":0,"href":"https:\/\/www.delideli.zoner.dev\/fin\/wp-json\/wp\/v2\/product\/141370\/revisions"}],"wp:featuredmedia":[{"embeddable":true,"href":"https:\/\/www.delideli.zoner.dev\/fin\/wp-json\/wp\/v2\/media\/139661"}],"wp:attachment":[{"href":"https:\/\/www.delideli.zoner.dev\/fin\/wp-json\/wp\/v2\/media?parent=141370"}],"wp:term":[{"taxonomy":"product_brand","embeddable":true,"href":"https:\/\/www.delideli.zoner.dev\/fin\/wp-json\/wp\/v2\/product_brand?post=141370"},{"taxonomy":"product_cat","embeddable":true,"href":"https:\/\/www.delideli.zoner.dev\/fin\/wp-json\/wp\/v2\/product_cat?post=141370"},{"taxonomy":"product_tag","embeddable":true,"href":"https:\/\/www.delideli.zoner.dev\/fin\/wp-json\/wp\/v2\/product_tag?post=141370"}],"curies":[{"name":"wp","href":"https:\/\/api.w.org\/{rel}","templated":true}]}}