{"id":141440,"date":"2018-04-06T19:07:12","date_gmt":"2018-04-06T19:07:12","guid":{"rendered":"https:\/\/www.delideli.zoner.dev\/tuote\/vadelmaviinietikka-alziari-200-ml\/"},"modified":"2026-05-04T16:09:52","modified_gmt":"2026-05-04T16:09:52","slug":"vadelmaviinietikka-alziari-200-ml","status":"publish","type":"product","link":"https:\/\/www.delideli.zoner.dev\/fin\/tuote\/vadelmaviinietikka-alziari-200-ml\/","title":{"rendered":"Vadelmaviinietikka, La Maison Alziari 200 ml"},"content":{"rendered":"<p>T\u00e4m\u00e4 laadukas vadelmaviinietikka on kypsytetty tammitynnyreiss\u00e4, ja sen ainutlaatuinen, runsas aromi saadaan hitaasti uuttamalla. La Maison Alziairin vadelmaviinietikka sis\u00e4lt\u00e4\u00e4 jopa 40 % aitoa vadelmaa ja sen happopitoisuus on 8 %. Se sopii erityisen hyvin hanhen- ja ankanmaksalle, naudan maksalle sek\u00e4 ankankoiville. Vadelmaviinietikalla viimeistelet my\u00f6s monet erityyppiset liharuoat.<\/p>\n","protected":false},"excerpt":{"rendered":"<p>La Maison Alziarin vadelmaviinietikka on raikas ja hedelm\u00e4inen maustaja lihalle, maksalle ja siipikarjalle. Kokeile sit\u00e4 my\u00f6s yhdess\u00e4 hasselp\u00e4hkin\u00e4-, saksanp\u00e4hkin\u00e4-, pistaasip\u00e4hkin\u00e4- tai manteli\u00f6ljyjen kanssa ja saat luotua tyrm\u00e4\u00e4v\u00e4n hyvi\u00e4 makuyhdistelmi\u00e4!<\/p>\n","protected":false},"featured_media":139746,"comment_status":"open","ping_status":"open","template":"","meta":{"_acf_changed":false},"product_brand":[634],"product_cat":[687,678],"product_tag":[185],"class_list":{"0":"post-141440","1":"product","2":"type-product","3":"status-publish","4":"has-post-thumbnail","6":"product_brand-alziari","7":"product_cat-etikat","8":"product_cat-oljyt-etikat","9":"product_tag-alziari","10":"product_shipping_class-shipping-discount","11":"pa_alkuperamaa-ranska","13":"first","14":"instock","15":"taxable","16":"shipping-taxable","17":"purchasable","18":"product-type-simple","swatches":"rey-swatches","show_selected":""},"acf":[],"_links":{"self":[{"href":"https:\/\/www.delideli.zoner.dev\/fin\/wp-json\/wp\/v2\/product\/141440","targetHints":{"allow":["GET"]}}],"collection":[{"href":"https:\/\/www.delideli.zoner.dev\/fin\/wp-json\/wp\/v2\/product"}],"about":[{"href":"https:\/\/www.delideli.zoner.dev\/fin\/wp-json\/wp\/v2\/types\/product"}],"replies":[{"embeddable":true,"href":"https:\/\/www.delideli.zoner.dev\/fin\/wp-json\/wp\/v2\/comments?post=141440"}],"version-history":[{"count":0,"href":"https:\/\/www.delideli.zoner.dev\/fin\/wp-json\/wp\/v2\/product\/141440\/revisions"}],"wp:featuredmedia":[{"embeddable":true,"href":"https:\/\/www.delideli.zoner.dev\/fin\/wp-json\/wp\/v2\/media\/139746"}],"wp:attachment":[{"href":"https:\/\/www.delideli.zoner.dev\/fin\/wp-json\/wp\/v2\/media?parent=141440"}],"wp:term":[{"taxonomy":"product_brand","embeddable":true,"href":"https:\/\/www.delideli.zoner.dev\/fin\/wp-json\/wp\/v2\/product_brand?post=141440"},{"taxonomy":"product_cat","embeddable":true,"href":"https:\/\/www.delideli.zoner.dev\/fin\/wp-json\/wp\/v2\/product_cat?post=141440"},{"taxonomy":"product_tag","embeddable":true,"href":"https:\/\/www.delideli.zoner.dev\/fin\/wp-json\/wp\/v2\/product_tag?post=141440"}],"curies":[{"name":"wp","href":"https:\/\/api.w.org\/{rel}","templated":true}]}}