{"id":141450,"date":"2018-06-12T11:38:28","date_gmt":"2018-06-12T11:38:28","guid":{"rendered":"https:\/\/www.delideli.zoner.dev\/tuote\/age-old-seasoning-blue-label-vegan-100ml\/"},"modified":"2026-05-04T16:09:58","modified_gmt":"2026-05-04T16:09:58","slug":"age-old-seasoning-blue-label-vegan-100ml","status":"publish","type":"product","link":"https:\/\/www.delideli.zoner.dev\/fin\/tuote\/age-old-seasoning-blue-label-vegan-100ml\/","title":{"rendered":"Modenalainen tumma balsamikokastike, Blue Label, vegaaninen 100 ml"},"content":{"rendered":"<p>Vegaanista balsamicoa etsiville La Bonissiman Blue Label -modenalainen balsamikokastike on t\u00e4ydellinen l\u00f6yt\u00f6. Siin\u00e4 k\u00e4ytetyss\u00e4 viiniss\u00e4 ei ole valmistuksen aikana k\u00e4ytetty lainkaan albumiineja, el\u00e4in- tai kalaper\u00e4ist\u00e4 gelatiinia tai kaseiinia. Balsamico on my\u00f6s gluteeniton, eik\u00e4 se sis\u00e4ll\u00e4 sulfiitteja, lis\u00e4aineita tai v\u00e4riaineita. Balsamicon hienostunut v\u00e4ri ja tiivis koostumus on perua k\u00e4rsiv\u00e4llisest\u00e4 kypsytyksest\u00e4 tammitynnyreiss\u00e4. La Bonissiman balsamicot valmistaa modenalainen De Pietrin perheyritys, joka aloitti toimintansa jo 1900-luvun alussa.<\/p>\n","protected":false},"excerpt":{"rendered":"<p>Italialaisen La Bonissiman tumma balsamikokastike on korkealaatuinen tumma modenalainen balsamico ja t\u00e4ysin vegaaninen tuote. Se on saanut kypsy\u00e4 rauhassa tammitynnyreiss\u00e4, mik\u00e4 tuo sille sen omintakeisen v\u00e4rin ja koostumuksen. Blue Label -balsamicon maku on omaa luokkaansa.<\/p>\n","protected":false},"featured_media":139762,"comment_status":"open","ping_status":"open","template":"","meta":{"_acf_changed":false},"product_brand":[633],"product_cat":[730,678],"product_tag":[],"class_list":{"0":"post-141450","1":"product","2":"type-product","3":"status-publish","4":"has-post-thumbnail","6":"product_brand-la-bonissima","7":"product_cat-balsamicot","8":"product_cat-oljyt-etikat","9":"product_shipping_class-shipping-discount","10":"pa_alkuperamaa-italia","12":"first","13":"instock","14":"taxable","15":"shipping-taxable","16":"purchasable","17":"product-type-simple","swatches":"rey-swatches","show_selected":""},"acf":[],"_links":{"self":[{"href":"https:\/\/www.delideli.zoner.dev\/fin\/wp-json\/wp\/v2\/product\/141450","targetHints":{"allow":["GET"]}}],"collection":[{"href":"https:\/\/www.delideli.zoner.dev\/fin\/wp-json\/wp\/v2\/product"}],"about":[{"href":"https:\/\/www.delideli.zoner.dev\/fin\/wp-json\/wp\/v2\/types\/product"}],"replies":[{"embeddable":true,"href":"https:\/\/www.delideli.zoner.dev\/fin\/wp-json\/wp\/v2\/comments?post=141450"}],"version-history":[{"count":0,"href":"https:\/\/www.delideli.zoner.dev\/fin\/wp-json\/wp\/v2\/product\/141450\/revisions"}],"wp:featuredmedia":[{"embeddable":true,"href":"https:\/\/www.delideli.zoner.dev\/fin\/wp-json\/wp\/v2\/media\/139762"}],"wp:attachment":[{"href":"https:\/\/www.delideli.zoner.dev\/fin\/wp-json\/wp\/v2\/media?parent=141450"}],"wp:term":[{"taxonomy":"product_brand","embeddable":true,"href":"https:\/\/www.delideli.zoner.dev\/fin\/wp-json\/wp\/v2\/product_brand?post=141450"},{"taxonomy":"product_cat","embeddable":true,"href":"https:\/\/www.delideli.zoner.dev\/fin\/wp-json\/wp\/v2\/product_cat?post=141450"},{"taxonomy":"product_tag","embeddable":true,"href":"https:\/\/www.delideli.zoner.dev\/fin\/wp-json\/wp\/v2\/product_tag?post=141450"}],"curies":[{"name":"wp","href":"https:\/\/api.w.org\/{rel}","templated":true}]}}