{"id":141455,"date":"2018-09-10T07:31:23","date_gmt":"2018-09-10T07:31:23","guid":{"rendered":"https:\/\/www.delideli.zoner.dev\/tuote\/fromage-herkkukori\/"},"modified":"2026-05-04T16:10:00","modified_gmt":"2026-05-04T16:10:00","slug":"fromage-herkkukori","status":"publish","type":"product","link":"https:\/\/www.delideli.zoner.dev\/fin\/tuote\/fromage-herkkukori\/","title":{"rendered":"Herkkukori Fromage"},"content":{"rendered":"<p>Kaikki mit\u00e4 tarvitset juustojen seuraksi ja enemm\u00e4n. Varsinainen juustonyst\u00e4v\u00e4n lahja, mutta sopii my\u00f6s erinomaisesti tuliaislahjaksi ja asiakaslahjaksi. Herkulliset hillot, hyytel\u00f6t ja hunajat, p\u00e4hkin\u00e4t ja erikoisuus oliivin muruset sopivat maisteltaviksi erilaisten juustojen kanssa. Hauskaa aktiviteettia l\u00f6yt\u00e4\u00e4 parhaat yhdistelm\u00e4t yst\u00e4vien ja perheen kanssa.<\/p>\n<p>1628 \u2013 KORI musta py\u00f6re\u00e4 bambukori 23x8cm<br \/>\n6300 \u2013 DeliDeli saksanp\u00e4hkin\u00e4 kuorittu AOP Noix du P\u00e9rigord 150g<br \/>\n4886 \u2013 Valkoviini &#038; p\u00e4\u00e4ryn\u00e4hyytel\u00f6 Roquefort\/sinihomejuustolle 125g<br \/>\n4885 \u2013 Siideri-omena-calvadoshyytel\u00f6 Camembert \u2013 Pont-llEveque juustolle 125g<br \/>\n4892 \u2013 Viikuna &#038; saksanp\u00e4hkin\u00e4hillo 125g<br \/>\n1129 \u2013 Alziari Kuivatut mustan oliivin muruset<br \/>\n9233 \u2013 Italialainen kastanjahunaja 100g<br \/>\n9217 \u2013 Lehmuksenkukka hunaja 100 g<br \/>\n4879 \u2013 Musta kirsikka hillo 50g<br \/>\n4877 \u2013 Aprikoosihillo 50g<\/p>\n<p>*Mik\u00e4li joku tuote on loppunut varastosta, voimme vaihtaa sen toiseen vastaavaan.<\/p>\n","protected":false},"excerpt":{"rendered":"<p>Kaikki mit\u00e4 tarvitset juustojen seuraksi ja enemm\u00e4n. Varsinainen juustonyst\u00e4v\u00e4n lahja, mutta sopii my\u00f6s erinomaisesti tuliaislahjaksi ja asiakaslahjaksi. Herkulliset hillot, hyytel\u00f6t ja hunajat, p\u00e4hkin\u00e4t ja erikoisuus oliivin muruset sopivat maisteltaviksi erilaisten juustojen kanssa. Hauskaa aktiviteettia l\u00f6yt\u00e4\u00e4 parhaat yhdistelm\u00e4t yst\u00e4vien ja perheen kanssa.<\/p>\n<p>1628 \u2013 KORI musta py\u00f6re\u00e4 bambukori 23x8cm<br \/>\n6300 \u2013 DeliDeli saksanp\u00e4hkin\u00e4 kuorittu AOP Noix du P\u00e9rigord 150g<br \/>\n4886 \u2013 Valkoviini &#038; p\u00e4\u00e4ryn\u00e4hyytel\u00f6 Roquefort\/sinihomejuustolle 125g<br \/>\n4885 \u2013 Siideri-omena-calvadoshyytel\u00f6 Camembert \u2013 Pont-llEveque juustolle 125g<br \/>\n4892 \u2013 Viikuna &#038; saksanp\u00e4hkin\u00e4hillo 125g<br \/>\n1129 \u2013 Alziari Kuivatut mustan oliivin muruset<br \/>\n9233 \u2013 Italialainen kastanjahunaja 100g<br \/>\n9217 \u2013 Lehmuksenkukka hunaja 100 g<br \/>\n4879 \u2013 Musta kirsikka hillo 50g<br \/>\n4877 \u2013 Aprikoosihillo 50g<\/p>\n<p>*Mik\u00e4li joku tuote on loppunut varastosta, voimme vaihtaa sen toiseen vastaavaan.<\/p>\n","protected":false},"featured_media":139772,"comment_status":"open","ping_status":"open","template":"","meta":{"_acf_changed":false},"product_brand":[625],"product_cat":[684,727],"product_tag":[192,194,182],"class_list":{"0":"post-141455","1":"product","2":"type-product","3":"status-publish","4":"has-post-thumbnail","6":"product_brand-delideli","7":"product_cat-herkkukorit","8":"product_cat-lahjaksi","9":"product_tag-herkkukori","10":"product_tag-juusto","11":"product_tag-lahja","12":"product_shipping_class-shipping-discount","13":"pa_alkuperamaa-ranska","15":"first","16":"instock","17":"taxable","18":"shipping-taxable","19":"purchasable","20":"product-type-simple","swatches":"rey-swatches","show_selected":""},"acf":[],"_links":{"self":[{"href":"https:\/\/www.delideli.zoner.dev\/fin\/wp-json\/wp\/v2\/product\/141455","targetHints":{"allow":["GET"]}}],"collection":[{"href":"https:\/\/www.delideli.zoner.dev\/fin\/wp-json\/wp\/v2\/product"}],"about":[{"href":"https:\/\/www.delideli.zoner.dev\/fin\/wp-json\/wp\/v2\/types\/product"}],"replies":[{"embeddable":true,"href":"https:\/\/www.delideli.zoner.dev\/fin\/wp-json\/wp\/v2\/comments?post=141455"}],"version-history":[{"count":0,"href":"https:\/\/www.delideli.zoner.dev\/fin\/wp-json\/wp\/v2\/product\/141455\/revisions"}],"wp:featuredmedia":[{"embeddable":true,"href":"https:\/\/www.delideli.zoner.dev\/fin\/wp-json\/wp\/v2\/media\/139772"}],"wp:attachment":[{"href":"https:\/\/www.delideli.zoner.dev\/fin\/wp-json\/wp\/v2\/media?parent=141455"}],"wp:term":[{"taxonomy":"product_brand","embeddable":true,"href":"https:\/\/www.delideli.zoner.dev\/fin\/wp-json\/wp\/v2\/product_brand?post=141455"},{"taxonomy":"product_cat","embeddable":true,"href":"https:\/\/www.delideli.zoner.dev\/fin\/wp-json\/wp\/v2\/product_cat?post=141455"},{"taxonomy":"product_tag","embeddable":true,"href":"https:\/\/www.delideli.zoner.dev\/fin\/wp-json\/wp\/v2\/product_tag?post=141455"}],"curies":[{"name":"wp","href":"https:\/\/api.w.org\/{rel}","templated":true}]}}