{"id":141459,"date":"2018-10-09T12:53:39","date_gmt":"2018-10-09T12:53:39","guid":{"rendered":"https:\/\/www.delideli.zoner.dev\/tuote\/tryffelisuola-50g\/"},"modified":"2026-05-04T16:10:03","modified_gmt":"2026-05-04T16:10:03","slug":"tryffelisuola-50g","status":"publish","type":"product","link":"https:\/\/www.delideli.zoner.dev\/fin\/tuote\/tryffelisuola-50g\/","title":{"rendered":"Tryffelisuola 50g"},"content":{"rendered":"<p>Maison P\u00e9beyren tryffelisuola on maustettu aidolla kes\u00e4tryffelill\u00e4, joka tuo tryffelin t\u00e4ytel\u00e4isen aromin moneen eri ruokaan. Pid\u00e4 purkki vain keitti\u00f6ss\u00e4 k\u00e4tesi ulottuvilla ja ripottele tryffelisuola valmistuvan aterian p\u00e4\u00e4lle. Kokeile pastoissa, liharuoissa, risotoissa sek\u00e4 perunamuusin maustajana!<\/p>\n","protected":false},"excerpt":{"rendered":"<p>Karkea tryffelisuola on ylellinen sormisuola, jolla viimeistelet esimerkiksi liharuoat, pastat sek\u00e4 omeletit. Tryffeleihin erikoistuneen ranskalaisen Maison P\u00e9beyren maustettu suola sis\u00e4lt\u00e4\u00e4 aitoa kes\u00e4tryffeli\u00e4, joka on yksi Euroopan arvostetuimmista tryffelilajikkeista. Kokeile ja ihastu!<\/p>\n","protected":false},"featured_media":139778,"comment_status":"open","ping_status":"open","template":"","meta":{"_acf_changed":false},"product_brand":[643],"product_cat":[682,676,717,714],"product_tag":[],"class_list":{"0":"post-141459","1":"product","2":"type-product","3":"status-publish","4":"has-post-thumbnail","6":"product_brand-maison-pebeyre","7":"product_cat-kuivatuotteet","8":"product_cat-suolaiset","9":"product_cat-suolat","10":"product_cat-tryffeli","11":"product_shipping_class-shipping-discount","12":"pa_alkuperamaa-ranska","14":"first","15":"instock","16":"taxable","17":"shipping-taxable","18":"purchasable","19":"product-type-simple","swatches":"rey-swatches","show_selected":""},"acf":[],"_links":{"self":[{"href":"https:\/\/www.delideli.zoner.dev\/fin\/wp-json\/wp\/v2\/product\/141459","targetHints":{"allow":["GET"]}}],"collection":[{"href":"https:\/\/www.delideli.zoner.dev\/fin\/wp-json\/wp\/v2\/product"}],"about":[{"href":"https:\/\/www.delideli.zoner.dev\/fin\/wp-json\/wp\/v2\/types\/product"}],"replies":[{"embeddable":true,"href":"https:\/\/www.delideli.zoner.dev\/fin\/wp-json\/wp\/v2\/comments?post=141459"}],"version-history":[{"count":0,"href":"https:\/\/www.delideli.zoner.dev\/fin\/wp-json\/wp\/v2\/product\/141459\/revisions"}],"wp:featuredmedia":[{"embeddable":true,"href":"https:\/\/www.delideli.zoner.dev\/fin\/wp-json\/wp\/v2\/media\/139778"}],"wp:attachment":[{"href":"https:\/\/www.delideli.zoner.dev\/fin\/wp-json\/wp\/v2\/media?parent=141459"}],"wp:term":[{"taxonomy":"product_brand","embeddable":true,"href":"https:\/\/www.delideli.zoner.dev\/fin\/wp-json\/wp\/v2\/product_brand?post=141459"},{"taxonomy":"product_cat","embeddable":true,"href":"https:\/\/www.delideli.zoner.dev\/fin\/wp-json\/wp\/v2\/product_cat?post=141459"},{"taxonomy":"product_tag","embeddable":true,"href":"https:\/\/www.delideli.zoner.dev\/fin\/wp-json\/wp\/v2\/product_tag?post=141459"}],"curies":[{"name":"wp","href":"https:\/\/api.w.org\/{rel}","templated":true}]}}