{"id":141461,"date":"2018-11-08T17:58:49","date_gmt":"2018-11-08T17:58:49","guid":{"rendered":"https:\/\/www.delideli.zoner.dev\/tuote\/laventelihunaja-150g\/"},"modified":"2026-05-04T16:10:03","modified_gmt":"2026-05-04T16:10:03","slug":"laventelihunaja-150g","status":"publish","type":"product","link":"https:\/\/www.delideli.zoner.dev\/fin\/tuote\/laventelihunaja-150g\/","title":{"rendered":"Laventelihunaja 150g"},"content":{"rendered":"<p>Laventelihunaja ker\u00e4t\u00e4\u00e4n mehil\u00e4isilt\u00e4, jotka p\u00f6lytt\u00e4v\u00e4t Provencessa sijaitsevia laventelipeltoja. Laventelinkukka on hyvin herkk\u00e4 etel\u00e4n kuivuudelle ja joskus armottomasti puhaltaville kev\u00e4\u00e4n mistraali-tuulille, mik\u00e4 tekee laventelihunajasta hyvin rajoitetusti saatavan. Mutta sit\u00e4kin arvostetumman herkun. Laventelihunajan kukkainen, herkk\u00e4 ja moniulotteinen maku sopii moneen ranskalaiseen j\u00e4lkiruokaan, kuten hunajalla maustettuun kermavaahtoon, madeleine-leivoksien kanssa nautittavaksi tai baba-kakun kostuttavaan siirappiin.<\/p>\n","protected":false},"excerpt":{"rendered":"<p>Tr\u00e8s parfum\u00e9, d\u00e9licat et savoureux!<br \/>\nAito provencelainen laventelihunaja on eritt\u00e4in aromaattinen ja arvostettu hunaja. Laventelihunaja saa kukkaisen ja herk\u00e4n makunsa ja tuoksunsa laventelikukkia p\u00f6lytt\u00e4vilt\u00e4 mehil\u00e4isilt\u00e4. Kokeile erilaisissa j\u00e4lkiruoissa tai jopa porsaan ribsien glaseerauksessa!<\/p>\n","protected":false},"featured_media":139782,"comment_status":"open","ping_status":"open","template":"","meta":{"_acf_changed":false},"product_brand":[625],"product_cat":[711,681],"product_tag":[],"class_list":{"0":"post-141461","1":"product","2":"type-product","3":"status-publish","4":"has-post-thumbnail","6":"product_brand-delideli","7":"product_cat-hunajat","8":"product_cat-marjat-hedelmat","9":"product_shipping_class-shipping-discount","10":"pa_alkuperamaa-ranska","12":"first","13":"instock","14":"taxable","15":"shipping-taxable","16":"purchasable","17":"product-type-simple","swatches":"rey-swatches","show_selected":""},"acf":[],"_links":{"self":[{"href":"https:\/\/www.delideli.zoner.dev\/fin\/wp-json\/wp\/v2\/product\/141461","targetHints":{"allow":["GET"]}}],"collection":[{"href":"https:\/\/www.delideli.zoner.dev\/fin\/wp-json\/wp\/v2\/product"}],"about":[{"href":"https:\/\/www.delideli.zoner.dev\/fin\/wp-json\/wp\/v2\/types\/product"}],"replies":[{"embeddable":true,"href":"https:\/\/www.delideli.zoner.dev\/fin\/wp-json\/wp\/v2\/comments?post=141461"}],"version-history":[{"count":0,"href":"https:\/\/www.delideli.zoner.dev\/fin\/wp-json\/wp\/v2\/product\/141461\/revisions"}],"wp:featuredmedia":[{"embeddable":true,"href":"https:\/\/www.delideli.zoner.dev\/fin\/wp-json\/wp\/v2\/media\/139782"}],"wp:attachment":[{"href":"https:\/\/www.delideli.zoner.dev\/fin\/wp-json\/wp\/v2\/media?parent=141461"}],"wp:term":[{"taxonomy":"product_brand","embeddable":true,"href":"https:\/\/www.delideli.zoner.dev\/fin\/wp-json\/wp\/v2\/product_brand?post=141461"},{"taxonomy":"product_cat","embeddable":true,"href":"https:\/\/www.delideli.zoner.dev\/fin\/wp-json\/wp\/v2\/product_cat?post=141461"},{"taxonomy":"product_tag","embeddable":true,"href":"https:\/\/www.delideli.zoner.dev\/fin\/wp-json\/wp\/v2\/product_tag?post=141461"}],"curies":[{"name":"wp","href":"https:\/\/api.w.org\/{rel}","templated":true}]}}