{"id":141469,"date":"2018-11-20T16:25:18","date_gmt":"2018-11-20T16:25:18","guid":{"rendered":"https:\/\/www.delideli.zoner.dev\/tuote\/enchaud\/"},"modified":"2026-05-04T16:10:12","modified_gmt":"2026-05-04T16:10:12","slug":"enchaud","status":"publish","type":"product","link":"https:\/\/www.delideli.zoner.dev\/fin\/tuote\/enchaud\/","title":{"rendered":"Enchaud-nyht\u00f6possu 450 g"},"content":{"rendered":"<p>Enchaud-nyhty\u00f6possu tarjoillaan yleens\u00e4 kylm\u00e4n\u00e4 sit\u00e4 ymp\u00e4r\u00f6iv\u00e4n hyytel\u00f6n kera. Nyht\u00f6possun perinteisen\u00e4 lisukkeena voi tarjoilla salaattia tai valkosipulilla h\u00f6ystettyj\u00e4 paistettuja perunoita.<\/p>\n","protected":false},"excerpt":{"rendered":"<p>La Maison Godardin Enchaud-nyht\u00f6possu on perinteisen reseptin mukaan valmistettua pitk\u00e4\u00e4n haudutettua porsaanfileett\u00e4. Liha on maustettu lis\u00e4ksi valkosipulilla, suolalla ja pippurilla. T\u00e4m\u00e4 nyht\u00f6possu on parhaimmillaan kylm\u00e4n\u00e4 ja helpoin leikata suoraan j\u00e4\u00e4kaapista otettuna.<\/p>\n","protected":false},"featured_media":139792,"comment_status":"open","ping_status":"open","template":"","meta":{"_acf_changed":false},"product_brand":[635],"product_cat":[696,729,676],"product_tag":[181],"class_list":{"0":"post-141469","1":"product","2":"type-product","3":"status-publish","4":"has-post-thumbnail","6":"product_brand-godard","7":"product_cat-ateriat","8":"product_cat-lihatuotteet","9":"product_cat-suolaiset","10":"product_tag-godard","11":"product_shipping_class-shipping-discount","12":"pa_alkuperamaa-ranska","14":"first","15":"instock","16":"taxable","17":"shipping-taxable","18":"purchasable","19":"product-type-simple","swatches":"rey-swatches","show_selected":""},"acf":[],"_links":{"self":[{"href":"https:\/\/www.delideli.zoner.dev\/fin\/wp-json\/wp\/v2\/product\/141469","targetHints":{"allow":["GET"]}}],"collection":[{"href":"https:\/\/www.delideli.zoner.dev\/fin\/wp-json\/wp\/v2\/product"}],"about":[{"href":"https:\/\/www.delideli.zoner.dev\/fin\/wp-json\/wp\/v2\/types\/product"}],"replies":[{"embeddable":true,"href":"https:\/\/www.delideli.zoner.dev\/fin\/wp-json\/wp\/v2\/comments?post=141469"}],"version-history":[{"count":0,"href":"https:\/\/www.delideli.zoner.dev\/fin\/wp-json\/wp\/v2\/product\/141469\/revisions"}],"wp:featuredmedia":[{"embeddable":true,"href":"https:\/\/www.delideli.zoner.dev\/fin\/wp-json\/wp\/v2\/media\/139792"}],"wp:attachment":[{"href":"https:\/\/www.delideli.zoner.dev\/fin\/wp-json\/wp\/v2\/media?parent=141469"}],"wp:term":[{"taxonomy":"product_brand","embeddable":true,"href":"https:\/\/www.delideli.zoner.dev\/fin\/wp-json\/wp\/v2\/product_brand?post=141469"},{"taxonomy":"product_cat","embeddable":true,"href":"https:\/\/www.delideli.zoner.dev\/fin\/wp-json\/wp\/v2\/product_cat?post=141469"},{"taxonomy":"product_tag","embeddable":true,"href":"https:\/\/www.delideli.zoner.dev\/fin\/wp-json\/wp\/v2\/product_tag?post=141469"}],"curies":[{"name":"wp","href":"https:\/\/api.w.org\/{rel}","templated":true}]}}