{"id":141480,"date":"2019-08-06T12:07:34","date_gmt":"2019-08-06T12:07:34","guid":{"rendered":"https:\/\/www.delideli.zoner.dev\/tuote\/luomukastike-pizzalle-340g\/"},"modified":"2026-05-04T16:10:16","modified_gmt":"2026-05-04T16:10:16","slug":"luomukastike-pizzalle-340g","status":"publish","type":"product","link":"https:\/\/www.delideli.zoner.dev\/fin\/tuote\/luomukastike-pizzalle-340g\/","title":{"rendered":"Tomaattikastike pizzalle, luomu 340 g"},"content":{"rendered":"<p>Kun haluat helposti aitoa italialaistyylist\u00e4 pizzaa omasta uunista suoraan p\u00f6yt\u00e4\u00e4n, k\u00e4yt\u00e4 Mariangela Prunotton valmista luomutomaattikastiketta pizzalle. Lis\u00e4\u00e4 vain oliivi\u00f6ljy\u00e4 makusi mukaan, etk\u00e4 tarvitse muuta t\u00e4ydellisen tomaattikastikkeen valmistukseen. Kastike on maustettu ripauksella mustapippuria ja oreganoa. Kastikkeessa ei ole k\u00e4ytetty lainkaan keinotekoisia aromeja, lis\u00e4- tai s\u00e4il\u00f6nt\u00e4aineita. Se sopii my\u00f6s vegaaniruokavalioon.<br \/>\nKastikkeessa k\u00e4ytetyt tomaatit on valmistettu 48 tunnin sis\u00e4ll\u00e4 sadonkorjuusta, jotta kaikki Piemonten tomaattien aromit saadaan parhaiten talteen ja pizzasi t\u00e4ytteeksi!<\/p>\n","protected":false},"excerpt":{"rendered":"<p>Italialaisen Mariangela Prunotton valmis tomaattikastike pizzalle on k\u00e4ytt\u00f6valmis, luomutomaateista valmistettu tomaattikastike aitoon italialaistyyliseen pizzaan. Kastike on tehty perinteisell\u00e4 reseptill\u00e4 ja vain parhaista, k\u00e4sin valituista l\u00e4hialueen raaka-aineista. Pizzan lis\u00e4ksi kokeile tomaattikastiketta my\u00f6s pastan kanssa!<\/p>\n","protected":false},"featured_media":139806,"comment_status":"open","ping_status":"open","template":"","meta":{"_acf_changed":false},"product_brand":[645],"product_cat":[677,688,699,755,676,734,748],"product_tag":[174],"class_list":{"0":"post-141480","1":"product","2":"type-product","3":"status-publish","4":"has-post-thumbnail","6":"product_brand-mariangela-prunotto","7":"product_cat-ajankohtaisia","8":"product_cat-kastikkeet","9":"product_cat-luomutuotteet","10":"product_cat-pizza-ainekset","11":"product_cat-suolaiset","12":"product_cat-teemat","13":"product_cat-tomaatit-osasto","14":"product_tag-luomu","15":"product_shipping_class-shipping-discount","16":"pa_alkuperamaa-italia","17":"pa_ruokavalio-luomu","18":"pa_ruokavalio-vegaanituote","20":"first","21":"instock","22":"taxable","23":"shipping-taxable","24":"purchasable","25":"product-type-simple","swatches":"rey-swatches","show_selected":""},"acf":[],"_links":{"self":[{"href":"https:\/\/www.delideli.zoner.dev\/fin\/wp-json\/wp\/v2\/product\/141480","targetHints":{"allow":["GET"]}}],"collection":[{"href":"https:\/\/www.delideli.zoner.dev\/fin\/wp-json\/wp\/v2\/product"}],"about":[{"href":"https:\/\/www.delideli.zoner.dev\/fin\/wp-json\/wp\/v2\/types\/product"}],"replies":[{"embeddable":true,"href":"https:\/\/www.delideli.zoner.dev\/fin\/wp-json\/wp\/v2\/comments?post=141480"}],"version-history":[{"count":0,"href":"https:\/\/www.delideli.zoner.dev\/fin\/wp-json\/wp\/v2\/product\/141480\/revisions"}],"wp:featuredmedia":[{"embeddable":true,"href":"https:\/\/www.delideli.zoner.dev\/fin\/wp-json\/wp\/v2\/media\/139806"}],"wp:attachment":[{"href":"https:\/\/www.delideli.zoner.dev\/fin\/wp-json\/wp\/v2\/media?parent=141480"}],"wp:term":[{"taxonomy":"product_brand","embeddable":true,"href":"https:\/\/www.delideli.zoner.dev\/fin\/wp-json\/wp\/v2\/product_brand?post=141480"},{"taxonomy":"product_cat","embeddable":true,"href":"https:\/\/www.delideli.zoner.dev\/fin\/wp-json\/wp\/v2\/product_cat?post=141480"},{"taxonomy":"product_tag","embeddable":true,"href":"https:\/\/www.delideli.zoner.dev\/fin\/wp-json\/wp\/v2\/product_tag?post=141480"}],"curies":[{"name":"wp","href":"https:\/\/api.w.org\/{rel}","templated":true}]}}