{"id":141481,"date":"2019-08-06T12:07:35","date_gmt":"2019-08-06T12:07:35","guid":{"rendered":"https:\/\/www.delideli.zoner.dev\/tuote\/kirsikat-siirapissa-320g\/"},"modified":"2026-05-04T16:10:16","modified_gmt":"2026-05-04T16:10:16","slug":"kirsikat-siirapissa-320g","status":"publish","type":"product","link":"https:\/\/www.delideli.zoner.dev\/fin\/tuote\/kirsikat-siirapissa-320g\/","title":{"rendered":"Kirsikat siirapissa 320g"},"content":{"rendered":"<p>Italialainen Mariangela Prunotto viljelee omat makeakirsikkansa (Prunus avium) perinteiden mukaan Alban, Langhen ja Roeron alueilla sijaitsevissa kirsikkatarhoissaan. Kirsikat poimitaan k\u00e4sin useana eri aikana satokaudella, jotta kaikki poimittavat kirsikat olisivat juuri t\u00e4ydellisen kypsi\u00e4. Ne my\u00f6s s\u00e4il\u00f6t\u00e4\u00e4n heti muutaman tunnin sis\u00e4ll\u00e4 poimimisesta perinteisen, iso\u00e4ideilt\u00e4 perityn reseptin mukaan.<br \/>\nN\u00e4in valmistuvat t\u00e4ydelliset kokonaisina s\u00e4il\u00f6tyt kirsikat, joissa on tallella kirsikoiden pehme\u00e4t ja makeat aromit. Kirsikat s\u00e4il\u00f6t\u00e4\u00e4n ainoastaan kevyeen ruokosokeriliemeen. Huolellinen ja viivyttelem\u00e4t\u00f6n s\u00e4il\u00f6nt\u00e4 takaa kirsikan tuoreiden ominaisuuksien s\u00e4ilymisen pitk\u00e4lle satokauden j\u00e4lkeenkin, jotta voisit nauttia kirsikota parhaimmillaan vaikka talven pimeimpin\u00e4 aikoina.<\/p>\n","protected":false},"excerpt":{"rendered":"<p>Italialaisen Mariangela Prunotton kokonaiset kirsikat siirapissa ovat kuin tuulahdus tuoreita kirsikoita satokauden ulkopuolellakin. Niiden tarkka korjuu ja s\u00e4il\u00f6nt\u00e4 takaavat kirsikoiden tuoreiden ominaisuuksien s\u00e4ilymisen. Tuoreet kirsikat s\u00e4il\u00f6t\u00e4\u00e4n vain muutaman tunnin sis\u00e4ll\u00e4 poimimisesya kevyeen sokeriliemeen, eik\u00e4 muuta tarvita. Kokeile sellaisenaan herkutteluun, j\u00e4\u00e4tel\u00f6n kanssa tai erilaisissa j\u00e4lkiruoissa. S\u00e4il\u00f6nt\u00e4liemest\u00e4 saat my\u00f6s loistavan ainesosan cocktaileille!<\/p>\n","protected":false},"featured_media":139808,"comment_status":"open","ping_status":"open","template":"","meta":{"_acf_changed":false},"product_brand":[645],"product_cat":[702,680,681,759],"product_tag":[],"class_list":{"0":"post-141481","1":"product","2":"type-product","3":"status-publish","4":"has-post-thumbnail","6":"product_brand-mariangela-prunotto","7":"product_cat-jalkiruuat","8":"product_cat-makeat","9":"product_cat-marjat-hedelmat","10":"product_cat-muut-marjat-hedelmat","11":"product_shipping_class-shipping-discount","12":"pa_alkuperamaa-italia","13":"pa_ruokavalio-vegaanituote","15":"first","16":"instock","17":"taxable","18":"shipping-taxable","19":"purchasable","20":"product-type-simple","swatches":"rey-swatches","show_selected":""},"acf":[],"_links":{"self":[{"href":"https:\/\/www.delideli.zoner.dev\/fin\/wp-json\/wp\/v2\/product\/141481","targetHints":{"allow":["GET"]}}],"collection":[{"href":"https:\/\/www.delideli.zoner.dev\/fin\/wp-json\/wp\/v2\/product"}],"about":[{"href":"https:\/\/www.delideli.zoner.dev\/fin\/wp-json\/wp\/v2\/types\/product"}],"replies":[{"embeddable":true,"href":"https:\/\/www.delideli.zoner.dev\/fin\/wp-json\/wp\/v2\/comments?post=141481"}],"version-history":[{"count":0,"href":"https:\/\/www.delideli.zoner.dev\/fin\/wp-json\/wp\/v2\/product\/141481\/revisions"}],"wp:featuredmedia":[{"embeddable":true,"href":"https:\/\/www.delideli.zoner.dev\/fin\/wp-json\/wp\/v2\/media\/139808"}],"wp:attachment":[{"href":"https:\/\/www.delideli.zoner.dev\/fin\/wp-json\/wp\/v2\/media?parent=141481"}],"wp:term":[{"taxonomy":"product_brand","embeddable":true,"href":"https:\/\/www.delideli.zoner.dev\/fin\/wp-json\/wp\/v2\/product_brand?post=141481"},{"taxonomy":"product_cat","embeddable":true,"href":"https:\/\/www.delideli.zoner.dev\/fin\/wp-json\/wp\/v2\/product_cat?post=141481"},{"taxonomy":"product_tag","embeddable":true,"href":"https:\/\/www.delideli.zoner.dev\/fin\/wp-json\/wp\/v2\/product_tag?post=141481"}],"curies":[{"name":"wp","href":"https:\/\/api.w.org\/{rel}","templated":true}]}}