{"id":141515,"date":"2020-08-19T14:55:39","date_gmt":"2020-08-19T14:55:39","guid":{"rendered":"https:\/\/www.delideli.zoner.dev\/tuote\/fox-vintage-perunalastut-puulaatikko-6x4-kpl\/"},"modified":"2026-05-04T16:10:54","modified_gmt":"2026-05-04T16:10:54","slug":"fox-vintage-perunalastut-puulaatikko-6x4-kpl","status":"publish","type":"product","link":"https:\/\/www.delideli.zoner.dev\/fin\/tuote\/fox-vintage-perunalastut-puulaatikko-6x4-kpl\/","title":{"rendered":"FOX Vintage-lastut, 3 eri makua, 24 ps puulaatikossa"},"content":{"rendered":"<p>Foxin perunalastut ovat t\u00e4ynn\u00e4 autenttista ja herkullista makua. Ne tehd\u00e4\u00e4n perinteisen\u00e4 k\u00e4sity\u00f6n\u00e4 vain parhaimmista kasviksista ja tarkkaan valvottuna. K\u00e4sity\u00f6n\u00e4 auringonkukka\u00f6ljyss\u00e4 kypsennetyt lastut ovat paksumpia kuin ehk\u00e4 yleens\u00e4 niiden valmistustavan takia. K\u00e4sin valmistus antaa lastuille my\u00f6s niiden erityisen ja tunnistettavan maun.<br \/>\nFoxin peruna-, juures- ja maissilastuissa k\u00e4ytet\u00e4\u00e4n ainoastaan luonnollisia ainesosia ilman keinotekoisia maku- tai v\u00e4riaineista. Tuotteet eiv\u00e4t my\u00f6sk\u00e4\u00e4n sis\u00e4ll\u00e4 lainkaan palmu\u00f6ljy\u00e4 tai natriumglutamaattia. Foxin peruna-, juures- ja maissilastut ovat gluteenittomia ja sopivat vegaaniseen ruokavalioon.<\/p>\n","protected":false},"excerpt":{"rendered":"<p>Maista kaikkia valikoimiemme perunalastuja italialaiselta Foxilta. Lastut on valmistettu vain pahaista raaka-aineista k\u00e4sity\u00f6n\u00e4. Rustiikkinen puinen laatikko sis\u00e4lt\u00e4\u00e4 yhteens\u00e4 24 kpl 40 gramman pussia, 3 eri makua. T\u00e4ss\u00e4 on t\u00e4ydellinen lahja kovimmankin luokan sipsifanille!<br \/>\nLaatikon maut:<br \/>\nPerunalastut, balsamico &#038; suola<br \/>\nPerunalastut, merisuola<br \/>\nPerunalastut, tryffeli &#038; merisuola<\/p>\n","protected":false},"featured_media":139838,"comment_status":"open","ping_status":"open","template":"","meta":{"_acf_changed":false},"product_brand":[629],"product_cat":[676,724],"product_tag":[],"class_list":{"0":"post-141515","1":"product","2":"type-product","3":"status-publish","4":"has-post-thumbnail","6":"product_brand-fox-nut-snack","7":"product_cat-suolaiset","8":"product_cat-suolakeksit","9":"product_shipping_class-shipping-discount","10":"pa_alkuperamaa-italia","11":"pa_ruokavalio-ei-gluteenia","13":"first","14":"outofstock","15":"taxable","16":"shipping-taxable","17":"purchasable","18":"product-type-simple","swatches":"rey-swatches","show_selected":""},"acf":[],"_links":{"self":[{"href":"https:\/\/www.delideli.zoner.dev\/fin\/wp-json\/wp\/v2\/product\/141515","targetHints":{"allow":["GET"]}}],"collection":[{"href":"https:\/\/www.delideli.zoner.dev\/fin\/wp-json\/wp\/v2\/product"}],"about":[{"href":"https:\/\/www.delideli.zoner.dev\/fin\/wp-json\/wp\/v2\/types\/product"}],"replies":[{"embeddable":true,"href":"https:\/\/www.delideli.zoner.dev\/fin\/wp-json\/wp\/v2\/comments?post=141515"}],"version-history":[{"count":0,"href":"https:\/\/www.delideli.zoner.dev\/fin\/wp-json\/wp\/v2\/product\/141515\/revisions"}],"wp:featuredmedia":[{"embeddable":true,"href":"https:\/\/www.delideli.zoner.dev\/fin\/wp-json\/wp\/v2\/media\/139838"}],"wp:attachment":[{"href":"https:\/\/www.delideli.zoner.dev\/fin\/wp-json\/wp\/v2\/media?parent=141515"}],"wp:term":[{"taxonomy":"product_brand","embeddable":true,"href":"https:\/\/www.delideli.zoner.dev\/fin\/wp-json\/wp\/v2\/product_brand?post=141515"},{"taxonomy":"product_cat","embeddable":true,"href":"https:\/\/www.delideli.zoner.dev\/fin\/wp-json\/wp\/v2\/product_cat?post=141515"},{"taxonomy":"product_tag","embeddable":true,"href":"https:\/\/www.delideli.zoner.dev\/fin\/wp-json\/wp\/v2\/product_tag?post=141515"}],"curies":[{"name":"wp","href":"https:\/\/api.w.org\/{rel}","templated":true}]}}