{"id":141529,"date":"2020-10-12T09:04:34","date_gmt":"2020-10-12T09:04:34","guid":{"rendered":"https:\/\/www.delideli.zoner.dev\/tuote\/marques-de-valdueza-extra-virgin-oliivioljy-250ml\/"},"modified":"2026-05-04T16:11:28","modified_gmt":"2026-05-04T16:11:28","slug":"marques-de-valdueza-extra-virgin-oliivioljy-250ml","status":"publish","type":"product","link":"https:\/\/www.delideli.zoner.dev\/fin\/tuote\/marques-de-valdueza-extra-virgin-oliivioljy-250ml\/","title":{"rendered":"Extra virgin -oliivi\u00f6ljy, Marques de Valdueza 250 ml"},"content":{"rendered":"<p>Oliivi\u00f6ljyn tuoksusta erottaa selke\u00e4sti tuoretta mantelia, kevyit\u00e4 vihre\u00e4n tomaatin aromeja sek\u00e4 syv\u00e4n villikasvien tuoksun, joka kulminoituu hentoon hedelm\u00e4iseen h\u00e4iv\u00e4hdykseen.<br \/>\n\u00d6ljyn ensimm\u00e4inen suutuntuma on hyvin persoonallinen ja pehme\u00e4. Se kuitenkin yll\u00e4tt\u00e4\u00e4 liev\u00e4ll\u00e4 kitkeryydell\u00e4, joka k\u00e4\u00e4ntyy jopa pieneen pippurisuuteen luoden upean aromien tasapainon. Hallitseva maku \u00f6ljyss\u00e4 on sen ruohoisuus, johon sekoittuu puumaisia s\u00e4vyj\u00e4 johtaen lopulta manteliin ja vihre\u00e4\u00e4n banaaniin.<br \/>\nMarques de Valduezan oliivi\u00f6ljyss\u00e4 yhdistyv\u00e4t tilalla viljelt\u00e4v\u00e4t nelj\u00e4 loistavaa oliivilajiketta, jotka yhdess\u00e4 luovat t\u00e4m\u00e4n suurenmoisen oliivi\u00f6ljyn. Kyseess\u00e4 on pienen perheomisteiden tilan laatutuote, jonka oliivit puristetaan vain tuntien sis\u00e4ll\u00e4 niiden poimimisesta. N\u00e4in tuotteeseen saadaan s\u00e4il\u00f6tty\u00e4 kaikki sen hienot aromit ja hyv\u00e4\u00e4 tekev\u00e4t antioksidantit.<\/p>\n","protected":false},"excerpt":{"rendered":"<p>Espanjalaisen Marques de Valduezan Extra virgin -oliivi\u00f6ljy on kev\u00e4isen vehreit\u00e4 aromeja pursuava ekstraneitsytoliivi\u00f6ljy, jonka maussa on selke\u00e4\u00e4 ruohomaisuutta ja nuoren oliivin hedelm\u00e4isyytt\u00e4. Nelj\u00e4n lajikkeen sekoitus valmistetaan kylm\u00e4puristamalla. Sen maku on keskivoimakas, mik\u00e4 tekee siit\u00e4 t\u00e4ydellisen kumppanin ruoanlaittoon ja maustamiseen.<\/p>\n","protected":false},"featured_media":139847,"comment_status":"open","ping_status":"open","template":"","meta":{"_acf_changed":false},"product_brand":[646],"product_cat":[677,753,691,678,764],"product_tag":[],"class_list":{"0":"post-141529","1":"product","2":"type-product","3":"status-publish","4":"has-post-thumbnail","6":"product_brand-marques-de-valdueza","7":"product_cat-ajankohtaisia","8":"product_cat-my-healthy-oils","9":"product_cat-oliivioljyt","10":"product_cat-oljyt-etikat","11":"product_cat-paella","12":"product_shipping_class-shipping-discount","13":"pa_alkuperamaa-espanja","14":"pa_oliivioljy-keskivahva","16":"first","17":"instock","18":"taxable","19":"shipping-taxable","20":"purchasable","21":"product-type-simple","swatches":"rey-swatches","show_selected":""},"acf":[],"_links":{"self":[{"href":"https:\/\/www.delideli.zoner.dev\/fin\/wp-json\/wp\/v2\/product\/141529","targetHints":{"allow":["GET"]}}],"collection":[{"href":"https:\/\/www.delideli.zoner.dev\/fin\/wp-json\/wp\/v2\/product"}],"about":[{"href":"https:\/\/www.delideli.zoner.dev\/fin\/wp-json\/wp\/v2\/types\/product"}],"replies":[{"embeddable":true,"href":"https:\/\/www.delideli.zoner.dev\/fin\/wp-json\/wp\/v2\/comments?post=141529"}],"version-history":[{"count":0,"href":"https:\/\/www.delideli.zoner.dev\/fin\/wp-json\/wp\/v2\/product\/141529\/revisions"}],"wp:featuredmedia":[{"embeddable":true,"href":"https:\/\/www.delideli.zoner.dev\/fin\/wp-json\/wp\/v2\/media\/139847"}],"wp:attachment":[{"href":"https:\/\/www.delideli.zoner.dev\/fin\/wp-json\/wp\/v2\/media?parent=141529"}],"wp:term":[{"taxonomy":"product_brand","embeddable":true,"href":"https:\/\/www.delideli.zoner.dev\/fin\/wp-json\/wp\/v2\/product_brand?post=141529"},{"taxonomy":"product_cat","embeddable":true,"href":"https:\/\/www.delideli.zoner.dev\/fin\/wp-json\/wp\/v2\/product_cat?post=141529"},{"taxonomy":"product_tag","embeddable":true,"href":"https:\/\/www.delideli.zoner.dev\/fin\/wp-json\/wp\/v2\/product_tag?post=141529"}],"curies":[{"name":"wp","href":"https:\/\/api.w.org\/{rel}","templated":true}]}}