{"id":141541,"date":"2021-02-10T05:49:44","date_gmt":"2021-02-10T05:49:44","guid":{"rendered":"https:\/\/www.delideli.zoner.dev\/tuote\/lehmuksenkukka-hunaja-100-g\/"},"modified":"2026-05-04T16:12:03","modified_gmt":"2026-05-04T16:12:03","slug":"lehmuksenkukka-hunaja-100-g","status":"publish","type":"product","link":"https:\/\/www.delideli.zoner.dev\/fin\/tuote\/lehmuksenkukka-hunaja-100-g\/","title":{"rendered":"Lehmuksenkukka hunaja, Italia 100 g"},"content":{"rendered":"<p>Mariangela Prunotton ensiluokkainen ja aromaattinen lehmuksenkukkahunaja ker\u00e4t\u00e4\u00e4n Piemonten alueelta, Langhe ja Roeron alueelta, jossa hunaja tunnetaan todellisena luksushunajana. Hunaja ker\u00e4t\u00e4\u00e4n liikuteltavista pesist\u00e4, joita siirrell\u00e4\u00e4n aina parhaiden kukintojen per\u00e4ss\u00e4.<br \/>\nLehmuksenkukkahunaja kiteytyy normaalisti, ja sille on tyypillist\u00e4 kirkas, keltaisens\u00e4vyinen v\u00e4ri. Sen kukkainen maku ja tuoksu ovat hyvin tunnistettavia. Monet yhdist\u00e4v\u00e4tkin pitk\u00e4\u00e4n viipyilev\u00e4n tuoksun \u201dapteekkimaiseen\u201d tuoksuun tai tuoreisiin p\u00e4hkin\u00f6ihin.<\/p>\n","protected":false},"excerpt":{"rendered":"<p>Lehmuksenkukkahunaja saa aromaattisen ja voimakkaan makunsa lehmuspuiden nektarista, jonka alueen mehil\u00e4iset ker\u00e4\u00e4v\u00e4t. Kyseess\u00e4 on 100-prosenttisesti italialainen lajihunaja Piemonten kukkuloilta. Sen maku on hyvin tunnistettava; saman maun l\u00f6yt\u00e4\u00e4 lehmuksenkukkateest\u00e4.<\/p>\n","protected":false},"featured_media":139859,"comment_status":"open","ping_status":"open","template":"","meta":{"_acf_changed":false},"product_brand":[645],"product_cat":[711,681],"product_tag":[],"class_list":{"0":"post-141541","1":"product","2":"type-product","3":"status-publish","4":"has-post-thumbnail","6":"product_brand-mariangela-prunotto","7":"product_cat-hunajat","8":"product_cat-marjat-hedelmat","9":"product_shipping_class-shipping-discount","10":"pa_alkuperamaa-italia","11":"pa_ruokavalio-vegaanituote","13":"first","14":"instock","15":"taxable","16":"shipping-taxable","17":"purchasable","18":"product-type-simple","swatches":"rey-swatches","show_selected":""},"acf":[],"_links":{"self":[{"href":"https:\/\/www.delideli.zoner.dev\/fin\/wp-json\/wp\/v2\/product\/141541","targetHints":{"allow":["GET"]}}],"collection":[{"href":"https:\/\/www.delideli.zoner.dev\/fin\/wp-json\/wp\/v2\/product"}],"about":[{"href":"https:\/\/www.delideli.zoner.dev\/fin\/wp-json\/wp\/v2\/types\/product"}],"replies":[{"embeddable":true,"href":"https:\/\/www.delideli.zoner.dev\/fin\/wp-json\/wp\/v2\/comments?post=141541"}],"version-history":[{"count":0,"href":"https:\/\/www.delideli.zoner.dev\/fin\/wp-json\/wp\/v2\/product\/141541\/revisions"}],"wp:featuredmedia":[{"embeddable":true,"href":"https:\/\/www.delideli.zoner.dev\/fin\/wp-json\/wp\/v2\/media\/139859"}],"wp:attachment":[{"href":"https:\/\/www.delideli.zoner.dev\/fin\/wp-json\/wp\/v2\/media?parent=141541"}],"wp:term":[{"taxonomy":"product_brand","embeddable":true,"href":"https:\/\/www.delideli.zoner.dev\/fin\/wp-json\/wp\/v2\/product_brand?post=141541"},{"taxonomy":"product_cat","embeddable":true,"href":"https:\/\/www.delideli.zoner.dev\/fin\/wp-json\/wp\/v2\/product_cat?post=141541"},{"taxonomy":"product_tag","embeddable":true,"href":"https:\/\/www.delideli.zoner.dev\/fin\/wp-json\/wp\/v2\/product_tag?post=141541"}],"curies":[{"name":"wp","href":"https:\/\/api.w.org\/{rel}","templated":true}]}}