{"id":141546,"date":"2021-04-03T16:41:43","date_gmt":"2021-04-03T16:41:43","guid":{"rendered":"https:\/\/www.delideli.zoner.dev\/tuote\/luomu-tomaattimurska-340g-fi-eko-201\/"},"modified":"2026-05-04T16:12:05","modified_gmt":"2026-05-04T16:12:05","slug":"luomu-tomaattimurska-340g-fi-eko-201","status":"publish","type":"product","link":"https:\/\/www.delideli.zoner.dev\/fin\/tuote\/luomu-tomaattimurska-340g-fi-eko-201\/","title":{"rendered":"Tomaattimurska, luomu 340g"},"content":{"rendered":"<p>Italialaisen Mariangela Prunotton tomaattimurska valmistetaan k\u00e4sin poimituista, kes\u00e4n parhaana hetke\u00e4 poimituista luomutomaateista. Tomaatit toimitetaan viipym\u00e4tt\u00e4 jatkojalostettavaksi, jossa ne pilkotaan ja keitet\u00e4\u00e4n t\u00e4ksi herkulliseksi ja korkealaatuiseksi tomaattimurskaksi.<br \/>\nValmistustapa on hyvin yksinkertainen ja nopea, mik\u00e4 takaa tomaattimurskan tuoreen, moniulotteisen ja aidon maun. Oikeaan aikaan poimittujen ja s\u00e4il\u00f6ttyjen tomaattien maku on jopa parempi kuin tuoreiden!<br \/>\nLuomutomaattimurska on valmista k\u00e4ytett\u00e4v\u00e4ksi sellaisenaan, lis\u00e4\u00e4 vain keitetty pasta ja italialaista ekstraneitsytoliivi\u00f6ljy\u00e4 viimeistelyyn. Kokeile sit\u00e4 my\u00f6s omien reseptiesi pohjana.<\/p>\n","protected":false},"excerpt":{"rendered":"<p>Kun haluat helpon tavan maistaan Italian auringon alla kypsyneit\u00e4 tomaatteja milloin vain, pid\u00e4 huolta, ett\u00e4 kaapistasi l\u00f6ytyy Mariangela Prunotton luomutomaattimurska. Tomaattimurska on valmistettu 48 tunnin kuluessa tomaattien poimimisesta t\u00e4ysin ilman suolaa, sokeria, tiivisteit\u00e4 tai kuivattuja yrttej\u00e4. Vain 100 % tuoreita luomutomaattia ja t\u00e4ytt\u00e4 makua.<\/p>\n","protected":false},"featured_media":139868,"comment_status":"open","ping_status":"open","template":"","meta":{"_acf_changed":false},"product_brand":[645],"product_cat":[677,699,676,748,701],"product_tag":[174,200],"class_list":{"0":"post-141546","1":"product","2":"type-product","3":"status-publish","4":"has-post-thumbnail","6":"product_brand-mariangela-prunotto","7":"product_cat-ajankohtaisia","8":"product_cat-luomutuotteet","9":"product_cat-suolaiset","10":"product_cat-tomaatit-osasto","11":"product_cat-vihannekset","12":"product_tag-luomu","13":"product_tag-vegaani","14":"product_shipping_class-shipping-discount","15":"pa_alkuperamaa-italia","16":"pa_ruokavalio-luomu","17":"pa_ruokavalio-vegaanituote","19":"first","20":"instock","21":"taxable","22":"shipping-taxable","23":"purchasable","24":"product-type-simple","swatches":"rey-swatches","show_selected":""},"acf":[],"_links":{"self":[{"href":"https:\/\/www.delideli.zoner.dev\/fin\/wp-json\/wp\/v2\/product\/141546","targetHints":{"allow":["GET"]}}],"collection":[{"href":"https:\/\/www.delideli.zoner.dev\/fin\/wp-json\/wp\/v2\/product"}],"about":[{"href":"https:\/\/www.delideli.zoner.dev\/fin\/wp-json\/wp\/v2\/types\/product"}],"replies":[{"embeddable":true,"href":"https:\/\/www.delideli.zoner.dev\/fin\/wp-json\/wp\/v2\/comments?post=141546"}],"version-history":[{"count":0,"href":"https:\/\/www.delideli.zoner.dev\/fin\/wp-json\/wp\/v2\/product\/141546\/revisions"}],"wp:featuredmedia":[{"embeddable":true,"href":"https:\/\/www.delideli.zoner.dev\/fin\/wp-json\/wp\/v2\/media\/139868"}],"wp:attachment":[{"href":"https:\/\/www.delideli.zoner.dev\/fin\/wp-json\/wp\/v2\/media?parent=141546"}],"wp:term":[{"taxonomy":"product_brand","embeddable":true,"href":"https:\/\/www.delideli.zoner.dev\/fin\/wp-json\/wp\/v2\/product_brand?post=141546"},{"taxonomy":"product_cat","embeddable":true,"href":"https:\/\/www.delideli.zoner.dev\/fin\/wp-json\/wp\/v2\/product_cat?post=141546"},{"taxonomy":"product_tag","embeddable":true,"href":"https:\/\/www.delideli.zoner.dev\/fin\/wp-json\/wp\/v2\/product_tag?post=141546"}],"curies":[{"name":"wp","href":"https:\/\/api.w.org\/{rel}","templated":true}]}}