{"id":141547,"date":"2021-04-03T16:54:44","date_gmt":"2021-04-03T16:54:44","guid":{"rendered":"https:\/\/www.delideli.zoner.dev\/tuote\/kokonaiset-kuoritut-italialaiset-tomaatit-550g\/"},"modified":"2026-05-04T16:12:05","modified_gmt":"2026-05-04T16:12:05","slug":"kokonaiset-kuoritut-italialaiset-tomaatit-550g","status":"publish","type":"product","link":"https:\/\/www.delideli.zoner.dev\/fin\/tuote\/kokonaiset-kuoritut-italialaiset-tomaatit-550g\/","title":{"rendered":"Kokonaiset kuoritut italialaiset tomaatit, luomu 550g"},"content":{"rendered":"<p>Italialaisen Mariangela Prunotton tomaattis\u00e4ilykkeet on tehty mit\u00e4 laadukkaimmista ja aina t\u00e4ysin luomuviljellyist\u00e4 aineksista. Tuotteissa ei k\u00e4ytet\u00e4 sokeria, tiivisteit\u00e4 tai kuivattuja yrttej\u00e4. Kokonaisissa kuorituissa tomaateissa ei ole my\u00f6sk\u00e4\u00e4n k\u00e4ytetty lainkaan suolaa.<br \/>\nValmistustapa tomaateissa on hyvin yksinkertainen ja nopea, mik\u00e4 s\u00e4il\u00f6\u00f6 italialaisten tomaattien aromit parhaimmillaan, mit\u00e4 ne olivat korjuuaikana. Kun tomaatit poimitaan oikeana aikana, kokonaisina s\u00e4il\u00f6ttyjen tomaattien maku on jopa parempi kuin tuoreena! Ja samalla pystyt k\u00e4ytt\u00e4m\u00e4\u00e4n niit\u00e4 milloin vain satokauden ulkopuolella.<\/p>\n","protected":false},"excerpt":{"rendered":"<p>Kes\u00e4n parhaimpana ajankohtana, elokuussa poimitaan k\u00e4sin n\u00e4m\u00e4 Italian auringon alla kypsyneet herkulliset luomutomaatit. 48 tunnin kuluttua ne ovat jo muuttuneet t\u00e4ksi herkulliseksi s\u00e4ilykkeeksi. Tuoreet tomaatit kuoritaan ja t\u00e4ytet\u00e4\u00e4n luomu-passatalla ja keitet\u00e4\u00e4n ilman lis\u00e4tty\u00e4 suolaa. Tomaatteja voi k\u00e4ytt\u00e4\u00e4 aivan kuten tuoreitakin tomaatteja.<\/p>\n","protected":false},"featured_media":139870,"comment_status":"open","ping_status":"open","template":"","meta":{"_acf_changed":false},"product_brand":[645],"product_cat":[677,699,676,748,701],"product_tag":[174,200],"class_list":{"0":"post-141547","1":"product","2":"type-product","3":"status-publish","4":"has-post-thumbnail","6":"product_brand-mariangela-prunotto","7":"product_cat-ajankohtaisia","8":"product_cat-luomutuotteet","9":"product_cat-suolaiset","10":"product_cat-tomaatit-osasto","11":"product_cat-vihannekset","12":"product_tag-luomu","13":"product_tag-vegaani","14":"product_shipping_class-shipping-discount","15":"pa_alkuperamaa-italia","16":"pa_ruokavalio-luomu","17":"pa_ruokavalio-vegaanituote","19":"first","20":"instock","21":"taxable","22":"shipping-taxable","23":"purchasable","24":"product-type-simple","swatches":"rey-swatches","show_selected":""},"acf":[],"_links":{"self":[{"href":"https:\/\/www.delideli.zoner.dev\/fin\/wp-json\/wp\/v2\/product\/141547","targetHints":{"allow":["GET"]}}],"collection":[{"href":"https:\/\/www.delideli.zoner.dev\/fin\/wp-json\/wp\/v2\/product"}],"about":[{"href":"https:\/\/www.delideli.zoner.dev\/fin\/wp-json\/wp\/v2\/types\/product"}],"replies":[{"embeddable":true,"href":"https:\/\/www.delideli.zoner.dev\/fin\/wp-json\/wp\/v2\/comments?post=141547"}],"version-history":[{"count":0,"href":"https:\/\/www.delideli.zoner.dev\/fin\/wp-json\/wp\/v2\/product\/141547\/revisions"}],"wp:featuredmedia":[{"embeddable":true,"href":"https:\/\/www.delideli.zoner.dev\/fin\/wp-json\/wp\/v2\/media\/139870"}],"wp:attachment":[{"href":"https:\/\/www.delideli.zoner.dev\/fin\/wp-json\/wp\/v2\/media?parent=141547"}],"wp:term":[{"taxonomy":"product_brand","embeddable":true,"href":"https:\/\/www.delideli.zoner.dev\/fin\/wp-json\/wp\/v2\/product_brand?post=141547"},{"taxonomy":"product_cat","embeddable":true,"href":"https:\/\/www.delideli.zoner.dev\/fin\/wp-json\/wp\/v2\/product_cat?post=141547"},{"taxonomy":"product_tag","embeddable":true,"href":"https:\/\/www.delideli.zoner.dev\/fin\/wp-json\/wp\/v2\/product_tag?post=141547"}],"curies":[{"name":"wp","href":"https:\/\/api.w.org\/{rel}","templated":true}]}}