{"id":141548,"date":"2021-04-27T09:17:04","date_gmt":"2021-04-27T09:17:04","guid":{"rendered":"https:\/\/www.delideli.zoner.dev\/tuote\/orange-amere-pomeranssihillo\/"},"modified":"2026-05-04T16:12:05","modified_gmt":"2026-05-04T16:12:05","slug":"orange-amere-pomeranssihillo","status":"publish","type":"product","link":"https:\/\/www.delideli.zoner.dev\/fin\/tuote\/orange-amere-pomeranssihillo\/","title":{"rendered":"Orange Am\u00e8re -pomeranssihillo 320 g"},"content":{"rendered":"<p>DeliDelin oma Orange Am\u00e8re -pomeranssihillo sis\u00e4lt\u00e4\u00e4 jopa 40 % t\u00e4ytt\u00e4 hedelm\u00e4\u00e4 ja sen lis\u00e4ksi ainoastaan ruokosokeria sek\u00e4 luonnollisia hyytel\u00f6imisaineita (pektiini, kalsiumsitraatti). Siin\u00e4 on lis\u00e4ksi runsaasti hillottua pomeranssinkuorta tuomassa makua ja tekstuuria.<br \/>\nPomeranssihillo on valmistettu k\u00e4sity\u00f6n\u00e4 vain korkealaatuisista raaka-aineista Ranskassa.<\/p>\n","protected":false},"excerpt":{"rendered":"<p>Orange Am\u00e8re -pomeranssihillo on vain puhtaista raaka-aineista valmistettu marmeladi, jossa on runsaasti aitoa pomeranssia. Pomeranssi on sukulaistaan appelsiinia happamampi ja hieman karvaampi, mik\u00e4 tekee siit\u00e4 t\u00e4ydellisen ainesosan makeaan marmeladiin. Kokeile sellaisenaan paahtoleiv\u00e4ll\u00e4, croissantin kanssa tai leivonnassa!<\/p>\n","protected":false},"featured_media":139872,"comment_status":"open","ping_status":"open","template":"","meta":{"_acf_changed":false},"product_brand":[626],"product_cat":[710,681],"product_tag":[],"class_list":{"0":"post-141548","1":"product","2":"type-product","3":"status-publish","4":"has-post-thumbnail","6":"product_brand-delideli-herkkukauppa","7":"product_cat-hillot","8":"product_cat-marjat-hedelmat","9":"product_shipping_class-shipping-discount","10":"pa_alkuperamaa-ranska","12":"first","13":"instock","14":"taxable","15":"shipping-taxable","16":"purchasable","17":"product-type-simple","swatches":"rey-swatches","show_selected":""},"acf":[],"_links":{"self":[{"href":"https:\/\/www.delideli.zoner.dev\/fin\/wp-json\/wp\/v2\/product\/141548","targetHints":{"allow":["GET"]}}],"collection":[{"href":"https:\/\/www.delideli.zoner.dev\/fin\/wp-json\/wp\/v2\/product"}],"about":[{"href":"https:\/\/www.delideli.zoner.dev\/fin\/wp-json\/wp\/v2\/types\/product"}],"replies":[{"embeddable":true,"href":"https:\/\/www.delideli.zoner.dev\/fin\/wp-json\/wp\/v2\/comments?post=141548"}],"version-history":[{"count":0,"href":"https:\/\/www.delideli.zoner.dev\/fin\/wp-json\/wp\/v2\/product\/141548\/revisions"}],"wp:featuredmedia":[{"embeddable":true,"href":"https:\/\/www.delideli.zoner.dev\/fin\/wp-json\/wp\/v2\/media\/139872"}],"wp:attachment":[{"href":"https:\/\/www.delideli.zoner.dev\/fin\/wp-json\/wp\/v2\/media?parent=141548"}],"wp:term":[{"taxonomy":"product_brand","embeddable":true,"href":"https:\/\/www.delideli.zoner.dev\/fin\/wp-json\/wp\/v2\/product_brand?post=141548"},{"taxonomy":"product_cat","embeddable":true,"href":"https:\/\/www.delideli.zoner.dev\/fin\/wp-json\/wp\/v2\/product_cat?post=141548"},{"taxonomy":"product_tag","embeddable":true,"href":"https:\/\/www.delideli.zoner.dev\/fin\/wp-json\/wp\/v2\/product_tag?post=141548"}],"curies":[{"name":"wp","href":"https:\/\/api.w.org\/{rel}","templated":true}]}}