{"id":141558,"date":"2021-09-07T13:06:29","date_gmt":"2021-09-07T13:06:29","guid":{"rendered":"https:\/\/www.delideli.zoner.dev\/tuote\/espeletten-chili-aop-jauhettu-luomu-ranska-30g\/"},"modified":"2026-05-04T16:12:15","modified_gmt":"2026-05-04T16:12:15","slug":"espeletten-chili-aop-jauhettu-luomu-ranska-30g","status":"publish","type":"product","link":"https:\/\/www.delideli.zoner.dev\/fin\/tuote\/espeletten-chili-aop-jauhettu-luomu-ranska-30g\/","title":{"rendered":"Luomu Piment d\u2019Espelette AOC chilijauhe 30g"},"content":{"rendered":"<p>Ranskalaisen Espeletten chili on aitoa, AOP-alkuper\u00e4ismerkinn\u00e4ll\u00e4 varustettua suosittua Espeletten chili\u00e4. Se ei ole vahvempaa kuin pippuri, ja Espeletten chili onkin korvannut pippurin k\u00e4yt\u00f6n baskilaisessa keitti\u00f6ss\u00e4 jo viiden vuosisadan ajan.<br \/>\nKyseist\u00e4 chili\u00e4 l\u00f6yt\u00e4\u00e4 nykyisin niin suklaassa, hyytel\u00f6iss\u00e4 kuin paahdettujen mantelien mausteena. Espeletten chili\u00e4 k\u00e4ytet\u00e4\u00e4n etenkin perinteisiss\u00e4 baskiruoissa, kuten quenelle-kalapy\u00f6ryk\u00f6iss\u00e4 ja piperade-tomaatti-paprikamunakkaassa.<br \/>\nAina lokakuun nelj\u00e4nten\u00e4 viikonloppuna Espelettess\u00e4 juhlitaan kyl\u00e4n nimikkochili\u00e4.<\/p>\n","protected":false},"excerpt":{"rendered":"<p>Pienen Espeletten kyl\u00e4n kuuluisaksi tehnyt chililajike on kotoisin Ranskan Pyreneilt\u00e4, Baskimaasta. Se on olennainen osa baskilaista keitti\u00f6t\u00e4 ja on l\u00f6yt\u00e4nyt tiens\u00e4 koti- ja ammattilaiskokkien maustekaappeihin ymp\u00e4ri maailman. Espeletten chili antaa ruokiin l\u00e4mmint\u00e4 potkua ilman kuitenkaan polttavaa tunnetta suussa. Siin\u00e4 on my\u00f6s h\u00e4iv\u00e4hdys makeutta.<\/p>\n","protected":false},"featured_media":139890,"comment_status":"open","ping_status":"open","template":"","meta":{"_acf_changed":false},"product_brand":[664],"product_cat":[682,715],"product_tag":[174],"class_list":{"0":"post-141558","1":"product","2":"type-product","3":"status-publish","4":"has-post-thumbnail","6":"product_brand-maison-inona","7":"product_cat-kuivatuotteet","8":"product_cat-mausteet-mausteet","9":"product_tag-luomu","10":"product_shipping_class-shipping-discount","11":"pa_ruokavalio-luomu","13":"first","14":"instock","15":"taxable","16":"shipping-taxable","17":"purchasable","18":"product-type-simple","swatches":"rey-swatches","show_selected":""},"acf":[],"_links":{"self":[{"href":"https:\/\/www.delideli.zoner.dev\/fin\/wp-json\/wp\/v2\/product\/141558","targetHints":{"allow":["GET"]}}],"collection":[{"href":"https:\/\/www.delideli.zoner.dev\/fin\/wp-json\/wp\/v2\/product"}],"about":[{"href":"https:\/\/www.delideli.zoner.dev\/fin\/wp-json\/wp\/v2\/types\/product"}],"replies":[{"embeddable":true,"href":"https:\/\/www.delideli.zoner.dev\/fin\/wp-json\/wp\/v2\/comments?post=141558"}],"version-history":[{"count":0,"href":"https:\/\/www.delideli.zoner.dev\/fin\/wp-json\/wp\/v2\/product\/141558\/revisions"}],"wp:featuredmedia":[{"embeddable":true,"href":"https:\/\/www.delideli.zoner.dev\/fin\/wp-json\/wp\/v2\/media\/139890"}],"wp:attachment":[{"href":"https:\/\/www.delideli.zoner.dev\/fin\/wp-json\/wp\/v2\/media?parent=141558"}],"wp:term":[{"taxonomy":"product_brand","embeddable":true,"href":"https:\/\/www.delideli.zoner.dev\/fin\/wp-json\/wp\/v2\/product_brand?post=141558"},{"taxonomy":"product_cat","embeddable":true,"href":"https:\/\/www.delideli.zoner.dev\/fin\/wp-json\/wp\/v2\/product_cat?post=141558"},{"taxonomy":"product_tag","embeddable":true,"href":"https:\/\/www.delideli.zoner.dev\/fin\/wp-json\/wp\/v2\/product_tag?post=141558"}],"curies":[{"name":"wp","href":"https:\/\/api.w.org\/{rel}","templated":true}]}}