{"id":141569,"date":"2021-11-05T09:05:11","date_gmt":"2021-11-05T09:05:11","guid":{"rendered":"https:\/\/www.delideli.zoner.dev\/tuote\/survivor-premium\/"},"modified":"2026-05-04T16:12:25","modified_gmt":"2026-05-04T16:12:25","slug":"survivor-premium","status":"publish","type":"product","link":"https:\/\/www.delideli.zoner.dev\/fin\/tuote\/survivor-premium\/","title":{"rendered":"Herkkukori Survivor basket Premium"},"content":{"rendered":"<p>Survivor Premium sis\u00e4lt\u00e4\u00e4 v\u00e4ltt\u00e4m\u00e4tt\u00f6m\u00e4t gourmet keitti\u00f6n aineet luxus versioina herkulliseen ruuanlaittoon. Korin sis\u00e4lt\u00f6 sopii niin yhden henkil\u00f6n talouteen kuin suurelle perheellekin. N\u00e4ill\u00e4 saa nostettua ruuanlaiton seuraavalle tasolle. Raaka-aineilla on v\u00e4li\u00e4!<\/p>\n<p>1582 &#8211; KORI &#8211; sinkki ovaali valkoiset koristeet 30x20x7cm<br \/>\n1276 &#8211; Aceto Balsamico di Modena IGP, Invecchiato, Sigillo Verde 250 ml<br \/>\n9951 &#8211; Viiniryp\u00e4leensiemen\u00f6ljy DeliDeli 500 ml<br \/>\n4446 &#8211; Dijonin sinappi tuubi 100g<br \/>\n9205 &#8211; Eucalyptus hunaja 100 g FI-EKO-201<br \/>\n1288 &#8211; Kapris suolassa 140g<br \/>\n9214 &#8211; Luomukastike Pizzalle 340g FI-EKO-201<br \/>\n9201 &#8211; Luomutomaatti passata pullo 690g FI-EKO-201<br \/>\n4483 &#8211; Punaviinietikka 12 KK 250ml<br \/>\n4103 &#8211; Sardiineja ruodoton oliivi\u00f6ljyss\u00e4 maustettu sitruunalla 115g<br \/>\n5416 &#8211; Savustettu ALIOLI &#8221;FINCA LA BARCA&#8221; 120ml<br \/>\n92 &#8211; Tapas: MSC Sardelli 47g<br \/>\n9165 &#8211; Tryffelisuola 50 g <\/p>\n<p>*Mik\u00e4li joku tuote on loppunut varastosta, voimme vaihtaa sen toiseen vastavaan.<\/p>\n","protected":false},"excerpt":{"rendered":"<p>Survivor Premium sis\u00e4lt\u00e4\u00e4 v\u00e4ltt\u00e4m\u00e4tt\u00f6m\u00e4t gourmet keitti\u00f6n aineet luxus versioina herkulliseen ruuanlaittoon. Korin sis\u00e4lt\u00f6 sopii niin yhden henkil\u00f6n talouteen kuin suurelle perheellekin. N\u00e4ill\u00e4 saa nostettua ruuanlaiton seuraavalle tasolle. Raaka-aineilla on v\u00e4li\u00e4!<\/p>\n<p>1582 &#8211; KORI &#8211; sinkki ovaali valkoiset koristeet 30x20x7cm<br \/>\n1276 &#8211; Aceto Balsamico di Modena IGP, Invecchiato, Sigillo Verde 250 ml<br \/>\n9951 &#8211; Viiniryp\u00e4leensiemen\u00f6ljy DeliDeli 500 ml<br \/>\n4446 &#8211; Dijonin sinappi tuubi 100g<br \/>\n9205 &#8211; Eucalyptus hunaja 100 g FI-EKO-201<br \/>\n1288 &#8211; Kapris suolassa 140g<br \/>\n9214 &#8211; Luomukastike Pizzalle 340g FI-EKO-201<br \/>\n9201 &#8211; Luomutomaatti passata pullo 690g FI-EKO-201<br \/>\n4483 &#8211; Punaviinietikka 12 KK 250ml<br \/>\n4103 &#8211; Sardiineja ruodoton oliivi\u00f6ljyss\u00e4 maustettu sitruunalla 115g<br \/>\n5416 &#8211; Savustettu ALIOLI &#8221;FINCA LA BARCA&#8221; 120ml<br \/>\n92 &#8211; Tapas: MSC Sardelli 47g<br \/>\n9165 &#8211; Tryffelisuola 50 g <\/p>\n<p>*Mik\u00e4li joku tuote on loppunut varastosta, voimme vaihtaa sen toiseen vastavaan.<\/p>\n","protected":false},"featured_media":139907,"comment_status":"open","ping_status":"open","template":"","meta":{"_acf_changed":false},"product_brand":[625],"product_cat":[684,727],"product_tag":[192,182],"class_list":{"0":"post-141569","1":"product","2":"type-product","3":"status-publish","4":"has-post-thumbnail","6":"product_brand-delideli","7":"product_cat-herkkukorit","8":"product_cat-lahjaksi","9":"product_tag-herkkukori","10":"product_tag-lahja","11":"product_shipping_class-shipping-discount","12":"pa_alkuperamaa-ranska","14":"first","15":"instock","16":"taxable","17":"shipping-taxable","18":"purchasable","19":"product-type-simple","swatches":"rey-swatches","show_selected":""},"acf":[],"_links":{"self":[{"href":"https:\/\/www.delideli.zoner.dev\/fin\/wp-json\/wp\/v2\/product\/141569","targetHints":{"allow":["GET"]}}],"collection":[{"href":"https:\/\/www.delideli.zoner.dev\/fin\/wp-json\/wp\/v2\/product"}],"about":[{"href":"https:\/\/www.delideli.zoner.dev\/fin\/wp-json\/wp\/v2\/types\/product"}],"replies":[{"embeddable":true,"href":"https:\/\/www.delideli.zoner.dev\/fin\/wp-json\/wp\/v2\/comments?post=141569"}],"version-history":[{"count":0,"href":"https:\/\/www.delideli.zoner.dev\/fin\/wp-json\/wp\/v2\/product\/141569\/revisions"}],"wp:featuredmedia":[{"embeddable":true,"href":"https:\/\/www.delideli.zoner.dev\/fin\/wp-json\/wp\/v2\/media\/139907"}],"wp:attachment":[{"href":"https:\/\/www.delideli.zoner.dev\/fin\/wp-json\/wp\/v2\/media?parent=141569"}],"wp:term":[{"taxonomy":"product_brand","embeddable":true,"href":"https:\/\/www.delideli.zoner.dev\/fin\/wp-json\/wp\/v2\/product_brand?post=141569"},{"taxonomy":"product_cat","embeddable":true,"href":"https:\/\/www.delideli.zoner.dev\/fin\/wp-json\/wp\/v2\/product_cat?post=141569"},{"taxonomy":"product_tag","embeddable":true,"href":"https:\/\/www.delideli.zoner.dev\/fin\/wp-json\/wp\/v2\/product_tag?post=141569"}],"curies":[{"name":"wp","href":"https:\/\/api.w.org\/{rel}","templated":true}]}}