{"id":141577,"date":"2021-11-26T09:18:27","date_gmt":"2021-11-26T09:18:27","guid":{"rendered":"https:\/\/www.delideli.zoner.dev\/tuote\/piquillo-pahdettu-paprikat\/"},"modified":"2026-05-04T16:12:34","modified_gmt":"2026-05-04T16:12:34","slug":"piquillo-pahdettu-paprikat","status":"publish","type":"product","link":"https:\/\/www.delideli.zoner.dev\/fin\/tuote\/piquillo-pahdettu-paprikat\/","title":{"rendered":"Paahdetut Piquillo-paprikat 255 g"},"content":{"rendered":"<p>Finca La Barcan paahdetut Piquillo-paprikat sopivan niin sellaisenaan naposteltaviksi tapaksina tai esimerkiksi t\u00e4ytett\u00e4viksi. Ne ovat my\u00f6s monipuolinen ja herkullinen ainesosa erilaisiin tapaksiin ja alkupaloihin.<br \/>\nPiquillo-paprikat valitaan, poimitaan ja kuoritaan tarkkaan k\u00e4sity\u00f6n\u00e4, jottei mukaan tulisi yht\u00e4k\u00e4\u00e4n huonoa yksil\u00f6\u00e4. Ne ovat kasvaneet Espanjan keskiosissa La Veran alueella, joka on kuuluisa muun muassa juuri n\u00e4ist\u00e4 paprikoista.<br \/>\nPaprikoissa ei ole k\u00e4ytetty lainkaan keinotekoisia v\u00e4ri-, maku- tai s\u00e4il\u00f6nt\u00e4aineita.<\/p>\n","protected":false},"excerpt":{"rendered":"<p>Espanjan La Veran alueella kasvatetut Piquillo-paprikat on valittu s\u00e4il\u00f6tt\u00e4viksi k\u00e4sity\u00f6n\u00e4 yksitellen. Paprikat kuuluvat chilipaprikoiden sukuun, mutta niiden maku on pehme\u00e4n makea eik\u00e4 lainkaan polttava. Finca La Barcan Piquillo-paprikat on paahdettu alueelle perinteiseen tapaan puu-uunissa.<\/p>\n","protected":false},"featured_media":138953,"comment_status":"open","ping_status":"open","template":"","meta":{"_acf_changed":false},"product_brand":[628],"product_cat":[677,764,676,701],"product_tag":[],"class_list":{"0":"post-141577","1":"product","2":"type-product","3":"status-publish","4":"has-post-thumbnail","6":"product_brand-finca-la-barca","7":"product_cat-ajankohtaisia","8":"product_cat-paella","9":"product_cat-suolaiset","10":"product_cat-vihannekset","11":"product_shipping_class-shipping-discount","12":"pa_alkuperamaa-espanja","14":"first","15":"instock","16":"taxable","17":"shipping-taxable","18":"purchasable","19":"product-type-simple","swatches":"rey-swatches","show_selected":""},"acf":[],"_links":{"self":[{"href":"https:\/\/www.delideli.zoner.dev\/fin\/wp-json\/wp\/v2\/product\/141577","targetHints":{"allow":["GET"]}}],"collection":[{"href":"https:\/\/www.delideli.zoner.dev\/fin\/wp-json\/wp\/v2\/product"}],"about":[{"href":"https:\/\/www.delideli.zoner.dev\/fin\/wp-json\/wp\/v2\/types\/product"}],"replies":[{"embeddable":true,"href":"https:\/\/www.delideli.zoner.dev\/fin\/wp-json\/wp\/v2\/comments?post=141577"}],"version-history":[{"count":0,"href":"https:\/\/www.delideli.zoner.dev\/fin\/wp-json\/wp\/v2\/product\/141577\/revisions"}],"wp:featuredmedia":[{"embeddable":true,"href":"https:\/\/www.delideli.zoner.dev\/fin\/wp-json\/wp\/v2\/media\/138953"}],"wp:attachment":[{"href":"https:\/\/www.delideli.zoner.dev\/fin\/wp-json\/wp\/v2\/media?parent=141577"}],"wp:term":[{"taxonomy":"product_brand","embeddable":true,"href":"https:\/\/www.delideli.zoner.dev\/fin\/wp-json\/wp\/v2\/product_brand?post=141577"},{"taxonomy":"product_cat","embeddable":true,"href":"https:\/\/www.delideli.zoner.dev\/fin\/wp-json\/wp\/v2\/product_cat?post=141577"},{"taxonomy":"product_tag","embeddable":true,"href":"https:\/\/www.delideli.zoner.dev\/fin\/wp-json\/wp\/v2\/product_tag?post=141577"}],"curies":[{"name":"wp","href":"https:\/\/api.w.org\/{rel}","templated":true}]}}