{"id":141590,"date":"2022-02-17T11:16:22","date_gmt":"2022-02-17T11:16:22","guid":{"rendered":"https:\/\/www.delideli.zoner.dev\/tuote\/luumut-siirapissa-320g\/"},"modified":"2026-05-04T16:12:49","modified_gmt":"2026-05-04T16:12:49","slug":"luumut-siirapissa-320g","status":"publish","type":"product","link":"https:\/\/www.delideli.zoner.dev\/fin\/tuote\/luumut-siirapissa-320g\/","title":{"rendered":"Luumut sokeriliemess\u00e4 320 g"},"content":{"rendered":"<p>Mariangela Prunotton luumus\u00e4ilykkeen makeat ja aromikkaat luumut kasvavat Alban hedelm\u00e4puutarhoissa Langhen ja Roeron kukkuloilla Piemontessa. Luumut poimitaan silloin, kun ne ovat t\u00e4ydellisen kypsi\u00e4, ja ne vied\u00e4\u00e4n heti s\u00e4il\u00f6tt\u00e4v\u00e4ksi. Muutaman tunnin sis\u00e4ll\u00e4 ne onkin jo pesty ja purkitettu kevyeen sokeriliemeen. Koko prosessi kest\u00e4\u00e4 alle 24 tuntia, ja se tehd\u00e4\u00e4n kokonaan k\u00e4sity\u00f6n\u00e4 perinteisin menetelmin.<br \/>\nNauti luumut sellaisenaan tai osana j\u00e4lkiruokaa. Kokeile esimerkiksi j\u00e4\u00e4tel\u00f6n kanssa. Luumuista j\u00e4\u00e4v\u00e4 liemi kannattaa nauttia my\u00f6s pienen\u00e4 herkkujuomana tai vaikka cocktailissa tai mocktailissa!<\/p>\n","protected":false},"excerpt":{"rendered":"<p>Mariangela Prunotton luumut sokeriliemess\u00e4 on herkullinen hedelm\u00e4s\u00e4ilyke, joka sis\u00e4lt\u00e4\u00e4 Piemonten hedelm\u00e4tarhoissa kasvatettuja herkullisia luumuja sek\u00e4 kevyen sokeriliemen. Liemi on valmistettu ainoastaan vedest\u00e4 ja ruokosokerista. Mit\u00e4\u00e4n muuta ei tarvita s\u00e4il\u00f6m\u00e4\u00e4n juuri oikeaan aikaan poimittujen luumujen herkulliset aromit ja pehme\u00e4 koostumus.<\/p>\n","protected":false},"featured_media":138965,"comment_status":"open","ping_status":"open","template":"","meta":{"_acf_changed":false},"product_brand":[645],"product_cat":[702,680,681,759],"product_tag":[],"class_list":{"0":"post-141590","1":"product","2":"type-product","3":"status-publish","4":"has-post-thumbnail","6":"product_brand-mariangela-prunotto","7":"product_cat-jalkiruuat","8":"product_cat-makeat","9":"product_cat-marjat-hedelmat","10":"product_cat-muut-marjat-hedelmat","11":"product_shipping_class-shipping-discount","12":"pa_alkuperamaa-italia","13":"pa_ruokavalio-vegaanituote","15":"first","16":"instock","17":"taxable","18":"shipping-taxable","19":"purchasable","20":"product-type-simple","swatches":"rey-swatches","show_selected":""},"acf":[],"_links":{"self":[{"href":"https:\/\/www.delideli.zoner.dev\/fin\/wp-json\/wp\/v2\/product\/141590","targetHints":{"allow":["GET"]}}],"collection":[{"href":"https:\/\/www.delideli.zoner.dev\/fin\/wp-json\/wp\/v2\/product"}],"about":[{"href":"https:\/\/www.delideli.zoner.dev\/fin\/wp-json\/wp\/v2\/types\/product"}],"replies":[{"embeddable":true,"href":"https:\/\/www.delideli.zoner.dev\/fin\/wp-json\/wp\/v2\/comments?post=141590"}],"version-history":[{"count":0,"href":"https:\/\/www.delideli.zoner.dev\/fin\/wp-json\/wp\/v2\/product\/141590\/revisions"}],"wp:featuredmedia":[{"embeddable":true,"href":"https:\/\/www.delideli.zoner.dev\/fin\/wp-json\/wp\/v2\/media\/138965"}],"wp:attachment":[{"href":"https:\/\/www.delideli.zoner.dev\/fin\/wp-json\/wp\/v2\/media?parent=141590"}],"wp:term":[{"taxonomy":"product_brand","embeddable":true,"href":"https:\/\/www.delideli.zoner.dev\/fin\/wp-json\/wp\/v2\/product_brand?post=141590"},{"taxonomy":"product_cat","embeddable":true,"href":"https:\/\/www.delideli.zoner.dev\/fin\/wp-json\/wp\/v2\/product_cat?post=141590"},{"taxonomy":"product_tag","embeddable":true,"href":"https:\/\/www.delideli.zoner.dev\/fin\/wp-json\/wp\/v2\/product_tag?post=141590"}],"curies":[{"name":"wp","href":"https:\/\/api.w.org\/{rel}","templated":true}]}}