{"id":141594,"date":"2022-03-12T08:49:07","date_gmt":"2022-03-12T08:49:07","guid":{"rendered":"https:\/\/www.delideli.zoner.dev\/tuote\/tattitahna-maustettu-tryffelilla-110g\/"},"modified":"2026-05-04T16:12:50","modified_gmt":"2026-05-04T16:12:50","slug":"tattitahna-maustettu-tryffelilla-110g","status":"publish","type":"product","link":"https:\/\/www.delideli.zoner.dev\/fin\/tuote\/tattitahna-maustettu-tryffelilla-110g\/","title":{"rendered":"Tryffelill\u00e4 maustettu tattitahna 110 g"},"content":{"rendered":"<p>Espanjalaisen Finca la Barcan tryffelill\u00e4 maustettu tattitahna valmistetaan vain korkealaatuisista aidoista raaka-aineista ja luonnollisia makuja yhdistellen. Kaksi gastronomian huippuraaka-ainetta, herkkutatti ja tryffeli, yhdistyv\u00e4t kielen menness\u00e4\u00e4n viev\u00e4ksi levitteeksi, joka sopii niin sellaisenaan herkutteluun kuin ruoanlaittoon.<br \/>\nTahna on my\u00f6s erinomainen pohja kastikkeeseen niin lihoille, vihanneksille kuin perunoille. Lis\u00e4ksi voit maustaa sill\u00e4 niin risotot, perunamunakkaat kuin piiraatkin. Kokeile my\u00f6s herkullisena t\u00e4ytteen\u00e4 ravioleille tai muille pastoille.<br \/>\nEi sis\u00e4ll\u00e4 gluteenia. Avaamisen j\u00e4lkeen s\u00e4ilytett\u00e4v\u00e4 j\u00e4\u00e4kaapissa ja k\u00e4ytett\u00e4v\u00e4 7 p\u00e4iv\u00e4n kuluessa.<\/p>\n","protected":false},"excerpt":{"rendered":"<p>Finca la Barcan tryffelill\u00e4 maustettu tattitahna on ylellisen herkullinen tuorejuustopohjainen levite. Sen aito tatin maku saa viimeisen silauksen ripauksesta tryffeli\u00e4. Kokeile t\u00e4t\u00e4 pehme\u00e4n kermaista ja sile\u00e4\u00e4 levitett\u00e4 vaalealla leiv\u00e4ll\u00e4, suolakeksill\u00e4, grissiniin dippaillen tai ruoanlaitossa!<\/p>\n","protected":false},"featured_media":138973,"comment_status":"open","ping_status":"open","template":"","meta":{"_acf_changed":false},"product_brand":[628],"product_cat":[718,676,714],"product_tag":[],"class_list":{"0":"post-141594","1":"product","2":"type-product","3":"status-publish","4":"has-post-thumbnail","6":"product_brand-finca-la-barca","7":"product_cat-levitteet","8":"product_cat-suolaiset","9":"product_cat-tryffeli","10":"product_shipping_class-shipping-discount","11":"pa_alkuperamaa-espanja","13":"first","14":"instock","15":"taxable","16":"shipping-taxable","17":"purchasable","18":"product-type-simple","swatches":"rey-swatches","show_selected":""},"acf":[],"_links":{"self":[{"href":"https:\/\/www.delideli.zoner.dev\/fin\/wp-json\/wp\/v2\/product\/141594","targetHints":{"allow":["GET"]}}],"collection":[{"href":"https:\/\/www.delideli.zoner.dev\/fin\/wp-json\/wp\/v2\/product"}],"about":[{"href":"https:\/\/www.delideli.zoner.dev\/fin\/wp-json\/wp\/v2\/types\/product"}],"replies":[{"embeddable":true,"href":"https:\/\/www.delideli.zoner.dev\/fin\/wp-json\/wp\/v2\/comments?post=141594"}],"version-history":[{"count":0,"href":"https:\/\/www.delideli.zoner.dev\/fin\/wp-json\/wp\/v2\/product\/141594\/revisions"}],"wp:featuredmedia":[{"embeddable":true,"href":"https:\/\/www.delideli.zoner.dev\/fin\/wp-json\/wp\/v2\/media\/138973"}],"wp:attachment":[{"href":"https:\/\/www.delideli.zoner.dev\/fin\/wp-json\/wp\/v2\/media?parent=141594"}],"wp:term":[{"taxonomy":"product_brand","embeddable":true,"href":"https:\/\/www.delideli.zoner.dev\/fin\/wp-json\/wp\/v2\/product_brand?post=141594"},{"taxonomy":"product_cat","embeddable":true,"href":"https:\/\/www.delideli.zoner.dev\/fin\/wp-json\/wp\/v2\/product_cat?post=141594"},{"taxonomy":"product_tag","embeddable":true,"href":"https:\/\/www.delideli.zoner.dev\/fin\/wp-json\/wp\/v2\/product_tag?post=141594"}],"curies":[{"name":"wp","href":"https:\/\/api.w.org\/{rel}","templated":true}]}}