{"id":141598,"date":"2022-03-18T15:45:59","date_gmt":"2022-03-18T15:45:59","guid":{"rendered":"https:\/\/www.delideli.zoner.dev\/tuote\/balsamiko-luomu-250-ml\/"},"modified":"2026-05-04T16:12:51","modified_gmt":"2026-05-04T16:12:51","slug":"balsamiko-luomu-250-ml","status":"publish","type":"product","link":"https:\/\/www.delideli.zoner.dev\/fin\/tuote\/balsamiko-luomu-250-ml\/","title":{"rendered":"Balsamico, luomu, vegaaninen 250 ml"},"content":{"rendered":"<p>Mariangela Prunotton viljelysalueet ja tuotantotilat sijaitsevat Langhen alueella Piemontessa, joka on Emilia-Romagnan alueen naapurialue. Balsamiviinietikoistaan tunnettu Modena sijaitsee Emilia-Romagnassa. Mariangela Prunottolla on otettu k\u00e4ytt\u00f6\u00f6n jo vuosia sitten kest\u00e4v\u00e4\u00e4n luomuviljelyyn keskittyv\u00e4 viljelystapa, joka tuottaa laadukkaita ja ilman kemiallisia myrkkyj\u00e4 viljeltyj\u00e4 kasviksia ja hedelmi\u00e4. Lopulliset tuotteet valmistetaan tarkkaan valituista raaka-aineista k\u00e4sity\u00f6n\u00e4 perinteisill\u00e4 resepteill\u00e4.<\/p>\n","protected":false},"excerpt":{"rendered":"<p>Mariangela Prunotton balsamico on aito modenalainen luomubalsamico. Sen monitahoiset aromit tekev\u00e4t siit\u00e4 t\u00e4ydellisen monenlaisten annosten viimeistelyyn. K\u00e4yt\u00e4 my\u00f6s sellaisenaan marinadeihin ja salaatteihin. Sopii vegaaneille.<\/p>\n","protected":false},"featured_media":138977,"comment_status":"open","ping_status":"open","template":"","meta":{"_acf_changed":false},"product_brand":[645],"product_cat":[677,730,699,678],"product_tag":[174],"class_list":{"0":"post-141598","1":"product","2":"type-product","3":"status-publish","4":"has-post-thumbnail","6":"product_brand-mariangela-prunotto","7":"product_cat-ajankohtaisia","8":"product_cat-balsamicot","9":"product_cat-luomutuotteet","10":"product_cat-oljyt-etikat","11":"product_tag-luomu","12":"product_shipping_class-shipping-discount","13":"pa_alkuperamaa-italia","14":"pa_ruokavalio-luomu","15":"pa_ruokavalio-vegaanituote","17":"first","18":"outofstock","19":"taxable","20":"shipping-taxable","21":"purchasable","22":"product-type-simple","swatches":"rey-swatches","show_selected":""},"acf":[],"_links":{"self":[{"href":"https:\/\/www.delideli.zoner.dev\/fin\/wp-json\/wp\/v2\/product\/141598","targetHints":{"allow":["GET"]}}],"collection":[{"href":"https:\/\/www.delideli.zoner.dev\/fin\/wp-json\/wp\/v2\/product"}],"about":[{"href":"https:\/\/www.delideli.zoner.dev\/fin\/wp-json\/wp\/v2\/types\/product"}],"replies":[{"embeddable":true,"href":"https:\/\/www.delideli.zoner.dev\/fin\/wp-json\/wp\/v2\/comments?post=141598"}],"version-history":[{"count":0,"href":"https:\/\/www.delideli.zoner.dev\/fin\/wp-json\/wp\/v2\/product\/141598\/revisions"}],"wp:featuredmedia":[{"embeddable":true,"href":"https:\/\/www.delideli.zoner.dev\/fin\/wp-json\/wp\/v2\/media\/138977"}],"wp:attachment":[{"href":"https:\/\/www.delideli.zoner.dev\/fin\/wp-json\/wp\/v2\/media?parent=141598"}],"wp:term":[{"taxonomy":"product_brand","embeddable":true,"href":"https:\/\/www.delideli.zoner.dev\/fin\/wp-json\/wp\/v2\/product_brand?post=141598"},{"taxonomy":"product_cat","embeddable":true,"href":"https:\/\/www.delideli.zoner.dev\/fin\/wp-json\/wp\/v2\/product_cat?post=141598"},{"taxonomy":"product_tag","embeddable":true,"href":"https:\/\/www.delideli.zoner.dev\/fin\/wp-json\/wp\/v2\/product_tag?post=141598"}],"curies":[{"name":"wp","href":"https:\/\/api.w.org\/{rel}","templated":true}]}}