{"id":141616,"date":"2022-11-01T19:11:15","date_gmt":"2022-11-01T19:11:15","guid":{"rendered":"https:\/\/www.delideli.zoner.dev\/tuote\/festive-favorites\/"},"modified":"2026-05-04T16:13:14","modified_gmt":"2026-05-04T16:13:14","slug":"festive-favorites","status":"publish","type":"product","link":"https:\/\/www.delideli.zoner.dev\/fin\/tuote\/festive-favorites\/","title":{"rendered":"Herkkukori Festive Favorites"},"content":{"rendered":"<p>Muhkea v\u00e4h\u00e4n jouluinenkin kori on sopiva lahja vaikka koko toimiston v\u00e4elle sill\u00e4 kakkukin on jo l\u00e4hes kilon painoinen. Sen voi nauttia joulupukin hillon kanssa, josta l\u00f6ytyy tuttuja jouluisia mausteita omenan, p\u00e4\u00e4ryn\u00e4n, rusinoiden, hasselp\u00e4hkin\u00e4n ja mantelin kanssa. Piparimarenki on ihan DeliDelin reseptill\u00e4 tehty Montpellierin l\u00e4hell\u00e4 vain meit\u00e4 Suomalaisia varten ja sopii hyvin joulukahveille tai gl\u00f6gin seurana, jopa kuohuva lasissa sopii t\u00e4m\u00e4n miedosti mausteisen marengin kanssa. Calissonit taas ovat Provencelainen erikoisuus, mantelimassasta ja sokeroidusta melonista tehty makeinen. Ja t\u00e4m\u00e4 korihan tietenkin sis\u00e4lt\u00e4\u00e4 my\u00f6s suklaata!<br \/>\nJoyeux No\u00ebl!<\/p>\n<p>1573 \u2013 KORI musta puinen neli\u00f6 kori + kangas iso 30x30x10cm<br \/>\n1068 \u2013 Luomu ja reilun kaupan appelsiinisuklaatryffeli 160g<br \/>\n1226 \u2013 Piparimarenki pussi 140g<br \/>\n4876 \u2013 Joulupukin hillo 320g<br \/>\n5047 \u2013 Pure Origine Sumatra jauhettu reilun kaupan luomukahvi 250g<br \/>\n7028 \u2013 Bretagnelainen aamiaiskakku 800g<br \/>\n1388 \u2013 Pistacciotti pistaasisuklaakonvehti 100g<br \/>\n9627 \u2013 Toffeekaramelli 100g<\/p>\n<p>*Mik\u00e4li joku tuote on loppunut varastosta, voimme vaihtaa sen toiseen vastavaan.<\/p>\n","protected":false},"excerpt":{"rendered":"<p>Muhkea v\u00e4h\u00e4n jouluinenkin kori on sopiva lahja vaikka koko toimiston v\u00e4elle sill\u00e4 kakkukin on jo l\u00e4hes kilon painoinen. Sen voi nauttia joulupukin hillon kanssa, josta l\u00f6ytyy tuttuja jouluisia mausteita omenan, p\u00e4\u00e4ryn\u00e4n, rusinoiden, hasselp\u00e4hkin\u00e4n ja mantelin kanssa. Piparimarenki on ihan DeliDelin reseptill\u00e4 tehty Montpellierin l\u00e4hell\u00e4 vain meit\u00e4 Suomalaisia varten ja sopii hyvin joulukahveille tai gl\u00f6gin seurana, jopa kuohuva lasissa sopii t\u00e4m\u00e4n miedosti mausteisen marengin kanssa. Calissonit taas ovat Provencelainen erikoisuus, mantelimassasta ja sokeroidusta melonista tehty makeinen. Ja t\u00e4m\u00e4 korihan tietenkin sis\u00e4lt\u00e4\u00e4 my\u00f6s suklaata!<br \/>\nJoyeux No\u00ebl!<\/p>\n<p>1573 \u2013 KORI musta puinen neli\u00f6 kori + kangas iso 30x30x10cm<br \/>\n1068 \u2013 Luomu ja reilun kaupan appelsiinisuklaatryffeli 160g<br \/>\n1226 \u2013 Piparimarenki pussi 140g<br \/>\n4876 \u2013 Joulupukin hillo 320g<br \/>\n5047 \u2013 Pure Origine Sumatra jauhettu reilun kaupan luomukahvi 250g<br \/>\n7028 \u2013 Bretagnelainen aamiaiskakku 800g<br \/>\n1388 \u2013 Pistacciotti pistaasisuklaakonvehti 100g<br \/>\n9627 \u2013 Toffeekaramelli 100g<\/p>\n<p>*Mik\u00e4li joku tuote on loppunut varastosta, voimme vaihtaa sen toiseen vastavaan.<\/p>\n","protected":false},"featured_media":139937,"comment_status":"open","ping_status":"open","template":"","meta":{"_acf_changed":false},"product_brand":[625],"product_cat":[684,727],"product_tag":[],"class_list":{"0":"post-141616","1":"product","2":"type-product","3":"status-publish","4":"has-post-thumbnail","6":"product_brand-delideli","7":"product_cat-herkkukorit","8":"product_cat-lahjaksi","9":"product_shipping_class-shipping-discount","10":"pa_alkuperamaa-ranska","12":"first","13":"outofstock","14":"taxable","15":"shipping-taxable","16":"purchasable","17":"product-type-simple","swatches":"rey-swatches","show_selected":""},"acf":[],"_links":{"self":[{"href":"https:\/\/www.delideli.zoner.dev\/fin\/wp-json\/wp\/v2\/product\/141616","targetHints":{"allow":["GET"]}}],"collection":[{"href":"https:\/\/www.delideli.zoner.dev\/fin\/wp-json\/wp\/v2\/product"}],"about":[{"href":"https:\/\/www.delideli.zoner.dev\/fin\/wp-json\/wp\/v2\/types\/product"}],"replies":[{"embeddable":true,"href":"https:\/\/www.delideli.zoner.dev\/fin\/wp-json\/wp\/v2\/comments?post=141616"}],"version-history":[{"count":0,"href":"https:\/\/www.delideli.zoner.dev\/fin\/wp-json\/wp\/v2\/product\/141616\/revisions"}],"wp:featuredmedia":[{"embeddable":true,"href":"https:\/\/www.delideli.zoner.dev\/fin\/wp-json\/wp\/v2\/media\/139937"}],"wp:attachment":[{"href":"https:\/\/www.delideli.zoner.dev\/fin\/wp-json\/wp\/v2\/media?parent=141616"}],"wp:term":[{"taxonomy":"product_brand","embeddable":true,"href":"https:\/\/www.delideli.zoner.dev\/fin\/wp-json\/wp\/v2\/product_brand?post=141616"},{"taxonomy":"product_cat","embeddable":true,"href":"https:\/\/www.delideli.zoner.dev\/fin\/wp-json\/wp\/v2\/product_cat?post=141616"},{"taxonomy":"product_tag","embeddable":true,"href":"https:\/\/www.delideli.zoner.dev\/fin\/wp-json\/wp\/v2\/product_tag?post=141616"}],"curies":[{"name":"wp","href":"https:\/\/api.w.org\/{rel}","templated":true}]}}