{"id":141635,"date":"2023-01-18T07:03:35","date_gmt":"2023-01-18T07:03:35","guid":{"rendered":"https:\/\/www.delideli.zoner.dev\/tuote\/paellariisi-maratelli-lajike-1-kg\/"},"modified":"2026-05-04T16:13:27","modified_gmt":"2026-05-04T16:13:27","slug":"paellariisi-maratelli-lajike-1-kg","status":"publish","type":"product","link":"https:\/\/www.delideli.zoner.dev\/fin\/tuote\/paellariisi-maratelli-lajike-1-kg\/","title":{"rendered":"Paellariisi, maratelli-lajike 1 kg"},"content":{"rendered":"<p>Arroz Brazalin riisilajikkeet kasvavat vuoristoisissa oloissa korkeammalla kuin miss\u00e4\u00e4n muualla Espanjassa, Aragonian pohjoisosissa. Alueella riisiviljelykset altistuvat kylm\u00e4ll\u00e4 ilmastolle, ja ne saavat viile\u00e4t kasteluvetens\u00e4 Pyreneiden vuoriston lumen sulamisvesist\u00e4.<br \/>\nKylmyys saa riisin kasvamaan hitaammin ja tasalaatuisesti sek\u00e4 v\u00e4hent\u00e4\u00e4 kasvitauteja.<br \/>\nArroz Brazal k\u00e4ytt\u00e4\u00e4 sadonkorjuussaan ja jatkojalostuksessa laadun s\u00e4ilytt\u00e4vi\u00e4, perinteisiin nojaavia metodeja. Se pui riisin omassa myllyss\u00e4\u00e4n, jossa syntyv\u00e4t laadukkaat ja ainutlaatuiset yhden lajikkeen riisit.<br \/>\nBrazalin riisien viljelyolosuhteet ovat \u00e4\u00e4rimm\u00e4iset. Riisi\u00e4 viljell\u00e4\u00e4n korkeissa olosuhteissa ja alhaisemmissa l\u00e4mp\u00f6tiloissa kuin miss\u00e4\u00e4n muualla Espanjassa.<br \/>\nRiisin viljelyyn k\u00e4ytetty vesi tulee Pyreneiden sulavasta lumesta.<br \/>\nN\u00e4m\u00e4 olosuhteet suosivat jyvien tasalaatuista kypsymist\u00e4, eik\u00e4 riisiss\u00e4 juurikaan esiinny tuholaisten tai tautien aiheuttamia ongelmia.<\/p>\n","protected":false},"excerpt":{"rendered":"<p>Espanjalaisen Arroz Brazalin maratelli-riisilajike soveltuu ominaisuuksiltaan loistavasti paellariisiksi. Sen py\u00f6re\u00e4t ja helmim\u00e4iset jyv\u00e4t imev\u00e4t itseens\u00e4 tehokkaasti kaikki liemen maut sek\u00e4 kest\u00e4v\u00e4t haudutusta. Paellan lis\u00e4ksi riisi soveltuu hyvin risottoihin sek\u00e4 uunissa valmistettaviin ruokiin.<br \/>\nKeittoaika 16\u201317 minuuttia, jonka j\u00e4lkeen riisi j\u00e4tet\u00e4\u00e4n vet\u00e4ytym\u00e4\u00e4n hetkeksi.<br \/>\nBrazalin riisien viljelyolosuhteet ovat \u00e4\u00e4rimm\u00e4iset. Riisi\u00e4 viljell\u00e4\u00e4n korkeissa olosuhteissa ja alhaisemmissa l\u00e4mp\u00f6tiloissa kuin miss\u00e4\u00e4n muualla Espanjassa.<br \/>\nRiisin viljelyyn k\u00e4ytetty vesi tulee Pyreneiden sulavasta lumesta.<br \/>\nN\u00e4m\u00e4 olosuhteet suosivat jyvien tasalaatuista kypsymist\u00e4, eik\u00e4 riisiss\u00e4 juurikaan esiinny tuholaisten tai tautien aiheuttamia ongelmia.<\/p>\n","protected":false},"featured_media":139957,"comment_status":"open","ping_status":"open","template":"","meta":{"_acf_changed":false},"product_brand":[659],"product_cat":[677,682,764,723],"product_tag":[],"class_list":{"0":"post-141635","1":"product","2":"type-product","3":"status-publish","4":"has-post-thumbnail","6":"product_brand-arroz-brazal","7":"product_cat-ajankohtaisia","8":"product_cat-kuivatuotteet","9":"product_cat-paella","10":"product_cat-riisit","11":"product_shipping_class-shipping-discount","12":"pa_alkuperamaa-espanja","13":"pa_ruokavalio-laktoositon","14":"pa_ruokavalio-vegaanituote","16":"first","17":"instock","18":"taxable","19":"shipping-taxable","20":"purchasable","21":"product-type-simple","swatches":"rey-swatches","show_selected":""},"acf":[],"_links":{"self":[{"href":"https:\/\/www.delideli.zoner.dev\/fin\/wp-json\/wp\/v2\/product\/141635","targetHints":{"allow":["GET"]}}],"collection":[{"href":"https:\/\/www.delideli.zoner.dev\/fin\/wp-json\/wp\/v2\/product"}],"about":[{"href":"https:\/\/www.delideli.zoner.dev\/fin\/wp-json\/wp\/v2\/types\/product"}],"replies":[{"embeddable":true,"href":"https:\/\/www.delideli.zoner.dev\/fin\/wp-json\/wp\/v2\/comments?post=141635"}],"version-history":[{"count":0,"href":"https:\/\/www.delideli.zoner.dev\/fin\/wp-json\/wp\/v2\/product\/141635\/revisions"}],"wp:featuredmedia":[{"embeddable":true,"href":"https:\/\/www.delideli.zoner.dev\/fin\/wp-json\/wp\/v2\/media\/139957"}],"wp:attachment":[{"href":"https:\/\/www.delideli.zoner.dev\/fin\/wp-json\/wp\/v2\/media?parent=141635"}],"wp:term":[{"taxonomy":"product_brand","embeddable":true,"href":"https:\/\/www.delideli.zoner.dev\/fin\/wp-json\/wp\/v2\/product_brand?post=141635"},{"taxonomy":"product_cat","embeddable":true,"href":"https:\/\/www.delideli.zoner.dev\/fin\/wp-json\/wp\/v2\/product_cat?post=141635"},{"taxonomy":"product_tag","embeddable":true,"href":"https:\/\/www.delideli.zoner.dev\/fin\/wp-json\/wp\/v2\/product_tag?post=141635"}],"curies":[{"name":"wp","href":"https:\/\/api.w.org\/{rel}","templated":true}]}}