{"id":141638,"date":"2023-01-27T13:54:35","date_gmt":"2023-01-27T13:54:35","guid":{"rendered":"https:\/\/www.delideli.zoner.dev\/tuote\/rincon-de-la-subbetica-extra-virgin-oliivioljy-luomu-100-ml\/"},"modified":"2026-05-04T16:13:28","modified_gmt":"2026-05-04T16:13:28","slug":"rincon-de-la-subbetica-extra-virgin-oliivioljy-luomu-100-ml","status":"publish","type":"product","link":"https:\/\/www.delideli.zoner.dev\/fin\/tuote\/rincon-de-la-subbetica-extra-virgin-oliivioljy-luomu-100-ml\/","title":{"rendered":"Rinc\u00f3n de la Subbetica- extra virgin -oliivi\u00f6ljy, luomu 100 ml"},"content":{"rendered":"<p>Rinc\u00f3n de la Subb\u00e9tica -oliivi\u00f6ljyss\u00e4 k\u00e4ytett\u00e4v\u00e4t luomuoliivit ker\u00e4t\u00e4\u00e4n sadonkorjuun ensimm\u00e4isin\u00e4 p\u00e4ivin\u00e4. Hojiblanca-lajikkeen oliivit kasvavat koko vuoden ajan tarkan valvovan silm\u00e4n alla, jotta oliivien laatu s\u00e4ilyy parhaana mahdollisena koko tuotantoprosessin l\u00e4pi kasvatuksesta \u00f6ljyn pullotukseen.<br \/>\nOliivi\u00f6ljyn tuoksusta voi aistia intensiivisen vihre\u00e4n hedelm\u00e4isyyden. Tuoksussa on lukuisia eri s\u00e4vyj\u00e4 aina yrttisyydest\u00e4 tomaatinlehtiin. Rinc\u00f3n de la Subb\u00e9tican ensi suutuntuma on makeahko, ja mukana voi aistia vihre\u00e4\u00e4 mantelia. Maku kehittyy lopulta intensiivisemm\u00e4ksi, ja mukaan tulee karvautta ja pippurisuutta. \u00d6ljyn aromit tulevat esiin t\u00e4ydellisess\u00e4 j\u00e4rjestyksess\u00e4, ja sill\u00e4 on viipyilev\u00e4 ja suuri maku.<br \/>\nRinc\u00f3n de la Subb\u00e9tica on parhaimmillaan, kun se nautitaan kuumentamattomana esimerkiksi leiv\u00e4n kanssa, annosten viimeistelyss\u00e4, salaateissa sek\u00e4 lihojen ja rasvaisten kalojen kanssa.<br \/>\nT\u00e4ss\u00e4 on oliivi\u00f6ljy, joka on voittanut 590 palkintoa vuodesta 2004, ja pelk\u00e4st\u00e4\u00e4n 46 palkintoa vuonna 2021!<\/p>\n","protected":false},"excerpt":{"rendered":"<p>Espanjalainen Rinc\u00f3n de la Subb\u00e9tica- extra virgin luomuoliivi\u00f6ljy on Espanjan kaikkien aikojen palkituin oliivi\u00f6ljy. Se on palkittu seitsem\u00e4n\u00e4 vuotena maailman parhaimmaksi luomuoliivi\u00f6ljyksi. Sen tuoksu ja maku ovat yksinkertaisesti vastustamattomia ja laatu t\u00e4ydellisen tasainen. \u00d6ljy on aromiltaan tasapainoinen, moniulotteinen ja harmoninen. Kun haluat oliivi\u00f6ljylt\u00e4 parhautta, t\u00e4ss\u00e4 sinulle oikea tuote!<\/p>\n","protected":false},"featured_media":139963,"comment_status":"open","ping_status":"open","template":"","meta":{"_acf_changed":false},"product_brand":[656],"product_cat":[677,753,691,678],"product_tag":[174],"class_list":{"0":"post-141638","1":"product","2":"type-product","3":"status-publish","4":"has-post-thumbnail","6":"product_brand-almazaras-de-la-subbetica","7":"product_cat-ajankohtaisia","8":"product_cat-my-healthy-oils","9":"product_cat-oliivioljyt","10":"product_cat-oljyt-etikat","11":"product_tag-luomu","12":"product_shipping_class-shipping-discount","13":"pa_alkuperamaa-espanja","14":"pa_oliivioljy-vahva","15":"pa_ruokavalio-ei-gluteenia","16":"pa_ruokavalio-laktoositon","17":"pa_ruokavalio-luomu","18":"pa_ruokavalio-vegaanituote","20":"first","21":"instock","22":"taxable","23":"shipping-taxable","24":"purchasable","25":"product-type-simple","swatches":"rey-swatches","show_selected":""},"acf":[],"_links":{"self":[{"href":"https:\/\/www.delideli.zoner.dev\/fin\/wp-json\/wp\/v2\/product\/141638","targetHints":{"allow":["GET"]}}],"collection":[{"href":"https:\/\/www.delideli.zoner.dev\/fin\/wp-json\/wp\/v2\/product"}],"about":[{"href":"https:\/\/www.delideli.zoner.dev\/fin\/wp-json\/wp\/v2\/types\/product"}],"replies":[{"embeddable":true,"href":"https:\/\/www.delideli.zoner.dev\/fin\/wp-json\/wp\/v2\/comments?post=141638"}],"version-history":[{"count":0,"href":"https:\/\/www.delideli.zoner.dev\/fin\/wp-json\/wp\/v2\/product\/141638\/revisions"}],"wp:featuredmedia":[{"embeddable":true,"href":"https:\/\/www.delideli.zoner.dev\/fin\/wp-json\/wp\/v2\/media\/139963"}],"wp:attachment":[{"href":"https:\/\/www.delideli.zoner.dev\/fin\/wp-json\/wp\/v2\/media?parent=141638"}],"wp:term":[{"taxonomy":"product_brand","embeddable":true,"href":"https:\/\/www.delideli.zoner.dev\/fin\/wp-json\/wp\/v2\/product_brand?post=141638"},{"taxonomy":"product_cat","embeddable":true,"href":"https:\/\/www.delideli.zoner.dev\/fin\/wp-json\/wp\/v2\/product_cat?post=141638"},{"taxonomy":"product_tag","embeddable":true,"href":"https:\/\/www.delideli.zoner.dev\/fin\/wp-json\/wp\/v2\/product_tag?post=141638"}],"curies":[{"name":"wp","href":"https:\/\/api.w.org\/{rel}","templated":true}]}}