{"id":141649,"date":"2023-04-25T14:38:50","date_gmt":"2023-04-25T14:38:50","guid":{"rendered":"https:\/\/www.delideli.zoner.dev\/tuote\/aurinkokuivatut-tomaatit-oljyssa-290g\/"},"modified":"2026-05-04T16:13:34","modified_gmt":"2026-05-04T16:13:34","slug":"aurinkokuivatut-tomaatit-oljyssa-290g","status":"publish","type":"product","link":"https:\/\/www.delideli.zoner.dev\/fin\/tuote\/aurinkokuivatut-tomaatit-oljyssa-290g\/","title":{"rendered":"Aurinkokuivatut tomaatit \u00f6ljyss\u00e4 290g"},"content":{"rendered":"<p>DeliDelin aurinkokuivatut tomaatit on s\u00e4il\u00f6tty korkealaatuiseen extra virgin -oliivi\u00f6ljyyn. Niiden kuivatusprosessissa tomaatit on j\u00e4tetty ns. puolikuiviksi, jolloin niiden mehukkuus ja aromit ovat edelleen tallessa.<br \/>\nAvaamisen j\u00e4lkeen tomaatit kannattaa k\u00e4ytt\u00e4\u00e4 7 p\u00e4iv\u00e4n kuluessa.<\/p>\n","protected":false},"excerpt":{"rendered":"<p>DeliDelin aurinkokuivatut tomaatit on valmistettu italialaisista aromikkaista, auringon alla kypsyneist\u00e4 tomaateista. Ne on kuivattu tavalla, joka j\u00e4tt\u00e4\u00e4 ne kuitenkin ihanan pehmeiksi ja aromikkaiksi. Aurinkokuivatut tomaatit on s\u00e4il\u00f6tty laadukkaaseen extra virgin -oliivi\u00f6ljyyn. Kokeile salaateissa, kastikkeissa, pasta-annoksissa tai antipastoissa.<\/p>\n","protected":false},"featured_media":139979,"comment_status":"open","ping_status":"open","template":"","meta":{"_acf_changed":false},"product_brand":[626],"product_cat":[677,763,733,676,734,748,701],"product_tag":[],"class_list":{"0":"post-141649","1":"product","2":"type-product","3":"status-publish","4":"has-post-thumbnail","6":"product_brand-delideli-herkkukauppa","7":"product_cat-ajankohtaisia","8":"product_cat-delidelin-tuotemerkki","9":"product_cat-pasta-italiana","10":"product_cat-suolaiset","11":"product_cat-teemat","12":"product_cat-tomaatit-osasto","13":"product_cat-vihannekset","14":"product_shipping_class-shipping-discount","15":"pa_alkuperamaa-italia","17":"first","18":"instock","19":"taxable","20":"shipping-taxable","21":"purchasable","22":"product-type-simple","swatches":"rey-swatches","show_selected":""},"acf":[],"_links":{"self":[{"href":"https:\/\/www.delideli.zoner.dev\/fin\/wp-json\/wp\/v2\/product\/141649","targetHints":{"allow":["GET"]}}],"collection":[{"href":"https:\/\/www.delideli.zoner.dev\/fin\/wp-json\/wp\/v2\/product"}],"about":[{"href":"https:\/\/www.delideli.zoner.dev\/fin\/wp-json\/wp\/v2\/types\/product"}],"replies":[{"embeddable":true,"href":"https:\/\/www.delideli.zoner.dev\/fin\/wp-json\/wp\/v2\/comments?post=141649"}],"version-history":[{"count":0,"href":"https:\/\/www.delideli.zoner.dev\/fin\/wp-json\/wp\/v2\/product\/141649\/revisions"}],"wp:featuredmedia":[{"embeddable":true,"href":"https:\/\/www.delideli.zoner.dev\/fin\/wp-json\/wp\/v2\/media\/139979"}],"wp:attachment":[{"href":"https:\/\/www.delideli.zoner.dev\/fin\/wp-json\/wp\/v2\/media?parent=141649"}],"wp:term":[{"taxonomy":"product_brand","embeddable":true,"href":"https:\/\/www.delideli.zoner.dev\/fin\/wp-json\/wp\/v2\/product_brand?post=141649"},{"taxonomy":"product_cat","embeddable":true,"href":"https:\/\/www.delideli.zoner.dev\/fin\/wp-json\/wp\/v2\/product_cat?post=141649"},{"taxonomy":"product_tag","embeddable":true,"href":"https:\/\/www.delideli.zoner.dev\/fin\/wp-json\/wp\/v2\/product_tag?post=141649"}],"curies":[{"name":"wp","href":"https:\/\/api.w.org\/{rel}","templated":true}]}}