{"id":141661,"date":"2023-05-30T12:02:24","date_gmt":"2023-05-30T12:02:24","guid":{"rendered":"https:\/\/www.delideli.zoner.dev\/tuote\/oleosophia-extra-virgin-oliivi-oljy-manaki-500-ml\/"},"modified":"2026-05-04T16:13:44","modified_gmt":"2026-05-04T16:13:44","slug":"oleosophia-extra-virgin-oliivi-oljy-manaki-500-ml","status":"publish","type":"product","link":"https:\/\/www.delideli.zoner.dev\/fin\/tuote\/oleosophia-extra-virgin-oliivi-oljy-manaki-500-ml\/","title":{"rendered":"Manaki First Harvest  -extra virgin oliivi\u00f6ljy, Oleosophia 500 ml"},"content":{"rendered":"<p>Oleosophia on korkealaatuisiin ja rajatun er\u00e4n extra virgin -oliivi\u00f6ljyihin erikoistunut kreikkalainen perheomisteinen oliivitalo. Oleosophialla kaikki \u00f6ljyt valmistetaan k\u00e4sin poimituista oliiveista, joista puristetaan oliivin \u201dmehu\u201d eli oliivi\u00f6ljy. N\u00e4in itse  oliivi\u00f6ljyiss\u00e4 ja niiden tuotantoprosessissa ei ole mukana mit\u00e4\u00e4n turhaa.<\/p>\n<p>Manaki First Harvest -extra virgin oliivi\u00f6ljy sis\u00e4lt\u00e4\u00e4 runsaasti antioksidantteja, ja se onkin terveellinen osa jokap\u00e4iv\u00e4ist\u00e4 ruokavaliota. World Olive Centre for Health on my\u00f6nt\u00e4nyt \u00f6ljylle erityisen terveyssertifikaatin sen polyfenolipitoisuutensa ansiosta.<\/p>\n","protected":false},"excerpt":{"rendered":"<p>Kreikkalaisen Oleosophian  Manaki First Harvest -extra virgin oliivi\u00f6ljy on korkealaatuinen ja useaan kertaan palkittu oliivi\u00f6ljy. Se on valmistettu lokakuussa ensimm\u00e4isin\u00e4 poimituista Manaki-lajikkeen oliiveista. \u00d6ljy on ns. monovarietal-\u00f6ljy, eli siin\u00e4 on k\u00e4ytetty ainoastaan yhden lajikkeen oliiveja samalta alueelta.<\/p>\n<p>Manaki First Harvest -oliivi\u00f6ljy on maultaan mieto ja hyvin hedelm\u00e4inen. Siin\u00e4 on runsaasti vihreit\u00e4, ruohomaisia aromeja. Parhaimmillaan se on sellaisenaan esimerkiksi salaatissa, leiv\u00e4n kanssa tai annoksen viimeistelyss\u00e4 ilman kuumentamista.<\/p>\n","protected":false},"featured_media":139993,"comment_status":"open","ping_status":"open","template":"","meta":{"_acf_changed":false},"product_brand":[660],"product_cat":[677,753,691,678],"product_tag":[],"class_list":{"0":"post-141661","1":"product","2":"type-product","3":"status-publish","4":"has-post-thumbnail","6":"product_brand-oleosophia","7":"product_cat-ajankohtaisia","8":"product_cat-my-healthy-oils","9":"product_cat-oliivioljyt","10":"product_cat-oljyt-etikat","11":"pa_alkuperamaa-kreikka","12":"pa_oliivioljy-mieto","14":"first","15":"outofstock","16":"taxable","17":"shipping-taxable","18":"purchasable","19":"product-type-simple","swatches":"rey-swatches","show_selected":""},"acf":[],"_links":{"self":[{"href":"https:\/\/www.delideli.zoner.dev\/fin\/wp-json\/wp\/v2\/product\/141661","targetHints":{"allow":["GET"]}}],"collection":[{"href":"https:\/\/www.delideli.zoner.dev\/fin\/wp-json\/wp\/v2\/product"}],"about":[{"href":"https:\/\/www.delideli.zoner.dev\/fin\/wp-json\/wp\/v2\/types\/product"}],"replies":[{"embeddable":true,"href":"https:\/\/www.delideli.zoner.dev\/fin\/wp-json\/wp\/v2\/comments?post=141661"}],"version-history":[{"count":0,"href":"https:\/\/www.delideli.zoner.dev\/fin\/wp-json\/wp\/v2\/product\/141661\/revisions"}],"wp:featuredmedia":[{"embeddable":true,"href":"https:\/\/www.delideli.zoner.dev\/fin\/wp-json\/wp\/v2\/media\/139993"}],"wp:attachment":[{"href":"https:\/\/www.delideli.zoner.dev\/fin\/wp-json\/wp\/v2\/media?parent=141661"}],"wp:term":[{"taxonomy":"product_brand","embeddable":true,"href":"https:\/\/www.delideli.zoner.dev\/fin\/wp-json\/wp\/v2\/product_brand?post=141661"},{"taxonomy":"product_cat","embeddable":true,"href":"https:\/\/www.delideli.zoner.dev\/fin\/wp-json\/wp\/v2\/product_cat?post=141661"},{"taxonomy":"product_tag","embeddable":true,"href":"https:\/\/www.delideli.zoner.dev\/fin\/wp-json\/wp\/v2\/product_tag?post=141661"}],"curies":[{"name":"wp","href":"https:\/\/api.w.org\/{rel}","templated":true}]}}