{"id":141675,"date":"2023-07-24T17:59:55","date_gmt":"2023-07-24T17:59:55","guid":{"rendered":"https:\/\/www.delideli.zoner.dev\/tuote\/oro-del-deserto-luomutasting-lahjapakkaus-5x100-ml\/"},"modified":"2026-05-04T16:13:54","modified_gmt":"2026-05-04T16:13:54","slug":"oro-del-deserto-luomutasting-lahjapakkaus-5x100-ml","status":"publish","type":"product","link":"https:\/\/www.delideli.zoner.dev\/fin\/tuote\/oro-del-deserto-luomutasting-lahjapakkaus-5x100-ml\/","title":{"rendered":"Luomuoliivi\u00f6ljyjen tasting-lajitelma, Oro del Desierto 5&#215;100 ml"},"content":{"rendered":"<p>Espanjalaisen Oro del Desierton oliivi\u00f6ljyjen lajitelma sis\u00e4lt\u00e4\u00e4 viisi erilaista monovarietal-luomuoliivi\u00f6ljy\u00e4. Nelj\u00e4\u00e4 \u00f6ljy\u00e4 on valmistettu vain yhdest\u00e4 lajikkeesta. Viides \u00f6ljy on talon oma sekoitus Coupage.<br \/>\nLajitelman avulla voit j\u00e4rjest\u00e4\u00e4 oman oliivi\u00f6ljy-tastingin ja kokea eri lajikkeiden erot. Mist\u00e4 \u00f6ljyst\u00e4 tulee tastingin suosikki?<br \/>\nVinkki: T\u00e4t\u00e4 varten voit my\u00f6s hankkia ihan oikean sinisen virallisen tasting lasin meilt\u00e4.<\/p>\n","protected":false},"excerpt":{"rendered":"<p>Espanjalaisen Oro del Desierton oliivi\u00f6ljyjen lajitelma sis\u00e4lt\u00e4\u00e4 viisi erilaista monovarietal-luomuoliivi\u00f6ljy\u00e4. Nelj\u00e4\u00e4 \u00f6ljy\u00e4 on valmistettu vain yhdest\u00e4 lajikkeesta. Viides \u00f6ljy on talon oma sekoitus Coupage.<br \/>\nLajitelman avulla voit j\u00e4rjest\u00e4\u00e4 oman oliivi\u00f6ljy-tastingin ja kokea eri lajikkeiden erot. Mist\u00e4 \u00f6ljyst\u00e4 tulee tastingin suosikki?<br \/>\nVinkki: T\u00e4t\u00e4 varten voit my\u00f6s hankkia ihan oikean sinisen virallisen tasting lasin meilt\u00e4.<\/p>\n","protected":false},"featured_media":140005,"comment_status":"open","ping_status":"open","template":"","meta":{"_acf_changed":false},"product_brand":[658],"product_cat":[685,727,691,678],"product_tag":[174],"class_list":{"0":"post-141675","1":"product","2":"type-product","3":"status-publish","4":"has-post-thumbnail","6":"product_brand-oro-del-desierto","7":"product_cat-herkkupakkaukset","8":"product_cat-lahjaksi","9":"product_cat-oliivioljyt","10":"product_cat-oljyt-etikat","11":"product_tag-luomu","12":"product_shipping_class-shipping-discount","13":"pa_alkuperamaa-espanja","14":"pa_oliivioljy-keskivahva","15":"pa_oliivioljy-mieto","16":"pa_oliivioljy-vahva","17":"pa_ruokavalio-luomu","19":"first","20":"outofstock","21":"taxable","22":"shipping-taxable","23":"purchasable","24":"product-type-simple","swatches":"rey-swatches","show_selected":""},"acf":[],"_links":{"self":[{"href":"https:\/\/www.delideli.zoner.dev\/fin\/wp-json\/wp\/v2\/product\/141675","targetHints":{"allow":["GET"]}}],"collection":[{"href":"https:\/\/www.delideli.zoner.dev\/fin\/wp-json\/wp\/v2\/product"}],"about":[{"href":"https:\/\/www.delideli.zoner.dev\/fin\/wp-json\/wp\/v2\/types\/product"}],"replies":[{"embeddable":true,"href":"https:\/\/www.delideli.zoner.dev\/fin\/wp-json\/wp\/v2\/comments?post=141675"}],"version-history":[{"count":0,"href":"https:\/\/www.delideli.zoner.dev\/fin\/wp-json\/wp\/v2\/product\/141675\/revisions"}],"wp:featuredmedia":[{"embeddable":true,"href":"https:\/\/www.delideli.zoner.dev\/fin\/wp-json\/wp\/v2\/media\/140005"}],"wp:attachment":[{"href":"https:\/\/www.delideli.zoner.dev\/fin\/wp-json\/wp\/v2\/media?parent=141675"}],"wp:term":[{"taxonomy":"product_brand","embeddable":true,"href":"https:\/\/www.delideli.zoner.dev\/fin\/wp-json\/wp\/v2\/product_brand?post=141675"},{"taxonomy":"product_cat","embeddable":true,"href":"https:\/\/www.delideli.zoner.dev\/fin\/wp-json\/wp\/v2\/product_cat?post=141675"},{"taxonomy":"product_tag","embeddable":true,"href":"https:\/\/www.delideli.zoner.dev\/fin\/wp-json\/wp\/v2\/product_tag?post=141675"}],"curies":[{"name":"wp","href":"https:\/\/api.w.org\/{rel}","templated":true}]}}