{"id":141717,"date":"2023-11-25T19:07:21","date_gmt":"2023-11-25T19:07:21","guid":{"rendered":"https:\/\/www.delideli.zoner.dev\/tuote\/provencen-viikuna-hillo-50g\/"},"modified":"2026-05-04T16:14:29","modified_gmt":"2026-05-04T16:14:29","slug":"provencen-viikuna-hillo-50g","status":"publish","type":"product","link":"https:\/\/www.delideli.zoner.dev\/fin\/tuote\/provencen-viikuna-hillo-50g\/","title":{"rendered":"Provencen viikunahillo 50 g"},"content":{"rendered":"<p>DeliDelin oma Provencen viikunahillo valmistetaan vain luonnollisista raaka-aineista ilman keinotekoisia v\u00e4ri-, maku- tai s\u00e4il\u00f6nt\u00e4aineita.<\/p>\n<p>Sinihomejuustojen lis\u00e4ksi viikunahillo sopii monenlaisille juustoille, etenkin voimakasaromisille ja suolaisille juustoille. Se luo ihanan tasapainoisen makuparin esimerkiksi kypsytettyjen vuohen- ja lampaanmaitojuustojen kanssa.<\/p>\n","protected":false},"excerpt":{"rendered":"<p>Provencen viikunahillo valmistetaan nimens\u00e4 mukaisesti Provencen auringon alla kypsyneist\u00e4 viikunoista. Se sopii erityisen hyvin foie gras\u2019n sek\u00e4 sinihomejuuston makupariksi.<\/p>\n","protected":false},"featured_media":140041,"comment_status":"open","ping_status":"open","template":"","meta":{"_acf_changed":false},"product_brand":[626],"product_cat":[677,763,710,681],"product_tag":[],"class_list":{"0":"post-141717","1":"product","2":"type-product","3":"status-publish","4":"has-post-thumbnail","6":"product_brand-delideli-herkkukauppa","7":"product_cat-ajankohtaisia","8":"product_cat-delidelin-tuotemerkki","9":"product_cat-hillot","10":"product_cat-marjat-hedelmat","11":"product_shipping_class-shipping-discount","12":"pa_alkuperamaa-ranska","14":"first","15":"instock","16":"taxable","17":"shipping-taxable","18":"purchasable","19":"product-type-simple","swatches":"rey-swatches","show_selected":""},"acf":[],"_links":{"self":[{"href":"https:\/\/www.delideli.zoner.dev\/fin\/wp-json\/wp\/v2\/product\/141717","targetHints":{"allow":["GET"]}}],"collection":[{"href":"https:\/\/www.delideli.zoner.dev\/fin\/wp-json\/wp\/v2\/product"}],"about":[{"href":"https:\/\/www.delideli.zoner.dev\/fin\/wp-json\/wp\/v2\/types\/product"}],"replies":[{"embeddable":true,"href":"https:\/\/www.delideli.zoner.dev\/fin\/wp-json\/wp\/v2\/comments?post=141717"}],"version-history":[{"count":0,"href":"https:\/\/www.delideli.zoner.dev\/fin\/wp-json\/wp\/v2\/product\/141717\/revisions"}],"wp:featuredmedia":[{"embeddable":true,"href":"https:\/\/www.delideli.zoner.dev\/fin\/wp-json\/wp\/v2\/media\/140041"}],"wp:attachment":[{"href":"https:\/\/www.delideli.zoner.dev\/fin\/wp-json\/wp\/v2\/media?parent=141717"}],"wp:term":[{"taxonomy":"product_brand","embeddable":true,"href":"https:\/\/www.delideli.zoner.dev\/fin\/wp-json\/wp\/v2\/product_brand?post=141717"},{"taxonomy":"product_cat","embeddable":true,"href":"https:\/\/www.delideli.zoner.dev\/fin\/wp-json\/wp\/v2\/product_cat?post=141717"},{"taxonomy":"product_tag","embeddable":true,"href":"https:\/\/www.delideli.zoner.dev\/fin\/wp-json\/wp\/v2\/product_tag?post=141717"}],"curies":[{"name":"wp","href":"https:\/\/api.w.org\/{rel}","templated":true}]}}