{"id":141727,"date":"2024-02-01T07:03:28","date_gmt":"2024-02-01T07:03:28","guid":{"rendered":"https:\/\/www.delideli.zoner.dev\/tuote\/paella-pannu-30-cm\/"},"modified":"2026-05-04T16:14:38","modified_gmt":"2026-05-04T16:14:38","slug":"paella-pannu-30-cm","status":"publish","type":"product","link":"https:\/\/www.delideli.zoner.dev\/fin\/tuote\/paella-pannu-30-cm\/","title":{"rendered":"Paella pannu 30 cm"},"content":{"rendered":"<p>Tuote on valmistettu kylm\u00e4laminoidusta ter\u00e4ksest\u00e4 ja p\u00e4\u00e4llystetty haponkest\u00e4v\u00e4ll\u00e4 emalipinnoitteella.<\/p>\n","protected":false},"excerpt":{"rendered":"<p>Tuote on valmistettu kylm\u00e4laminoidusta ter\u00e4ksest\u00e4 ja p\u00e4\u00e4llystetty haponkest\u00e4v\u00e4ll\u00e4 emalipinnoitteella.<\/p>\n","protected":false},"featured_media":140053,"comment_status":"open","ping_status":"open","template":"","meta":{"_acf_changed":false},"product_brand":[647],"product_cat":[677,764],"product_tag":[],"class_list":{"0":"post-141727","1":"product","2":"type-product","3":"status-publish","4":"has-post-thumbnail","6":"product_brand-netasa-la-chinata","7":"product_cat-ajankohtaisia","8":"product_cat-paella","9":"pa_alkuperamaa-espanja","11":"first","12":"outofstock","13":"taxable","14":"shipping-taxable","15":"purchasable","16":"product-type-simple","swatches":"rey-swatches","show_selected":""},"acf":[],"_links":{"self":[{"href":"https:\/\/www.delideli.zoner.dev\/fin\/wp-json\/wp\/v2\/product\/141727","targetHints":{"allow":["GET"]}}],"collection":[{"href":"https:\/\/www.delideli.zoner.dev\/fin\/wp-json\/wp\/v2\/product"}],"about":[{"href":"https:\/\/www.delideli.zoner.dev\/fin\/wp-json\/wp\/v2\/types\/product"}],"replies":[{"embeddable":true,"href":"https:\/\/www.delideli.zoner.dev\/fin\/wp-json\/wp\/v2\/comments?post=141727"}],"version-history":[{"count":0,"href":"https:\/\/www.delideli.zoner.dev\/fin\/wp-json\/wp\/v2\/product\/141727\/revisions"}],"wp:featuredmedia":[{"embeddable":true,"href":"https:\/\/www.delideli.zoner.dev\/fin\/wp-json\/wp\/v2\/media\/140053"}],"wp:attachment":[{"href":"https:\/\/www.delideli.zoner.dev\/fin\/wp-json\/wp\/v2\/media?parent=141727"}],"wp:term":[{"taxonomy":"product_brand","embeddable":true,"href":"https:\/\/www.delideli.zoner.dev\/fin\/wp-json\/wp\/v2\/product_brand?post=141727"},{"taxonomy":"product_cat","embeddable":true,"href":"https:\/\/www.delideli.zoner.dev\/fin\/wp-json\/wp\/v2\/product_cat?post=141727"},{"taxonomy":"product_tag","embeddable":true,"href":"https:\/\/www.delideli.zoner.dev\/fin\/wp-json\/wp\/v2\/product_tag?post=141727"}],"curies":[{"name":"wp","href":"https:\/\/api.w.org\/{rel}","templated":true}]}}