{"id":141733,"date":"2024-03-12T13:15:08","date_gmt":"2024-03-12T13:15:08","guid":{"rendered":"https:\/\/www.delideli.zoner.dev\/tuote\/fox-perunalastut-tryffeli-merisuola-120g\/"},"modified":"2026-05-04T16:14:43","modified_gmt":"2026-05-04T16:14:43","slug":"fox-perunalastut-tryffeli-merisuola-120g","status":"publish","type":"product","link":"https:\/\/www.delideli.zoner.dev\/fin\/tuote\/fox-perunalastut-tryffeli-merisuola-120g\/","title":{"rendered":"FOX Perunalastut tryffeli ja merisuola 120g"},"content":{"rendered":"<p>Foxin perunalastut ovat t\u00e4ynn\u00e4 autenttista ja herkullista makua. Ne tehd\u00e4\u00e4n perinteisen\u00e4 k\u00e4sity\u00f6n\u00e4 vain parhaimmista perunoista ja tarkkaan valvottuna. K\u00e4sity\u00f6n\u00e4 auringonkukka\u00f6ljyss\u00e4 kypsennetyt perunalastut ovat paksumpia kuin ehk\u00e4 yleens\u00e4 niiden valmistustavan takia. K\u00e4sin valmistus antaa lastuille my\u00f6s niiden erityisen ja tunnistettavan maun.<br \/>\nFoxin peruna-, maissi- ja juureslastuissa k\u00e4ytet\u00e4\u00e4n ainoastaan luonnollisia ainesosia ilman keinotekoisia maku- tai v\u00e4riaineista. Tuotteet eiv\u00e4t my\u00f6sk\u00e4\u00e4n sis\u00e4ll\u00e4 lainkaan palmu\u00f6ljy\u00e4 tai natriumglutamaattia. Foxin perunalastut ovat gluteenittomia ja sopivat vegaaniseen ruokavalioon.<\/p>\n","protected":false},"excerpt":{"rendered":"<p>Luksusten luksusta on tryffelill\u00e4 ja merisuolalla maustetut, k\u00e4sin valmistetut italialaisen Foxin perunalastut. Lastuissa k\u00e4ytet\u00e4\u00e4n vain luonnollisia ja aitoja raaka-aineit\u00e4 ilman keinotekoisia aromeja tai lis\u00e4aineita. Valmistus k\u00e4sity\u00f6n\u00e4 ja perinteisell\u00e4 reseptill\u00e4 j\u00e4tt\u00e4\u00e4 perunalastut my\u00f6s vastustamattoman paksuiksi ja aromikkaiksi.<\/p>\n","protected":false},"featured_media":140067,"comment_status":"open","ping_status":"open","template":"","meta":{"_acf_changed":false},"product_brand":[629],"product_cat":[676,724],"product_tag":[],"class_list":{"0":"post-141733","1":"product","2":"type-product","3":"status-publish","4":"has-post-thumbnail","6":"product_brand-fox-nut-snack","7":"product_cat-suolaiset","8":"product_cat-suolakeksit","9":"product_shipping_class-shipping-discount","10":"pa_alkuperamaa-italia","11":"pa_ruokavalio-ei-gluteenia","13":"first","14":"instock","15":"taxable","16":"shipping-taxable","17":"purchasable","18":"product-type-simple","swatches":"rey-swatches","show_selected":""},"acf":[],"_links":{"self":[{"href":"https:\/\/www.delideli.zoner.dev\/fin\/wp-json\/wp\/v2\/product\/141733","targetHints":{"allow":["GET"]}}],"collection":[{"href":"https:\/\/www.delideli.zoner.dev\/fin\/wp-json\/wp\/v2\/product"}],"about":[{"href":"https:\/\/www.delideli.zoner.dev\/fin\/wp-json\/wp\/v2\/types\/product"}],"replies":[{"embeddable":true,"href":"https:\/\/www.delideli.zoner.dev\/fin\/wp-json\/wp\/v2\/comments?post=141733"}],"version-history":[{"count":0,"href":"https:\/\/www.delideli.zoner.dev\/fin\/wp-json\/wp\/v2\/product\/141733\/revisions"}],"wp:featuredmedia":[{"embeddable":true,"href":"https:\/\/www.delideli.zoner.dev\/fin\/wp-json\/wp\/v2\/media\/140067"}],"wp:attachment":[{"href":"https:\/\/www.delideli.zoner.dev\/fin\/wp-json\/wp\/v2\/media?parent=141733"}],"wp:term":[{"taxonomy":"product_brand","embeddable":true,"href":"https:\/\/www.delideli.zoner.dev\/fin\/wp-json\/wp\/v2\/product_brand?post=141733"},{"taxonomy":"product_cat","embeddable":true,"href":"https:\/\/www.delideli.zoner.dev\/fin\/wp-json\/wp\/v2\/product_cat?post=141733"},{"taxonomy":"product_tag","embeddable":true,"href":"https:\/\/www.delideli.zoner.dev\/fin\/wp-json\/wp\/v2\/product_tag?post=141733"}],"curies":[{"name":"wp","href":"https:\/\/api.w.org\/{rel}","templated":true}]}}