{"id":141735,"date":"2024-03-12T13:15:51","date_gmt":"2024-03-12T13:15:51","guid":{"rendered":"https:\/\/www.delideli.zoner.dev\/tuote\/fox-perunalastut-balsamiko-suola-120g\/"},"modified":"2026-05-04T16:14:44","modified_gmt":"2026-05-04T16:14:44","slug":"fox-perunalastut-balsamiko-suola-120g","status":"publish","type":"product","link":"https:\/\/www.delideli.zoner.dev\/fin\/tuote\/fox-perunalastut-balsamiko-suola-120g\/","title":{"rendered":"FOX Perunalastut balsamiko ja suola 120g"},"content":{"rendered":"<p>Foxin perunalastut ovat t\u00e4ynn\u00e4 intensiivist\u00e4 makua. Ne tehd\u00e4\u00e4n perinteisen\u00e4 k\u00e4sity\u00f6n\u00e4 vain parhaimmista perunoista ja tarkkaan valvottuna. K\u00e4sity\u00f6n\u00e4 auringonkukka\u00f6ljyss\u00e4 kypsennetyt perunalastut ovat paksumpia kuin ehk\u00e4 yleens\u00e4 niiden valmistustavan takia. Perinteinen valmistustapa antaa lastuille my\u00f6s niiden erityisen ja tunnistettavan maun.<br \/>\nFoxin peruna-, maissi- ja juureslastuissa k\u00e4ytet\u00e4\u00e4n ainoastaan luonnollisia ainesosia ilman keinotekoisia maku- tai v\u00e4riaineista. Tuotteet eiv\u00e4t my\u00f6sk\u00e4\u00e4n sis\u00e4ll\u00e4 lainkaan palmu\u00f6ljy\u00e4 tai natriumglutamaattia. Foxin perunalastut ovat gluteenittomia ja sopivat vegaaniseen ruokavalioon.<\/p>\n","protected":false},"excerpt":{"rendered":"<p>Balsamicon kevyt kirpeys ja makeus yhdistettyn\u00e4 perunalastujen suolaisuuteen luo t\u00e4m\u00e4n vastustamattoman yhdistelm\u00e4n. Italialaisen Foxin perunalastut ovat todellisia premium-perunalastuja, jotka on valmistettu perinteisell\u00e4 valmistustavalla k\u00e4sin ja vain luonnollisista raaka-aineista. N\u00e4ill\u00e4 perunalastuilla teet arjestakin hieman juhlavampaa!<\/p>\n","protected":false},"featured_media":140071,"comment_status":"open","ping_status":"open","template":"","meta":{"_acf_changed":false},"product_brand":[629],"product_cat":[676,724],"product_tag":[],"class_list":{"0":"post-141735","1":"product","2":"type-product","3":"status-publish","4":"has-post-thumbnail","6":"product_brand-fox-nut-snack","7":"product_cat-suolaiset","8":"product_cat-suolakeksit","9":"product_shipping_class-shipping-discount","10":"pa_alkuperamaa-italia","11":"pa_ruokavalio-ei-gluteenia","13":"first","14":"outofstock","15":"taxable","16":"shipping-taxable","17":"purchasable","18":"product-type-simple","swatches":"rey-swatches","show_selected":""},"acf":[],"_links":{"self":[{"href":"https:\/\/www.delideli.zoner.dev\/fin\/wp-json\/wp\/v2\/product\/141735","targetHints":{"allow":["GET"]}}],"collection":[{"href":"https:\/\/www.delideli.zoner.dev\/fin\/wp-json\/wp\/v2\/product"}],"about":[{"href":"https:\/\/www.delideli.zoner.dev\/fin\/wp-json\/wp\/v2\/types\/product"}],"replies":[{"embeddable":true,"href":"https:\/\/www.delideli.zoner.dev\/fin\/wp-json\/wp\/v2\/comments?post=141735"}],"version-history":[{"count":0,"href":"https:\/\/www.delideli.zoner.dev\/fin\/wp-json\/wp\/v2\/product\/141735\/revisions"}],"wp:featuredmedia":[{"embeddable":true,"href":"https:\/\/www.delideli.zoner.dev\/fin\/wp-json\/wp\/v2\/media\/140071"}],"wp:attachment":[{"href":"https:\/\/www.delideli.zoner.dev\/fin\/wp-json\/wp\/v2\/media?parent=141735"}],"wp:term":[{"taxonomy":"product_brand","embeddable":true,"href":"https:\/\/www.delideli.zoner.dev\/fin\/wp-json\/wp\/v2\/product_brand?post=141735"},{"taxonomy":"product_cat","embeddable":true,"href":"https:\/\/www.delideli.zoner.dev\/fin\/wp-json\/wp\/v2\/product_cat?post=141735"},{"taxonomy":"product_tag","embeddable":true,"href":"https:\/\/www.delideli.zoner.dev\/fin\/wp-json\/wp\/v2\/product_tag?post=141735"}],"curies":[{"name":"wp","href":"https:\/\/api.w.org\/{rel}","templated":true}]}}