{"id":141740,"date":"2024-03-29T12:25:07","date_gmt":"2024-03-29T12:25:07","guid":{"rendered":"https:\/\/www.delideli.zoner.dev\/tuote\/la-mancha-dop-sahrami-1g\/"},"modified":"2026-05-04T16:14:46","modified_gmt":"2026-05-04T16:14:46","slug":"la-mancha-dop-sahrami-1g","status":"publish","type":"product","link":"https:\/\/www.delideli.zoner.dev\/fin\/tuote\/la-mancha-dop-sahrami-1g\/","title":{"rendered":"Kokonainen sahrami, \u201dde la Mancha\u201d D.O.P. 1 g"},"content":{"rendered":"<p>Sahrami on oleellinen osa espanjalaista keitti\u00f6t\u00e4. Se tunnetaan my\u00f6s monessa muussa ruokakulttuurissa ylellisen\u00e4 mausteena. La Manchan kokonainen sahrami on korkealaatuinen sahrami, joka valmistetaan Crocus sativus L. -kukan luoteista. Luoteet kuivataan optimaalisella tavalla, joka takaa mausteen ainutlaatuiset aromit ja piirteet.<\/p>\n","protected":false},"excerpt":{"rendered":"<p>Espanjalaisen La Chinatan kokonainen sahrami on aitoa, Espanjan Castilla La Manchan alueella kasvatettua sahramia. Sill\u00e4 on alueen alkuper\u00e4ismerkint\u00e4 (D.O.P) todisteena aitoudesta. La Manchan sahramilla on tunnistettava oma v\u00e4rins\u00e4, makunsa ja tuoksunsa.<\/p>\n","protected":false},"featured_media":140079,"comment_status":"open","ping_status":"open","template":"","meta":{"_acf_changed":false},"product_brand":[647],"product_cat":[682,715],"product_tag":[],"class_list":{"0":"post-141740","1":"product","2":"type-product","3":"status-publish","4":"has-post-thumbnail","6":"product_brand-netasa-la-chinata","7":"product_cat-kuivatuotteet","8":"product_cat-mausteet-mausteet","9":"pa_alkuperamaa-espanja","11":"first","12":"outofstock","13":"taxable","14":"shipping-taxable","15":"purchasable","16":"product-type-simple","swatches":"rey-swatches","show_selected":""},"acf":[],"_links":{"self":[{"href":"https:\/\/www.delideli.zoner.dev\/fin\/wp-json\/wp\/v2\/product\/141740","targetHints":{"allow":["GET"]}}],"collection":[{"href":"https:\/\/www.delideli.zoner.dev\/fin\/wp-json\/wp\/v2\/product"}],"about":[{"href":"https:\/\/www.delideli.zoner.dev\/fin\/wp-json\/wp\/v2\/types\/product"}],"replies":[{"embeddable":true,"href":"https:\/\/www.delideli.zoner.dev\/fin\/wp-json\/wp\/v2\/comments?post=141740"}],"version-history":[{"count":0,"href":"https:\/\/www.delideli.zoner.dev\/fin\/wp-json\/wp\/v2\/product\/141740\/revisions"}],"wp:featuredmedia":[{"embeddable":true,"href":"https:\/\/www.delideli.zoner.dev\/fin\/wp-json\/wp\/v2\/media\/140079"}],"wp:attachment":[{"href":"https:\/\/www.delideli.zoner.dev\/fin\/wp-json\/wp\/v2\/media?parent=141740"}],"wp:term":[{"taxonomy":"product_brand","embeddable":true,"href":"https:\/\/www.delideli.zoner.dev\/fin\/wp-json\/wp\/v2\/product_brand?post=141740"},{"taxonomy":"product_cat","embeddable":true,"href":"https:\/\/www.delideli.zoner.dev\/fin\/wp-json\/wp\/v2\/product_cat?post=141740"},{"taxonomy":"product_tag","embeddable":true,"href":"https:\/\/www.delideli.zoner.dev\/fin\/wp-json\/wp\/v2\/product_tag?post=141740"}],"curies":[{"name":"wp","href":"https:\/\/api.w.org\/{rel}","templated":true}]}}