{"id":141755,"date":"2023-12-06T09:46:36","date_gmt":"2023-12-06T09:46:36","guid":{"rendered":"https:\/\/www.delideli.zoner.dev\/tuote\/kesahetki-hillo-kirsikka-mansikka-vadelma-punaherukka-320g\/"},"modified":"2026-05-04T16:14:56","modified_gmt":"2026-05-04T16:14:56","slug":"kesahetki-hillo-kirsikka-mansikka-vadelma-punaherukka-320g","status":"publish","type":"product","link":"https:\/\/www.delideli.zoner.dev\/fin\/tuote\/kesahetki-hillo-kirsikka-mansikka-vadelma-punaherukka-320g\/","title":{"rendered":"Kes\u00e4hetki-hillo 320 g"},"content":{"rendered":"<p>DeliDelin t\u00e4ydellinen Kes\u00e4hetki-hillo valmistetaan vain luonnollisista raaka-aineista, eik\u00e4 se sis\u00e4ll\u00e4 lainkaan keinotekoisia aromeja, v\u00e4ri- tai s\u00e4il\u00f6nt\u00e4aineita. Se sis\u00e4lt\u00e4\u00e4 jopa 60 % marjoja sek\u00e4 lis\u00e4ksi vain ruokosokeria, luonnollista pektiini\u00e4 ja sitruunamehua.<\/p>\n","protected":false},"excerpt":{"rendered":"<p>DeliDelin Kes\u00e4hetki-hillo s\u00e4il\u00f6\u00f6 itseens\u00e4 kes\u00e4n parhaimpien marjojen makua. Se on t\u00e4ydellinen yhdistelm\u00e4 makeita ja kirpeit\u00e4 kirsikoita, mansikoita, vadelmia ja punaherukoita. Kokeile hilloa esimerkiksi muffinien tai munkkien t\u00e4ytteen\u00e4, pikkuleiv\u00e4n p\u00e4\u00e4ll\u00e4, t\u00e4ytekakun v\u00e4liss\u00e4, j\u00e4\u00e4tel\u00f6n kanssa tai lettujen kera.<\/p>\n","protected":false},"featured_media":140104,"comment_status":"open","ping_status":"open","template":"","meta":{"_acf_changed":false},"product_brand":[626],"product_cat":[677,763,710,681],"product_tag":[],"class_list":{"0":"post-141755","1":"product","2":"type-product","3":"status-publish","4":"has-post-thumbnail","6":"product_brand-delideli-herkkukauppa","7":"product_cat-ajankohtaisia","8":"product_cat-delidelin-tuotemerkki","9":"product_cat-hillot","10":"product_cat-marjat-hedelmat","11":"pa_alkuperamaa-ranska","13":"first","14":"instock","15":"taxable","16":"shipping-taxable","17":"purchasable","18":"product-type-simple","swatches":"rey-swatches","show_selected":""},"acf":[],"_links":{"self":[{"href":"https:\/\/www.delideli.zoner.dev\/fin\/wp-json\/wp\/v2\/product\/141755","targetHints":{"allow":["GET"]}}],"collection":[{"href":"https:\/\/www.delideli.zoner.dev\/fin\/wp-json\/wp\/v2\/product"}],"about":[{"href":"https:\/\/www.delideli.zoner.dev\/fin\/wp-json\/wp\/v2\/types\/product"}],"replies":[{"embeddable":true,"href":"https:\/\/www.delideli.zoner.dev\/fin\/wp-json\/wp\/v2\/comments?post=141755"}],"version-history":[{"count":0,"href":"https:\/\/www.delideli.zoner.dev\/fin\/wp-json\/wp\/v2\/product\/141755\/revisions"}],"wp:featuredmedia":[{"embeddable":true,"href":"https:\/\/www.delideli.zoner.dev\/fin\/wp-json\/wp\/v2\/media\/140104"}],"wp:attachment":[{"href":"https:\/\/www.delideli.zoner.dev\/fin\/wp-json\/wp\/v2\/media?parent=141755"}],"wp:term":[{"taxonomy":"product_brand","embeddable":true,"href":"https:\/\/www.delideli.zoner.dev\/fin\/wp-json\/wp\/v2\/product_brand?post=141755"},{"taxonomy":"product_cat","embeddable":true,"href":"https:\/\/www.delideli.zoner.dev\/fin\/wp-json\/wp\/v2\/product_cat?post=141755"},{"taxonomy":"product_tag","embeddable":true,"href":"https:\/\/www.delideli.zoner.dev\/fin\/wp-json\/wp\/v2\/product_tag?post=141755"}],"curies":[{"name":"wp","href":"https:\/\/api.w.org\/{rel}","templated":true}]}}