{"id":141758,"date":"2023-12-06T09:46:36","date_gmt":"2023-12-06T09:46:36","guid":{"rendered":"https:\/\/www.delideli.zoner.dev\/tuote\/vaniljainen-vadelma-raparperi-hillo-320g\/"},"modified":"2026-05-04T16:15:01","modified_gmt":"2026-05-04T16:15:01","slug":"vaniljainen-vadelma-raparperi-hillo-320g","status":"publish","type":"product","link":"https:\/\/www.delideli.zoner.dev\/fin\/tuote\/vaniljainen-vadelma-raparperi-hillo-320g\/","title":{"rendered":"Vaniljainen vadelma-raparperihillo 320 g"},"content":{"rendered":"<p>DeliDelin ihanan aromikas vaniljainen vadelma-raparperihillo valmistetaan vain luonnollisista raaka-aineista Ranskassa. Se ei sis\u00e4ll\u00e4 lainkaan keinotekoisia aromeja, v\u00e4ri- tai s\u00e4il\u00f6nt\u00e4aineita. Se sis\u00e4lt\u00e4\u00e4 jopa 68 % hedelm\u00e4\u00e4 sek\u00e4 lis\u00e4ksi vain ruokosokeria, luonnollista pektiini\u00e4 ja Madagaskarin vaniljaa. Ihanan yksinkertaista ja herkullista!<\/p>\n","protected":false},"excerpt":{"rendered":"<p>DeliDelin vaniljainen vadelma-raparperihillo on t\u00e4ynn\u00e4 aitoja ja hurmaavia makuja. Raparperin ja vadelman hapokkuus taittuu suloisesti aidolla Madagaskarin vaniljalla. T\u00e4ss\u00e4 on t\u00e4ydellinen hillo etenkin letuille, leivontaan, kakun tai k\u00e4\u00e4retortun t\u00e4ytteeksi, hedelm\u00e4mousseen, j\u00e4\u00e4tel\u00f6n p\u00e4\u00e4lle, jogurtin kaveriksi tai juustokakkuun.<\/p>\n","protected":false},"featured_media":140110,"comment_status":"open","ping_status":"open","template":"","meta":{"_acf_changed":false},"product_brand":[626],"product_cat":[677,763,710,681],"product_tag":[],"class_list":{"0":"post-141758","1":"product","2":"type-product","3":"status-publish","4":"has-post-thumbnail","6":"product_brand-delideli-herkkukauppa","7":"product_cat-ajankohtaisia","8":"product_cat-delidelin-tuotemerkki","9":"product_cat-hillot","10":"product_cat-marjat-hedelmat","11":"pa_alkuperamaa-ranska","13":"first","14":"instock","15":"taxable","16":"shipping-taxable","17":"purchasable","18":"product-type-simple","swatches":"rey-swatches","show_selected":""},"acf":[],"_links":{"self":[{"href":"https:\/\/www.delideli.zoner.dev\/fin\/wp-json\/wp\/v2\/product\/141758","targetHints":{"allow":["GET"]}}],"collection":[{"href":"https:\/\/www.delideli.zoner.dev\/fin\/wp-json\/wp\/v2\/product"}],"about":[{"href":"https:\/\/www.delideli.zoner.dev\/fin\/wp-json\/wp\/v2\/types\/product"}],"replies":[{"embeddable":true,"href":"https:\/\/www.delideli.zoner.dev\/fin\/wp-json\/wp\/v2\/comments?post=141758"}],"version-history":[{"count":0,"href":"https:\/\/www.delideli.zoner.dev\/fin\/wp-json\/wp\/v2\/product\/141758\/revisions"}],"wp:featuredmedia":[{"embeddable":true,"href":"https:\/\/www.delideli.zoner.dev\/fin\/wp-json\/wp\/v2\/media\/140110"}],"wp:attachment":[{"href":"https:\/\/www.delideli.zoner.dev\/fin\/wp-json\/wp\/v2\/media?parent=141758"}],"wp:term":[{"taxonomy":"product_brand","embeddable":true,"href":"https:\/\/www.delideli.zoner.dev\/fin\/wp-json\/wp\/v2\/product_brand?post=141758"},{"taxonomy":"product_cat","embeddable":true,"href":"https:\/\/www.delideli.zoner.dev\/fin\/wp-json\/wp\/v2\/product_cat?post=141758"},{"taxonomy":"product_tag","embeddable":true,"href":"https:\/\/www.delideli.zoner.dev\/fin\/wp-json\/wp\/v2\/product_tag?post=141758"}],"curies":[{"name":"wp","href":"https:\/\/api.w.org\/{rel}","templated":true}]}}