{"id":141814,"date":"2024-11-27T06:48:47","date_gmt":"2024-11-27T06:48:47","guid":{"rendered":"https:\/\/www.delideli.zoner.dev\/tuote\/ranskalainen-espeletten-chililla-maustettu-baskimaan-pate-70g\/"},"modified":"2026-05-04T16:16:05","modified_gmt":"2026-05-04T16:16:05","slug":"ranskalainen-espeletten-chililla-maustettu-baskimaan-pate-70g","status":"publish","type":"product","link":"https:\/\/www.delideli.zoner.dev\/fin\/tuote\/ranskalainen-espeletten-chililla-maustettu-baskimaan-pate-70g\/","title":{"rendered":"Ranskalainen Espeletten chilill\u00e4 maustettu Baskimaan pate 70g"},"content":{"rendered":"","protected":false},"excerpt":{"rendered":"<p>Tarina kertoo, ett\u00e4 er\u00e4\u00e4n\u00e4 talvip\u00e4iv\u00e4n\u00e4 n\u00e4lk\u00e4inen matkaaja kulki kyl\u00e4n l\u00e4pi. K\u00f6yh\u00e4 pariskunta jakoi h\u00e4nen kanssaan suojan vaatimattomassa majassaan ja hieman liemikeittoa.<\/p>\n<p>Vieras kaatoi kylm\u00e4\u00e4n keittoon punaista jauhetta. Taloa ei l\u00e4mmitetty puiden puutteen vuoksi, mutta heille ei tullut kylm\u00e4 ja ateriasta tuli herkullinen t\u00e4m\u00e4n erikoisen jauheen ansiosta.<\/p>\n<p>Ennen l\u00e4ht\u00f6\u00e4\u00e4n vieras antoi heille muutaman chilipippurin siemenen ja opetti heille, miten niit\u00e4 viljell\u00e4\u00e4n. N\u00e4in sai alkunsa Espelette-chili.\u200b\u200b\u200b\u200b\u200b\u200b\u200b\u200b\u200b\u200b\u200b\u200b\u200b\u200b\u200b\u200b<\/p>\n","protected":false},"featured_media":140185,"comment_status":"open","ping_status":"open","template":"","meta":{"_acf_changed":false},"product_brand":[641],"product_cat":[729,676],"product_tag":[],"class_list":{"0":"post-141814","1":"product","2":"type-product","3":"status-publish","4":"has-post-thumbnail","6":"product_brand-lucien-georgelin","7":"product_cat-lihatuotteet","8":"product_cat-suolaiset","9":"product_shipping_class-shipping-discount","10":"pa_alkuperamaa-ranska","12":"first","13":"instock","14":"taxable","15":"shipping-taxable","16":"purchasable","17":"product-type-simple","swatches":"rey-swatches","show_selected":""},"acf":[],"_links":{"self":[{"href":"https:\/\/www.delideli.zoner.dev\/fin\/wp-json\/wp\/v2\/product\/141814","targetHints":{"allow":["GET"]}}],"collection":[{"href":"https:\/\/www.delideli.zoner.dev\/fin\/wp-json\/wp\/v2\/product"}],"about":[{"href":"https:\/\/www.delideli.zoner.dev\/fin\/wp-json\/wp\/v2\/types\/product"}],"replies":[{"embeddable":true,"href":"https:\/\/www.delideli.zoner.dev\/fin\/wp-json\/wp\/v2\/comments?post=141814"}],"version-history":[{"count":0,"href":"https:\/\/www.delideli.zoner.dev\/fin\/wp-json\/wp\/v2\/product\/141814\/revisions"}],"wp:featuredmedia":[{"embeddable":true,"href":"https:\/\/www.delideli.zoner.dev\/fin\/wp-json\/wp\/v2\/media\/140185"}],"wp:attachment":[{"href":"https:\/\/www.delideli.zoner.dev\/fin\/wp-json\/wp\/v2\/media?parent=141814"}],"wp:term":[{"taxonomy":"product_brand","embeddable":true,"href":"https:\/\/www.delideli.zoner.dev\/fin\/wp-json\/wp\/v2\/product_brand?post=141814"},{"taxonomy":"product_cat","embeddable":true,"href":"https:\/\/www.delideli.zoner.dev\/fin\/wp-json\/wp\/v2\/product_cat?post=141814"},{"taxonomy":"product_tag","embeddable":true,"href":"https:\/\/www.delideli.zoner.dev\/fin\/wp-json\/wp\/v2\/product_tag?post=141814"}],"curies":[{"name":"wp","href":"https:\/\/api.w.org\/{rel}","templated":true}]}}