{"id":141815,"date":"2024-11-27T06:51:46","date_gmt":"2024-11-27T06:51:46","guid":{"rendered":"https:\/\/www.delideli.zoner.dev\/tuote\/ranskalainen-pate-maustettu-fin-champagnella-220g\/"},"modified":"2026-05-04T16:16:05","modified_gmt":"2026-05-04T16:16:05","slug":"ranskalainen-pate-maustettu-fin-champagnella-220g","status":"publish","type":"product","link":"https:\/\/www.delideli.zoner.dev\/fin\/tuote\/ranskalainen-pate-maustettu-fin-champagnella-220g\/","title":{"rendered":"Ranskalainen pat\u00e9 maustettu Fine Champagne konjakilla 220g"},"content":{"rendered":"<p>Lucien Georgelinin lihapateiden tarina alkoi 40 vuotta sitten, kun Lucien Georgelin itse valmisti lihapateit\u00e4 talvisin tehty\u00e4\u00e4n hilloja kes\u00e4isin.<\/p>\n<p>Alueellisten lihapateiden sarjassamme Lucien Georgelin halusi kunnioittaa py\u00f6r\u00e4ilyharrastustaan tekem\u00e4ll\u00e4 Ranskan kierroksen lihapateiden muodossa. Siihen kuuluu 8 herkullista etappia, joiden reseptit on valmistettu Ranskassa paikallisista lihoista ja raaka-aineista.<\/p>\n<p>Charentais-lihapat\u00e4mme Fine Champagne Cognacilla valmistetaan lounais-Ranskan syd\u00e4mess\u00e4, Virazeilin ty\u00f6pajoissamme Lot-et-Garonnessa. Se kunnioittaa Fine Champagne -nimityst\u00e4, joka annetaan parhaille Cognac-konjakeille. Nimi tulee sanasta &#8221;champagne&#8221;, joka tarkoittaa tasankoa, jossa n\u00e4iden konjakkien valmistukseen k\u00e4ytett\u00e4v\u00e4t viinit kasvatetaan.<\/p>\n<p>T\u00e4m\u00e4 herkullinen lihapat\u00e9 tuo ateriallesi Charenten alueen yst\u00e4v\u00e4lliset maut, ja sit\u00e4 voi nauttia niin alkupalana kuin piknikill\u00e4.<\/p>\n<p>T\u00e4m\u00e4 kotitekoisen kaltainen lihapat\u00e9 on valmistettu ilman lis\u00e4aineita, mist\u00e4 johtuu pinnalla n\u00e4kyv\u00e4 rasva.\u200b\u200b\u200b\u200b\u200b\u200b\u200b\u200b\u200b\u200b\u200b\u200b\u200b\u200b\u200b\u200b<\/p>\n","protected":false},"excerpt":{"rendered":"<p>Lucien Georgelinin ranskalainen pat\u00e9 on valmistettu porsaan- ja ankanlihasta, ja se on maustettu Fin Champagnella. Se sis\u00e4lt\u00e4\u00e4 vain luonnollisia ainesosia, ja sen maku on t\u00e4ytel\u00e4inen ja herkullinen.<\/p>\n","protected":false},"featured_media":140187,"comment_status":"open","ping_status":"open","template":"","meta":{"_acf_changed":false},"product_brand":[641],"product_cat":[729,676],"product_tag":[],"class_list":{"0":"post-141815","1":"product","2":"type-product","3":"status-publish","4":"has-post-thumbnail","6":"product_brand-lucien-georgelin","7":"product_cat-lihatuotteet","8":"product_cat-suolaiset","9":"product_shipping_class-shipping-discount","10":"pa_alkuperamaa-ranska","12":"first","13":"instock","14":"taxable","15":"shipping-taxable","16":"purchasable","17":"product-type-simple","swatches":"rey-swatches","show_selected":""},"acf":[],"_links":{"self":[{"href":"https:\/\/www.delideli.zoner.dev\/fin\/wp-json\/wp\/v2\/product\/141815","targetHints":{"allow":["GET"]}}],"collection":[{"href":"https:\/\/www.delideli.zoner.dev\/fin\/wp-json\/wp\/v2\/product"}],"about":[{"href":"https:\/\/www.delideli.zoner.dev\/fin\/wp-json\/wp\/v2\/types\/product"}],"replies":[{"embeddable":true,"href":"https:\/\/www.delideli.zoner.dev\/fin\/wp-json\/wp\/v2\/comments?post=141815"}],"version-history":[{"count":0,"href":"https:\/\/www.delideli.zoner.dev\/fin\/wp-json\/wp\/v2\/product\/141815\/revisions"}],"wp:featuredmedia":[{"embeddable":true,"href":"https:\/\/www.delideli.zoner.dev\/fin\/wp-json\/wp\/v2\/media\/140187"}],"wp:attachment":[{"href":"https:\/\/www.delideli.zoner.dev\/fin\/wp-json\/wp\/v2\/media?parent=141815"}],"wp:term":[{"taxonomy":"product_brand","embeddable":true,"href":"https:\/\/www.delideli.zoner.dev\/fin\/wp-json\/wp\/v2\/product_brand?post=141815"},{"taxonomy":"product_cat","embeddable":true,"href":"https:\/\/www.delideli.zoner.dev\/fin\/wp-json\/wp\/v2\/product_cat?post=141815"},{"taxonomy":"product_tag","embeddable":true,"href":"https:\/\/www.delideli.zoner.dev\/fin\/wp-json\/wp\/v2\/product_tag?post=141815"}],"curies":[{"name":"wp","href":"https:\/\/api.w.org\/{rel}","templated":true}]}}