{"id":141824,"date":"2025-02-20T15:25:21","date_gmt":"2025-02-20T15:25:21","guid":{"rendered":"https:\/\/www.delideli.zoner.dev\/tuote\/mustasilmapapu-500g\/"},"modified":"2026-05-04T16:16:08","modified_gmt":"2026-05-04T16:16:08","slug":"mustasilmapapu-500g","status":"publish","type":"product","link":"https:\/\/www.delideli.zoner.dev\/fin\/tuote\/mustasilmapapu-500g\/","title":{"rendered":"Mustasilm\u00e4papu 500g"},"content":{"rendered":"<p>N\u00e4m\u00e4 karakteristiset, mustalla &#8221;silm\u00e4ll\u00e4&#8221; varustetut pavut ovat olennainen osa amerikkalaista etel\u00e4valtioiden ruokakulttuuria. Maultaan miedot mutta t\u00e4ytel\u00e4iset pavut sopivat erinomaisesti riisin kanssa tarjottavaksi, salaatteihin tai keittoihin. Ne ovat my\u00f6s terveellinen valinta sis\u00e4lt\u00e4en runsaasti proteiinia, kuitua ja foolihappoa.<\/p>\n","protected":false},"excerpt":{"rendered":"<p>Tunnistettavat mustasta &#8221;silm\u00e4st\u00e4\u00e4n&#8221;. Perinteinen raaka-aine etel\u00e4valtioiden ruoissa.<\/p>\n","protected":false},"featured_media":140205,"comment_status":"open","ping_status":"open","template":"","meta":{"_acf_changed":false},"product_brand":[645],"product_cat":[682,722],"product_tag":[],"class_list":{"0":"post-141824","1":"product","2":"type-product","3":"status-publish","4":"has-post-thumbnail","6":"product_brand-mariangela-prunotto","7":"product_cat-kuivatuotteet","8":"product_cat-pavut-linssit","9":"pa_alkuperamaa-italia","11":"first","12":"instock","13":"taxable","14":"shipping-taxable","15":"purchasable","16":"product-type-simple","swatches":"rey-swatches","show_selected":""},"acf":[],"_links":{"self":[{"href":"https:\/\/www.delideli.zoner.dev\/fin\/wp-json\/wp\/v2\/product\/141824","targetHints":{"allow":["GET"]}}],"collection":[{"href":"https:\/\/www.delideli.zoner.dev\/fin\/wp-json\/wp\/v2\/product"}],"about":[{"href":"https:\/\/www.delideli.zoner.dev\/fin\/wp-json\/wp\/v2\/types\/product"}],"replies":[{"embeddable":true,"href":"https:\/\/www.delideli.zoner.dev\/fin\/wp-json\/wp\/v2\/comments?post=141824"}],"version-history":[{"count":0,"href":"https:\/\/www.delideli.zoner.dev\/fin\/wp-json\/wp\/v2\/product\/141824\/revisions"}],"wp:featuredmedia":[{"embeddable":true,"href":"https:\/\/www.delideli.zoner.dev\/fin\/wp-json\/wp\/v2\/media\/140205"}],"wp:attachment":[{"href":"https:\/\/www.delideli.zoner.dev\/fin\/wp-json\/wp\/v2\/media?parent=141824"}],"wp:term":[{"taxonomy":"product_brand","embeddable":true,"href":"https:\/\/www.delideli.zoner.dev\/fin\/wp-json\/wp\/v2\/product_brand?post=141824"},{"taxonomy":"product_cat","embeddable":true,"href":"https:\/\/www.delideli.zoner.dev\/fin\/wp-json\/wp\/v2\/product_cat?post=141824"},{"taxonomy":"product_tag","embeddable":true,"href":"https:\/\/www.delideli.zoner.dev\/fin\/wp-json\/wp\/v2\/product_tag?post=141824"}],"curies":[{"name":"wp","href":"https:\/\/api.w.org\/{rel}","templated":true}]}}