{"id":141826,"date":"2025-02-20T15:42:12","date_gmt":"2025-02-20T15:42:12","guid":{"rendered":"https:\/\/www.delideli.zoner.dev\/tuote\/italialainen-kypsa-cannellinipapu-310g\/"},"modified":"2026-05-04T16:16:08","modified_gmt":"2026-05-04T16:16:08","slug":"italialainen-kypsa-cannellinipapu-310g","status":"publish","type":"product","link":"https:\/\/www.delideli.zoner.dev\/fin\/tuote\/italialainen-kypsa-cannellinipapu-310g\/","title":{"rendered":"Italialainen kyps\u00e4 cannellinipapu 310g"},"content":{"rendered":"<p>N\u00e4m\u00e4 kermaiset valkoiset pavut ovat italian keitti\u00f6n aarre. Ne imev\u00e4t hienosti makuja itseens\u00e4 ja pysyv\u00e4t silti mukavan kiintein\u00e4. T\u00e4ydellisi\u00e4 pastakastikkeisiin, minestronekeittoon tai vaikkapa soseutettuna levitteeksi. Cannellinipavut ovat my\u00f6s ravinteikas valinta: niiss\u00e4 on runsaasti proteiinia, kuitua ja mineraaleja.<\/p>\n","protected":false},"excerpt":{"rendered":"<p>Kermaisen pehme\u00e4t valkoiset pavut. Sopivat erinomaisesti Italian keitti\u00f6\u00f6n.<\/p>\n","protected":false},"featured_media":140209,"comment_status":"open","ping_status":"open","template":"","meta":{"_acf_changed":false},"product_brand":[645],"product_cat":[682,722],"product_tag":[],"class_list":{"0":"post-141826","1":"product","2":"type-product","3":"status-publish","4":"has-post-thumbnail","6":"product_brand-mariangela-prunotto","7":"product_cat-kuivatuotteet","8":"product_cat-pavut-linssit","9":"pa_alkuperamaa-italia","11":"first","12":"instock","13":"taxable","14":"shipping-taxable","15":"purchasable","16":"product-type-simple","swatches":"rey-swatches","show_selected":""},"acf":[],"_links":{"self":[{"href":"https:\/\/www.delideli.zoner.dev\/fin\/wp-json\/wp\/v2\/product\/141826","targetHints":{"allow":["GET"]}}],"collection":[{"href":"https:\/\/www.delideli.zoner.dev\/fin\/wp-json\/wp\/v2\/product"}],"about":[{"href":"https:\/\/www.delideli.zoner.dev\/fin\/wp-json\/wp\/v2\/types\/product"}],"replies":[{"embeddable":true,"href":"https:\/\/www.delideli.zoner.dev\/fin\/wp-json\/wp\/v2\/comments?post=141826"}],"version-history":[{"count":0,"href":"https:\/\/www.delideli.zoner.dev\/fin\/wp-json\/wp\/v2\/product\/141826\/revisions"}],"wp:featuredmedia":[{"embeddable":true,"href":"https:\/\/www.delideli.zoner.dev\/fin\/wp-json\/wp\/v2\/media\/140209"}],"wp:attachment":[{"href":"https:\/\/www.delideli.zoner.dev\/fin\/wp-json\/wp\/v2\/media?parent=141826"}],"wp:term":[{"taxonomy":"product_brand","embeddable":true,"href":"https:\/\/www.delideli.zoner.dev\/fin\/wp-json\/wp\/v2\/product_brand?post=141826"},{"taxonomy":"product_cat","embeddable":true,"href":"https:\/\/www.delideli.zoner.dev\/fin\/wp-json\/wp\/v2\/product_cat?post=141826"},{"taxonomy":"product_tag","embeddable":true,"href":"https:\/\/www.delideli.zoner.dev\/fin\/wp-json\/wp\/v2\/product_tag?post=141826"}],"curies":[{"name":"wp","href":"https:\/\/api.w.org\/{rel}","templated":true}]}}