{"id":141841,"date":"2025-02-22T14:43:44","date_gmt":"2025-02-22T14:43:44","guid":{"rendered":"https:\/\/www.delideli.zoner.dev\/tuote\/luomu-musta-tee-earl-grey-80g\/"},"modified":"2026-05-04T16:16:16","modified_gmt":"2026-05-04T16:16:16","slug":"luomu-musta-tee-earl-grey-80g","status":"publish","type":"product","link":"https:\/\/www.delideli.zoner.dev\/fin\/tuote\/luomu-musta-tee-earl-grey-80g\/","title":{"rendered":"Luomu musta tee earl grey 80g"},"content":{"rendered":"<p>T\u00e4m\u00e4 klassinen teesekoitus yhdist\u00e4\u00e4 korkealaatuisen mustan teen ja luonnollisen bergamotin aromin. Bergamot-sitrushedelm\u00e4n \u00f6ljy antaa teelle sen tunnusomaisen raikkaan ja aromaattisen maun. Irtotee on huolella valikoitu takaamaan t\u00e4ytel\u00e4isen makunautinnon. Sopii nautittavaksi sellaisenaan tai maidon kanssa, ja on erinomainen valinta niin aamuun kuin iltap\u00e4iv\u00e4n teehetkiin. Bergamotin aromi tekee teest\u00e4 erityisen virkist\u00e4v\u00e4n ja mielt\u00e4 kohottavan.<\/p>\n","protected":false},"excerpt":{"rendered":"<p>Klassinen bergamotilla maustettu musta tee. Raikas ja aromaattinen, t\u00e4ydellinen iltap\u00e4iv\u00e4teen hetkiin.<\/p>\n","protected":false},"featured_media":140234,"comment_status":"open","ping_status":"open","template":"","meta":{"_acf_changed":false},"product_brand":[640],"product_cat":[677,679,699,695],"product_tag":[174,175],"class_list":{"0":"post-141841","1":"product","2":"type-product","3":"status-publish","4":"has-post-thumbnail","6":"product_brand-lobodis","7":"product_cat-ajankohtaisia","8":"product_cat-juomat","9":"product_cat-luomutuotteet","10":"product_cat-teet","11":"product_tag-luomu","12":"product_tag-reilun-kauppa","13":"product_shipping_class-shipping-discount","14":"pa_alkuperamaa-ranska","15":"pa_ruokavalio-luomu","16":"pa_ruokavalio-reilu-kauppa","18":"first","19":"instock","20":"taxable","21":"shipping-taxable","22":"purchasable","23":"product-type-simple","swatches":"rey-swatches","show_selected":""},"acf":[],"_links":{"self":[{"href":"https:\/\/www.delideli.zoner.dev\/fin\/wp-json\/wp\/v2\/product\/141841","targetHints":{"allow":["GET"]}}],"collection":[{"href":"https:\/\/www.delideli.zoner.dev\/fin\/wp-json\/wp\/v2\/product"}],"about":[{"href":"https:\/\/www.delideli.zoner.dev\/fin\/wp-json\/wp\/v2\/types\/product"}],"replies":[{"embeddable":true,"href":"https:\/\/www.delideli.zoner.dev\/fin\/wp-json\/wp\/v2\/comments?post=141841"}],"version-history":[{"count":0,"href":"https:\/\/www.delideli.zoner.dev\/fin\/wp-json\/wp\/v2\/product\/141841\/revisions"}],"wp:featuredmedia":[{"embeddable":true,"href":"https:\/\/www.delideli.zoner.dev\/fin\/wp-json\/wp\/v2\/media\/140234"}],"wp:attachment":[{"href":"https:\/\/www.delideli.zoner.dev\/fin\/wp-json\/wp\/v2\/media?parent=141841"}],"wp:term":[{"taxonomy":"product_brand","embeddable":true,"href":"https:\/\/www.delideli.zoner.dev\/fin\/wp-json\/wp\/v2\/product_brand?post=141841"},{"taxonomy":"product_cat","embeddable":true,"href":"https:\/\/www.delideli.zoner.dev\/fin\/wp-json\/wp\/v2\/product_cat?post=141841"},{"taxonomy":"product_tag","embeddable":true,"href":"https:\/\/www.delideli.zoner.dev\/fin\/wp-json\/wp\/v2\/product_tag?post=141841"}],"curies":[{"name":"wp","href":"https:\/\/api.w.org\/{rel}","templated":true}]}}