{"id":141846,"date":"2025-04-15T15:35:54","date_gmt":"2025-04-15T15:35:54","guid":{"rendered":"https:\/\/www.delideli.zoner.dev\/tuote\/fox-perunalastut-sweet-chili-120g\/"},"modified":"2026-05-04T16:16:28","modified_gmt":"2026-05-04T16:16:28","slug":"fox-perunalastut-sweet-chili-120g","status":"publish","type":"product","link":"https:\/\/www.delideli.zoner.dev\/fin\/tuote\/fox-perunalastut-sweet-chili-120g\/","title":{"rendered":"FOX Perunalastut sweet chili 120g"},"content":{"rendered":"<p>FoxItalian chiliperunalastut ovat valmistettu huolella valituista perunoista, jotka on viipaloitu juuri oikean paksuisiksi t\u00e4ydellisen rapeuden saavuttamiseksi. Lastut on paistettu kullanruskeiksi ja maustettu aidon chilin ja valikoitujen mausteiden sekoituksella. Mausteseos tarjoaa ensin l\u00e4mpim\u00e4n, aromipitoisen maun, jota seuraa miellytt\u00e4v\u00e4 tulisuus, joka ei kuitenkaan ole liian voimakas.<br \/>\nN\u00e4m\u00e4 premium-perunalastut on valmistettu perinteist\u00e4 italialaista resepti\u00e4 kunnioittaen, mutta rohkealla modernilla twistill\u00e4. FoxItalia k\u00e4ytt\u00e4\u00e4 vain laadukkaita raaka-aineita ilman keinotekoisia v\u00e4ri- tai s\u00e4il\u00f6nt\u00e4aineita. Jokaisessa lastussa maistuu perunan luonnollinen maku yhdistettyn\u00e4 t\u00e4ydellisesti tasapainotettuun chilin tulisuuteen.<br \/>\nChiliperunalastut sopivat erinomaisesti naposteltavaksi sellaisenaan, dippien kanssa tai vaikka salaattien ja keittojen lisukkeena tuomaan rapeutta ja potkua. Ne ovat t\u00e4ydellinen valinta illanistujaisiin, elokuvailtaan tai piknikille. Lastut on pakattu ilmatiiviiseen pakkaukseen, joka s\u00e4ilytt\u00e4\u00e4 niiden rapeuden ja tuoreen maun. Avaamisen j\u00e4lkeen suositellaan nauttimaan mahdollisimman pian parhaan makuel\u00e4myksen varmistamiseksi.<\/p>\n","protected":false},"excerpt":{"rendered":"<p>FoxItalian chiliperunalastut tarjoavat t\u00e4ydellisen yhdistelm\u00e4n rapeutta ja tulista makua. N\u00e4m\u00e4 k\u00e4sintehtyjen perunalastujen tapaan rapeat lastut on maustettu aidolla chilill\u00e4, luoden herkullisen tasapainon tulisen ja mausteisen v\u00e4lill\u00e4.<\/p>\n","protected":false},"featured_media":140242,"comment_status":"open","ping_status":"open","template":"","meta":{"_acf_changed":false},"product_brand":[629],"product_cat":[676,724],"product_tag":[],"class_list":{"0":"post-141846","1":"product","2":"type-product","3":"status-publish","4":"has-post-thumbnail","6":"product_brand-fox-nut-snack","7":"product_cat-suolaiset","8":"product_cat-suolakeksit","9":"product_shipping_class-shipping-discount","10":"pa_alkuperamaa-italia","12":"first","13":"outofstock","14":"taxable","15":"shipping-taxable","16":"purchasable","17":"product-type-simple","swatches":"rey-swatches","show_selected":""},"acf":[],"_links":{"self":[{"href":"https:\/\/www.delideli.zoner.dev\/fin\/wp-json\/wp\/v2\/product\/141846","targetHints":{"allow":["GET"]}}],"collection":[{"href":"https:\/\/www.delideli.zoner.dev\/fin\/wp-json\/wp\/v2\/product"}],"about":[{"href":"https:\/\/www.delideli.zoner.dev\/fin\/wp-json\/wp\/v2\/types\/product"}],"replies":[{"embeddable":true,"href":"https:\/\/www.delideli.zoner.dev\/fin\/wp-json\/wp\/v2\/comments?post=141846"}],"version-history":[{"count":0,"href":"https:\/\/www.delideli.zoner.dev\/fin\/wp-json\/wp\/v2\/product\/141846\/revisions"}],"wp:featuredmedia":[{"embeddable":true,"href":"https:\/\/www.delideli.zoner.dev\/fin\/wp-json\/wp\/v2\/media\/140242"}],"wp:attachment":[{"href":"https:\/\/www.delideli.zoner.dev\/fin\/wp-json\/wp\/v2\/media?parent=141846"}],"wp:term":[{"taxonomy":"product_brand","embeddable":true,"href":"https:\/\/www.delideli.zoner.dev\/fin\/wp-json\/wp\/v2\/product_brand?post=141846"},{"taxonomy":"product_cat","embeddable":true,"href":"https:\/\/www.delideli.zoner.dev\/fin\/wp-json\/wp\/v2\/product_cat?post=141846"},{"taxonomy":"product_tag","embeddable":true,"href":"https:\/\/www.delideli.zoner.dev\/fin\/wp-json\/wp\/v2\/product_tag?post=141846"}],"curies":[{"name":"wp","href":"https:\/\/api.w.org\/{rel}","templated":true}]}}