{"id":141847,"date":"2025-04-24T13:45:55","date_gmt":"2025-04-24T13:45:55","guid":{"rendered":"https:\/\/www.delideli.zoner.dev\/tuote\/valkosuklaa-hasselpahkinalevite-150g\/"},"modified":"2026-05-04T16:16:28","modified_gmt":"2026-05-04T16:16:28","slug":"valkosuklaa-hasselpahkinalevite-150g","status":"publish","type":"product","link":"https:\/\/www.delideli.zoner.dev\/fin\/tuote\/valkosuklaa-hasselpahkinalevite-150g\/","title":{"rendered":"Valkosuklaa-hasselp\u00e4hkin\u00e4levite, ei palmu\u00f6ljy\u00e4 150g"},"content":{"rendered":"<p>T\u00e4m\u00e4 herkullinen hasselp\u00e4hkin\u00e4-valkosuklaalevite on Lucien Georgelinin k\u00e4sity\u00f6n mestarin\u00e4yte. Levite valmistetaan korkealaatuisista paahdetuista hasselp\u00e4hkin\u00f6ist\u00e4, jotka antavat sille rikkaan, p\u00e4hkin\u00e4isen maun ja t\u00e4ydellisen tekstuurin. Aitoa valkosuklaata on lis\u00e4tty juuri sopiva m\u00e4\u00e4r\u00e4 tuomaan kermaista makeutta, joka t\u00e4ydent\u00e4\u00e4 p\u00e4hkin\u00f6iden luonnollista aromia.<br \/>\nLevitteen valmistuksessa k\u00e4ytet\u00e4\u00e4n vain parhaita raaka-aineita, eik\u00e4 siin\u00e4 ole keinotekoisia makuaineita tai s\u00e4il\u00f6nt\u00e4aineita. Hasselp\u00e4hkin\u00e4t tuovat levitteeseen sek\u00e4 herkullisen maun ett\u00e4 terveellisi\u00e4 rasvoja ja proteiineja, tehden siit\u00e4 murevan leiv\u00e4n p\u00e4\u00e4ll\u00e4 nautittuna maistuvamman vaihtoehdon tavalliselle voille tai margarinille.<br \/>\nT\u00e4ydellinen aamiaisp\u00f6yt\u00e4\u00e4n, v\u00e4lipaloihin tai j\u00e4lkiruokiin. Levit\u00e4 sit\u00e4 l\u00e4mpimien cr\u00eapejen, vohvelien tai pannukakkujen p\u00e4\u00e4lle, k\u00e4yt\u00e4 t\u00e4ytteen\u00e4 leivonnaisissa tai yksinkertaisesti nauti suoraan lusikalla erityisen herkutteluhetken koittaessa. Kokeile my\u00f6s j\u00e4\u00e4tel\u00f6n lisukkeena tai hedelmien dippin\u00e4.<br \/>\nLucien Georgelin on tunnettu ranskalainen perheyritys, joka on erikoistunut korkealaatuisiin hillokkeisiin ja levitteisiin. Jokainen tuote valmistetaan edelleen perinteisin menetelmin Etel\u00e4-Ranskassa, ja yritys panostaa aitoihin makuihin ja ensiluokkaisiin raaka-aineisiin.<\/p>\n","protected":false},"excerpt":{"rendered":"<p>Lucien Georgelinin hasselp\u00e4hkin\u00e4-valkosuklaalevite on herkullinen, t\u00e4ytel\u00e4inen levite, jossa yhdistyv\u00e4t paahdettujen hasselp\u00e4hkin\u00f6iden ja aidon valkosuklaan makumaailmat. Ylellinen aamiaislevite tai j\u00e4lkiruoka, joka tuo jokap\u00e4iv\u00e4iseen el\u00e4m\u00e4\u00e4n ripauksen ranskalaista nautintoa.<\/p>\n","protected":false},"featured_media":140248,"comment_status":"open","ping_status":"open","template":"","meta":{"_acf_changed":false},"product_brand":[641],"product_cat":[702,680],"product_tag":[],"class_list":{"0":"post-141847","1":"product","2":"type-product","3":"status-publish","4":"has-post-thumbnail","6":"product_brand-lucien-georgelin","7":"product_cat-jalkiruuat","8":"product_cat-makeat","9":"product_shipping_class-shipping-discount","10":"pa_alkuperamaa-ranska","12":"first","13":"instock","14":"taxable","15":"shipping-taxable","16":"purchasable","17":"product-type-simple","swatches":"rey-swatches","show_selected":""},"acf":[],"_links":{"self":[{"href":"https:\/\/www.delideli.zoner.dev\/fin\/wp-json\/wp\/v2\/product\/141847","targetHints":{"allow":["GET"]}}],"collection":[{"href":"https:\/\/www.delideli.zoner.dev\/fin\/wp-json\/wp\/v2\/product"}],"about":[{"href":"https:\/\/www.delideli.zoner.dev\/fin\/wp-json\/wp\/v2\/types\/product"}],"replies":[{"embeddable":true,"href":"https:\/\/www.delideli.zoner.dev\/fin\/wp-json\/wp\/v2\/comments?post=141847"}],"version-history":[{"count":0,"href":"https:\/\/www.delideli.zoner.dev\/fin\/wp-json\/wp\/v2\/product\/141847\/revisions"}],"wp:featuredmedia":[{"embeddable":true,"href":"https:\/\/www.delideli.zoner.dev\/fin\/wp-json\/wp\/v2\/media\/140248"}],"wp:attachment":[{"href":"https:\/\/www.delideli.zoner.dev\/fin\/wp-json\/wp\/v2\/media?parent=141847"}],"wp:term":[{"taxonomy":"product_brand","embeddable":true,"href":"https:\/\/www.delideli.zoner.dev\/fin\/wp-json\/wp\/v2\/product_brand?post=141847"},{"taxonomy":"product_cat","embeddable":true,"href":"https:\/\/www.delideli.zoner.dev\/fin\/wp-json\/wp\/v2\/product_cat?post=141847"},{"taxonomy":"product_tag","embeddable":true,"href":"https:\/\/www.delideli.zoner.dev\/fin\/wp-json\/wp\/v2\/product_tag?post=141847"}],"curies":[{"name":"wp","href":"https:\/\/api.w.org\/{rel}","templated":true}]}}