{"id":141901,"date":"2025-11-05T15:20:12","date_gmt":"2025-11-05T15:20:12","guid":{"rendered":"https:\/\/www.delideli.zoner.dev\/tuote\/berthe-tonnikalafile-oliivioljyssa-120g\/"},"modified":"2026-05-04T16:17:13","modified_gmt":"2026-05-04T16:17:13","slug":"berthe-tonnikalafile-oliivioljyssa-120g","status":"publish","type":"product","link":"https:\/\/www.delideli.zoner.dev\/fin\/tuote\/berthe-tonnikalafile-oliivioljyssa-120g\/","title":{"rendered":"Berthe tonnikalafile oliivi\u00f6ljyss\u00e4 120g"},"content":{"rendered":"<p>Berthen tonnikalafileet oliivi\u00f6ljyss\u00e4 ovat portugalilaisen laatuk\u00e4sity\u00f6n huipentuma. Tonnikalat pyydet\u00e4\u00e4n vastuullisesti, fileoituu huolellisesti ja pakataan k\u00e4sin laadukkaaseen oliivi\u00f6ljyyn, joka s\u00e4ilytt\u00e4\u00e4 kalan kostean mehevyyden ja pehme\u00e4n rakenteen. Toisin kuin massatuotannossa valmistetut tonnikalas\u00e4ilykkeet, Berthen tonnikalassa on iso palakokoinen rakenne ja t\u00e4ytel\u00e4inen maku.<br \/>\nMaku on pehme\u00e4n merellinen, t\u00e4ytel\u00e4inen muttei liian vahva. Oliivi\u00f6ljy tasapainottaa kalan luonnollista makua ja tekee rakenteesta suussasulavan. Tonnikalassa on runsaasti proteiinia, omega-3-rasvahappoja ja B-vitamiineja, mik\u00e4 tekee siit\u00e4 ravitsevan valinnan.<br \/>\nK\u00e4yt\u00e4 Berthen tonnikalaa klassisessa Ni\u00e7oise-salaatissa, pastacastikkeessa tai tuoreessa tonnikalasalaatissa majoneesilla ja sipuleilla. Se sopii my\u00f6s sellaisenaan salaatin, tumman leiv\u00e4n tai paahtoleiv\u00e4n p\u00e4\u00e4lle. Sekoita tonnikalaa valkosipuliin, sitruunaan ja oliivi\u00f6ljyyn nopean bruschetta-t\u00e4ytteen aikaansaamiseksi. Tarjoile portugalilaiseen tapaan yksinkertaisesti tuoreiden tomaattien ja oliivien kanssa, lisukkeena vihre\u00e4 viini tai olut.<br \/>\nAvaamisen j\u00e4lkeen s\u00e4ilyt\u00e4 j\u00e4\u00e4kaapissa ja k\u00e4yt\u00e4 muutaman p\u00e4iv\u00e4n kuluessa parhaaseen makuun.<\/p>\n","protected":false},"excerpt":{"rendered":"<p>Berthen tonnikalafileet ovat premium-laatua oliivi\u00f6ljyss\u00e4 s\u00e4il\u00f6ttyj\u00e4, mehev\u00e4n t\u00e4ytel\u00e4isi\u00e4 paloja. Vastuullisesti pyydetyst\u00e4 tonnikalasta valmistettu, k\u00e4sin pakattu portugalilainen herkku arkeen ja juhlaan.<\/p>\n","protected":false},"featured_media":140333,"comment_status":"open","ping_status":"open","template":"","meta":{"_acf_changed":false},"product_brand":[670],"product_cat":[728,676],"product_tag":[],"class_list":{"0":"post-141901","1":"product","2":"type-product","3":"status-publish","4":"has-post-thumbnail","6":"product_brand-berthe","7":"product_cat-kalatuotteet","8":"product_cat-suolaiset","9":"product_shipping_class-shipping-discount","10":"pa_alkuperamaa-portugali","12":"first","13":"instock","14":"taxable","15":"shipping-taxable","16":"purchasable","17":"product-type-simple","swatches":"rey-swatches","show_selected":""},"acf":[],"_links":{"self":[{"href":"https:\/\/www.delideli.zoner.dev\/fin\/wp-json\/wp\/v2\/product\/141901","targetHints":{"allow":["GET"]}}],"collection":[{"href":"https:\/\/www.delideli.zoner.dev\/fin\/wp-json\/wp\/v2\/product"}],"about":[{"href":"https:\/\/www.delideli.zoner.dev\/fin\/wp-json\/wp\/v2\/types\/product"}],"replies":[{"embeddable":true,"href":"https:\/\/www.delideli.zoner.dev\/fin\/wp-json\/wp\/v2\/comments?post=141901"}],"version-history":[{"count":0,"href":"https:\/\/www.delideli.zoner.dev\/fin\/wp-json\/wp\/v2\/product\/141901\/revisions"}],"wp:featuredmedia":[{"embeddable":true,"href":"https:\/\/www.delideli.zoner.dev\/fin\/wp-json\/wp\/v2\/media\/140333"}],"wp:attachment":[{"href":"https:\/\/www.delideli.zoner.dev\/fin\/wp-json\/wp\/v2\/media?parent=141901"}],"wp:term":[{"taxonomy":"product_brand","embeddable":true,"href":"https:\/\/www.delideli.zoner.dev\/fin\/wp-json\/wp\/v2\/product_brand?post=141901"},{"taxonomy":"product_cat","embeddable":true,"href":"https:\/\/www.delideli.zoner.dev\/fin\/wp-json\/wp\/v2\/product_cat?post=141901"},{"taxonomy":"product_tag","embeddable":true,"href":"https:\/\/www.delideli.zoner.dev\/fin\/wp-json\/wp\/v2\/product_tag?post=141901"}],"curies":[{"name":"wp","href":"https:\/\/api.w.org\/{rel}","templated":true}]}}