{"id":141938,"date":"2026-02-24T14:05:08","date_gmt":"2026-02-24T14:05:08","guid":{"rendered":"https:\/\/www.delideli.zoner.dev\/tuote\/luomu-oliivi-aurinkokuivattu-tomaatti-levite-100g\/"},"modified":"2026-05-04T16:17:38","modified_gmt":"2026-05-04T16:17:38","slug":"luomu-oliivi-aurinkokuivattu-tomaatti-levite-100g","status":"publish","type":"product","link":"https:\/\/www.delideli.zoner.dev\/fin\/tuote\/luomu-oliivi-aurinkokuivattu-tomaatti-levite-100g\/","title":{"rendered":"Luomu oliivi-aurinkokuivattu tomaatti levite 100g"},"content":{"rendered":"<p>Lucien Georgelinin luomu oliivi- ja aurinkokuivattu tomaattilevite on t\u00e4ydellinen aperitiivihetken herkku. Vihre\u00e4t luomuoliivit ja aurinkokuivatut luomutomaatit yhdistyv\u00e4t harmonisesti neitsytoliivi\u00f6ljyn, punaviinietikan ja valkosipulin kanssa.<\/p>\n<p>Kaikki ainesosat ovat sertifioituja luomuraaka-aineita (FI-EKO-201), ja tuote on valmistettu Lucien Georgelinin perinteist\u00e4 &#8221;kotitekoista&#8221; resepti\u00e4 kunnioittaen Lot-et-Garonnessa, Lounais-Ranskassa.<\/p>\n<p>K\u00e4ytt\u00f6ideoita:<br \/>\n\u2013 Levitteen\u00e4 paahtoleiv\u00e4n tai crackereiden p\u00e4\u00e4ll\u00e4<br \/>\n\u2013 Aperitiivilautasen t\u00e4ydennyksen\u00e4<br \/>\n\u2013 Dippin\u00e4 tuoreiden kasvistikkujen kanssa<br \/>\n\u2013 T\u00e4ytteen\u00e4 suolaisiin kakkuihin tai piirakoihin<\/p>\n<p>S\u00e4ilyt\u00e4 huoneenl\u00e4mm\u00f6ss\u00e4 ennen avaamista. Avaamisen j\u00e4lkeen j\u00e4\u00e4kaapissa ja k\u00e4yt\u00e4 3 p\u00e4iv\u00e4n kuluessa.<\/p>\n","protected":false},"excerpt":{"rendered":"<p>Luomuoliivien ja aurinkokuivattujen luomutomaattien t\u00e4ytel\u00e4inen levite aperitiiville. Valmistettu 100% luonnonmukaisista ainesosista Lounais-Ranskassa. Sopii leiv\u00e4n, crackereiden ja kasvisten kanssa. 100g. FI-EKO-201.<\/p>\n","protected":false},"featured_media":141939,"comment_status":"open","ping_status":"open","template":"","meta":{"_acf_changed":false},"product_brand":[641],"product_cat":[718,733,676,734,748],"product_tag":[],"class_list":{"0":"post-141938","1":"product","2":"type-product","3":"status-publish","4":"has-post-thumbnail","6":"product_brand-lucien-georgelin","7":"product_cat-levitteet","8":"product_cat-pasta-italiana","9":"product_cat-suolaiset","10":"product_cat-teemat","11":"product_cat-tomaatit-osasto","12":"product_shipping_class-shipping-discount","13":"pa_alkuperamaa-ranska","14":"pa_ruokavalio-luomu","16":"first","17":"instock","18":"taxable","19":"shipping-taxable","20":"purchasable","21":"product-type-simple","swatches":"rey-swatches","show_selected":""},"acf":[],"_links":{"self":[{"href":"https:\/\/www.delideli.zoner.dev\/fin\/wp-json\/wp\/v2\/product\/141938","targetHints":{"allow":["GET"]}}],"collection":[{"href":"https:\/\/www.delideli.zoner.dev\/fin\/wp-json\/wp\/v2\/product"}],"about":[{"href":"https:\/\/www.delideli.zoner.dev\/fin\/wp-json\/wp\/v2\/types\/product"}],"replies":[{"embeddable":true,"href":"https:\/\/www.delideli.zoner.dev\/fin\/wp-json\/wp\/v2\/comments?post=141938"}],"version-history":[{"count":0,"href":"https:\/\/www.delideli.zoner.dev\/fin\/wp-json\/wp\/v2\/product\/141938\/revisions"}],"wp:featuredmedia":[{"embeddable":true,"href":"https:\/\/www.delideli.zoner.dev\/fin\/wp-json\/wp\/v2\/media\/141939"}],"wp:attachment":[{"href":"https:\/\/www.delideli.zoner.dev\/fin\/wp-json\/wp\/v2\/media?parent=141938"}],"wp:term":[{"taxonomy":"product_brand","embeddable":true,"href":"https:\/\/www.delideli.zoner.dev\/fin\/wp-json\/wp\/v2\/product_brand?post=141938"},{"taxonomy":"product_cat","embeddable":true,"href":"https:\/\/www.delideli.zoner.dev\/fin\/wp-json\/wp\/v2\/product_cat?post=141938"},{"taxonomy":"product_tag","embeddable":true,"href":"https:\/\/www.delideli.zoner.dev\/fin\/wp-json\/wp\/v2\/product_tag?post=141938"}],"curies":[{"name":"wp","href":"https:\/\/api.w.org\/{rel}","templated":true}]}}